{"id":21,"date":"2010-10-20T13:38:38","date_gmt":"2010-10-20T10:38:38","guid":{"rendered":"https:\/\/gontis.eu\/"},"modified":"2010-10-20T13:38:38","modified_gmt":"2010-10-20T10:38:38","slug":"kontaktai","status":"publish","type":"page","link":"https:\/\/web.vu.lt\/tfai\/v.gontis\/kontaktai\/","title":{"rendered":"Kontaktai"},"content":{"rendered":"<div id=\"about\">\n<div id=\"foto\" style=\"font-weight: bold;\"><a href=\"https:\/\/web.vu.lt\/tfai\/v.gontis\/wp-content\/uploads\/2017\/10\/Gontis_Lux_pranesimo_metu.jpg\"><img loading=\"lazy\" decoding=\"async\" class=\"alignleft size-medium wp-image-531\" src=\"https:\/\/web.vu.lt\/tfai\/v.gontis\/wp-content\/uploads\/2017\/10\/Gontis_Lux_pranesimo_metu-300x200.jpg\" alt=\"\" width=\"300\" height=\"200\" \/><\/a><\/div>\n<p>Vilniaus universiteto Teorin\u0117s fizikos ir astronomijos instituto vyriausiasis mokslo darbuotojas. Mokslini\u0173 interes\u0173 sritis: statistin\u0117 fizika, klasikini\u0173 ir kvantini\u0173 sistem\u0173 dinaminis chaosas, ekonofizika, rizikos fizika.<\/p>\n<p><span style=\"font-weight: bold;\">Adresas:<\/span> Saul\u0117tekio al. 3, Vilnius LT-10257, Lietuva<br \/>\n<span style=\"font-weight: bold;\">Mobilus Tel.:<\/span> (+370-698) 12384<br \/>\n<span style=\"font-weight: bold;\">E-pa\u0161tas:<\/span> <a title=\"Ra\u0161ydami lai\u0161k\u0105 pakeiskite () \u012f @ | While writing email substitute () with @\" href=\"mailto:vygintas%28%29gontis.eu\">vygintas()web.vu.lt\/tfai\/v.gontis\/<\/a><br \/>\n<span style=\"font-weight: bold;\">Web:<\/span><a title=\"Atverti interneto puslap\u012f | Open web page\" href=\"https:\/\/web.vu.lt\/tfai\/v.gontis\/\">https:\/\/web.vu.lt\/tfai\/v.gontis\/<\/a><\/p>\n<\/div>\n","protected":false},"excerpt":{"rendered":"<p>Vilniaus universiteto Teorin\u0117s fizikos ir astronomijos instituto vyriausiasis mokslo darbuotojas. Mokslini\u0173 interes\u0173 sritis: statistin\u0117 fizika, klasikini\u0173 ir kvantini\u0173 sistem\u0173 dinaminis chaosas, ekonofizika, rizikos fizika. Adresas: Saul\u0117tekio al. 3, Vilnius LT-10257, Lietuva Mobilus Tel.: (+370-698) 12384 E-pa\u0161tas: vygintas()web.vu.lt\/tfai\/v.gontis\/ Web:https:\/\/web.vu.lt\/tfai\/v.gontis\/<\/p>\n","protected":false},"author":2,"featured_media":0,"parent":0,"menu_order":0,"comment_status":"closed","ping_status":"closed","template":"","meta":{"footnotes":""},"class_list":["post-21","page","type-page","status-publish","hentry"],"_links":{"self":[{"href":"https:\/\/web.vu.lt\/tfai\/v.gontis\/wp-json\/wp\/v2\/pages\/21","targetHints":{"allow":["GET"]}}],"collection":[{"href":"https:\/\/web.vu.lt\/tfai\/v.gontis\/wp-json\/wp\/v2\/pages"}],"about":[{"href":"https:\/\/web.vu.lt\/tfai\/v.gontis\/wp-json\/wp\/v2\/types\/page"}],"author":[{"embeddable":true,"href":"https:\/\/web.vu.lt\/tfai\/v.gontis\/wp-json\/wp\/v2\/users\/2"}],"replies":[{"embeddable":true,"href":"https:\/\/web.vu.lt\/tfai\/v.gontis\/wp-json\/wp\/v2\/comments?post=21"}],"version-history":[{"count":0,"href":"https:\/\/web.vu.lt\/tfai\/v.gontis\/wp-json\/wp\/v2\/pages\/21\/revisions"}],"wp:attachment":[{"href":"https:\/\/web.vu.lt\/tfai\/v.gontis\/wp-json\/wp\/v2\/media?parent=21"}],"curies":[{"name":"wp","href":"https:\/\/api.w.org\/{rel}","templated":true}]}}