{"id":865,"date":"2016-10-03T09:25:49","date_gmt":"2016-10-03T06:25:49","guid":{"rendered":"http:\/\/web.vu.lt\/flf\/v.zubaitiene\/?page_id=865"},"modified":"2019-09-30T10:31:34","modified_gmt":"2019-09-30T07:31:34","slug":"865-2","status":"publish","type":"page","link":"https:\/\/web.vu.lt\/flf\/v.zubaitiene\/studentams\/destomi-dalykai\/leksine-tipologija\/865-2\/","title":{"rendered":"Leksine tipologija \u2013 lingvistin\u0117s tipologijos \u0161aka (paskait\u0173 padalos)"},"content":{"rendered":"","protected":true},"excerpt":{"rendered":"","protected":true},"author":34,"featured_media":0,"parent":599,"menu_order":2,"comment_status":"closed","ping_status":"closed","template":"","meta":[],"_links":{"self":[{"href":"https:\/\/web.vu.lt\/flf\/v.zubaitiene\/wp-json\/wp\/v2\/pages\/865"}],"collection":[{"href":"https:\/\/web.vu.lt\/flf\/v.zubaitiene\/wp-json\/wp\/v2\/pages"}],"about":[{"href":"https:\/\/web.vu.lt\/flf\/v.zubaitiene\/wp-json\/wp\/v2\/types\/page"}],"author":[{"embeddable":true,"href":"https:\/\/web.vu.lt\/flf\/v.zubaitiene\/wp-json\/wp\/v2\/users\/34"}],"replies":[{"embeddable":true,"href":"https:\/\/web.vu.lt\/flf\/v.zubaitiene\/wp-json\/wp\/v2\/comments?post=865"}],"version-history":[{"count":14,"href":"https:\/\/web.vu.lt\/flf\/v.zubaitiene\/wp-json\/wp\/v2\/pages\/865\/revisions"}],"predecessor-version":[{"id":1306,"href":"https:\/\/web.vu.lt\/flf\/v.zubaitiene\/wp-json\/wp\/v2\/pages\/865\/revisions\/1306"}],"up":[{"embeddable":true,"href":"https:\/\/web.vu.lt\/flf\/v.zubaitiene\/wp-json\/wp\/v2\/pages\/599"}],"wp:attachment":[{"href":"https:\/\/web.vu.lt\/flf\/v.zubaitiene\/wp-json\/wp\/v2\/media?parent=865"}],"curies":[{"name":"wp","href":"https:\/\/api.w.org\/{rel}","templated":true}]}}