{"id":102,"date":"2022-07-27T16:50:54","date_gmt":"2022-07-27T16:50:54","guid":{"rendered":"https:\/\/web.vu.lt\/flf\/l.bikeliene\/?page_id=102"},"modified":"2023-02-13T17:54:55","modified_gmt":"2023-02-13T17:54:55","slug":"conferences-2","status":"publish","type":"page","link":"https:\/\/web.vu.lt\/flf\/l.bikeliene\/conferences-2\/","title":{"rendered":"Conferences"},"content":{"rendered":"\n<p>o\u00a0\u00a0\u00a0\u00a0\u00a0\u00a0\u00a0\u00a0\u00a0 Bikelien\u0117, L. The pronunciation of the capital of Ukraine in English-speaking media. The 15th International Conference on Native and Non-native Accents of English ACCENTS 2022.  Lodz, Poland, December 8-10, 2022.<\/p>\n\n\n\n<p class=\"has-text-align-left\">o\u00a0\u00a0\u00a0\u00a0\u00a0\u00a0\u00a0\u00a0\u00a0 Bikelien\u0117, L. (co-authored by Sardegna, V., Jarosz, A., Mora J.C., \u0160turm, P., Wojtowiak, E., and Wrembel, M.). An invited talk introducing the book \u201cTheoretical and practical developments in English speech assessment, research, and training\u201d during the 15<sup>th<\/sup> International Conference on Native and Non-native Accents of English ACCENTS 2022. Lodz, Poland, December 8-10, 2022.<\/p>\n\n\n\n<p>o\u00a0\u00a0\u00a0\u00a0\u00a0\u00a0\u00a0\u00a0\u00a0 Juknevi\u010dien\u0117, R., Bikelien\u0117, L., Poderien\u0117, N., Pribu\u0161auskait\u0117 J., &amp; Tamulionien\u0117, A. Gr\u012f\u017eusi\u0173 emigrant\u0173 vaik\u0173 kalba: kuo ji skiriasi nuo Lietuvoje augusi\u0173 vaik\u0173 kalbos. The sixth International Conference of Applied Linguistics\u00a0Languages and People:\u00a0Problems and Solutions. Vilnius, Lithuania, September 29-30, 2022.<\/p>\n\n\n\n<p>o\u00a0\u00a0\u00a0\u00a0\u00a0\u00a0\u00a0\u00a0\u00a0 Juknevi\u010dien\u0117, R.. &amp; Bikelien\u0117, L. A contrastive analysis of child language varieties: implications for teaching from the analysis of L1 and L2 Lithuanian. University of Limerick. Teaching and Language Corpora Conference TaLC2022. Limerick, Ireland, July 13-16, 2022.<\/p>\n\n\n\n<p>o\u00a0\u00a0\u00a0\u00a0\u00a0\u00a0\u00a0\u00a0\u00a0 Bikelien\u0117, L. &amp; Korostenskiene, J. Targeting the [ph\u0259\u02c8ve\u026as\u026av] Issue: Perception and Production of \/v\/ &#8211; \/w\/ in Lithuanian Students\u2019 English . University of Lodz. The 14th International Conference on Native and Non-native Accents of English ACCENTS 2021. Lodz, Poland, December 9 <strong>\u2013<\/strong> 11, 2021.<\/p>\n\n\n\n<p>o\u00a0\u00a0\u00a0\u00a0\u00a0\u00a0\u00a0\u00a0\u00a0 Bikelien\u0117, L. &amp; Korostenskiene, J. The competition of degree intensifiers across English corpora: is it a flagrant, blatant, or sheer audacity? . UNIVERSITY OF LATVIA FACULTY OF HUMANITIES DEPARTMENT OF LATVIAN AND BALTIC STUDIES the 56th International Academic Conference in honour of Professor Arturs Ozols \u201cGrammar and Language Acquisition\u201d , Riga, Latvia, March 18\u201319, 2021.<\/p>\n\n\n\n<p>o\u00a0\u00a0\u00a0\u00a0\u00a0\u00a0\u00a0\u00a0\u00a0 Bikelien\u0117, L. &amp; Korostenskiene, J. Teaching professional writing: bringing innovation through tradition and corpora. XXIV International Conference \u201cContemporary Issues of Germanic Philology and Language Teaching Methods\u201d, Brest State A.S.Pushkin University, Brest, Belarus, February 28, 2020. Plenary.<\/p>\n\n\n\n<p>o\u00a0\u00a0\u00a0\u00a0\u00a0\u00a0\u00a0\u00a0\u00a0 Bikelien\u0117, L. The Role of Plosive Codas: Recognition and Perception by the Lithuanian Learners of English. The 13th International Conference on Native and Non-native Accents of English ACCENTS 2019. Department of English Language and Applied Linguistics, Institute of English, University of Lodz, Lodz, Poland, December 12\u201314, 2019.<\/p>\n\n\n\n<p>o\u00a0\u00a0\u00a0\u00a0\u00a0\u00a0\u00a0\u00a0\u00a0 Bikelien\u0117, L. \u2018Positive\u2019 in native and non-native English. 5th International Conference of Applied Linguistics Languages and People: Communication in a Multilingual World. Vilnius University &amp; Lithuanian Association of Applied Linguistics LITAKA, Vilnius, Lithuania, September 26\u201328, 2019.<\/p>\n\n\n\n<p>o&nbsp;&nbsp;&nbsp;&nbsp;&nbsp;&nbsp;&nbsp;&nbsp;&nbsp; Bikelien\u0117, L. Cause and Effect in Lithuanian and Native English Students\u2018 Proposals. The FIPLV Nordic-Baltic Region (NBR) Conference 2018 \u201cTeaching and Learning Languages in the 21st Century: Linguistic, Educational and Cultural Aspects. Vilnius, Lithuania, June 6\u20137, 2018.<\/p>\n\n\n\n<p>o&nbsp;&nbsp;&nbsp;&nbsp;&nbsp;&nbsp;&nbsp;&nbsp;&nbsp; Bikelien\u0117, L. The use of THEN in Lithuanian learners&#8217; English. Linguistic, Educational and Intercultural Research 2017 (LEIC Research 2017) : 7th International Scientific Conference. Vilnius, Lithuania, October 12\u201313, 2017.<\/p>\n\n\n\n<p>o&nbsp;&nbsp;&nbsp;&nbsp;&nbsp;&nbsp;&nbsp;&nbsp;&nbsp; Bikelien\u0117, L. Evalutative adjectives in Lithuanian and native students\u2018 English writing\u201d 6<sup>th<\/sup> International Conference <em>Linguistic, Didactic and Sociocultural Aspects of Language Functioning<u>. <\/u><\/em>Vilnius, Lithuania, May 5\u20136, 2016.<\/p>\n\n\n\n<p>o&nbsp;&nbsp;&nbsp;&nbsp;&nbsp;&nbsp;&nbsp;&nbsp;&nbsp; Bikelien\u0117, L. Evaluative language in Lithuanian students\u2019 English writing. A study of \u2018interesting\u2019and\u2018important\u2019. 8th International Conference on Corpus Linguistics(CILC) Academia meets business: corpus studies in Language Industry and Computational Linguistics applications. Malaga, Spain, March 2\u20134, 2016.<\/p>\n\n\n\n<p>o&nbsp;&nbsp;&nbsp;&nbsp;&nbsp;&nbsp;&nbsp;&nbsp;&nbsp; Bikelien\u0117, L. Lithuanian learners\u2019 English: British or American? Linguistic, Educational and Intercultural Research 2015 (LEIC Research 2015): 6th International Scientific Conference. Vilnius, Lithuania, September 17\u201318, 2015.<\/p>\n\n\n\n<p>o&nbsp;&nbsp;&nbsp;&nbsp;&nbsp;&nbsp;&nbsp;&nbsp;&nbsp; Bikelien\u0117, L. Person markers in non-native students\u2018 writing. Third International Learner Corpus Research Conference. Nijmegen\/Cuijk, Netherlands, September 11\u201313, 2015.<\/p>\n\n\n\n<p>o&nbsp;&nbsp;&nbsp;&nbsp;&nbsp;&nbsp;&nbsp;&nbsp;&nbsp; Bikelien\u0117, L. &amp; Zaytseva, E.&#8217;Nevertheless&#8217; and &#8216;however&#8217; in learners&#8217; writing: Aspects of use and variation. 11th Teaching and Language Corpora Conference. Lancaster, Great Britain, July 20\u201324, 2014.<\/p>\n\n\n\n<p>o&nbsp;&nbsp;&nbsp;&nbsp;&nbsp;&nbsp;&nbsp;&nbsp;&nbsp; Bikelien\u0117, L. Lithuanian learner English: The use of listing connectors. Linguistic, Pedagogical and Intercultural Challenges in Tertiary Education : 5th International Conference. Vilnius, Lithuania, November 7\u20139, 2013.<\/p>\n\n\n\n<p>o&nbsp;&nbsp;&nbsp;&nbsp;&nbsp;&nbsp;&nbsp;&nbsp;&nbsp; Bikelien\u0117, L. The use of connectors in advanced Lithuanian learner&#8217;s English writing. Vilnius, Lithuania, September 2\u20135, 2010.<\/p>\n\n\n\n<p>o&nbsp;&nbsp;&nbsp;&nbsp;&nbsp;&nbsp;&nbsp;&nbsp;&nbsp; Bikelien\u0117. L. The use of listing connectors in advanced Lithuanian learners\u2019 EFL writing. The Fifth Inter-Varietal Applied Corpus Studies (IVACS) group International Conference. Edinburgh, Great Britain, June 18\u201319, 2010.<\/p>\n\n\n\n<p>o&nbsp;&nbsp;&nbsp;&nbsp;&nbsp;&nbsp;&nbsp;&nbsp;&nbsp; Bikelien\u0117, L. Apibendrinimo \u017eym\u0117jimas konektoriais besimokan\u010di\u0173 angl\u0173 kalbos ir anglakalbi\u0173 student\u0173 ra\u0161to darbuose. Kaunas, Lithuania, May 14\u201315, 2010.<\/p>\n\n\n\n<p>o&nbsp;&nbsp;&nbsp;&nbsp;&nbsp;&nbsp;&nbsp;&nbsp;&nbsp; Bikelien\u0117, L. Kontrasto konektori\u0173 vartojimas besimokan\u010di\u0173j\u0173 ir anglakalbi\u0173 darbuose. Language and Culture: New Challenges for the Teachers of Europe : 3rd International Conference. Vilnius, Lithuania, October 8\u20139, 2009.<\/p>\n\n\n\n<p>o&nbsp;&nbsp;&nbsp;&nbsp;&nbsp;&nbsp;&nbsp;&nbsp;&nbsp; Bikelien\u0117, L. &amp;. Juknevi\u010dien\u0117, R. Insights from the Lithuanian Learner Corpus of English. International Seminar on Corpus Linguistics: New Trends in Language Teaching and Translation Studies. In Honour of John Sinclar. Granada, Spain, September 22\u201324, 2008.<\/p>\n\n\n\n<p>o&nbsp;&nbsp;&nbsp;&nbsp;&nbsp;&nbsp;&nbsp;&nbsp;&nbsp; Bikelien\u0117, L. Resultive connectors in advanced Lithuanian learners&#8217; English writing. English and German Studies in Lithuania and beyond: Tradition and Emerging Perspectives. Vilnius, Lithuania, September 18\u201320, 2008.<\/p>\n\n\n\n<p>o&nbsp;&nbsp;&nbsp;&nbsp;&nbsp;&nbsp;&nbsp;&nbsp;&nbsp; Bikelien\u0117, L. Connector usage in advanced Lithuanian learners&#8217; English writing. Text: Linguistics and Poetics 15. \u0160iauliai, Lithuania, lapkri\u010dio 15, 2007.<\/p>\n\n\n\n<p>o&nbsp;&nbsp;&nbsp;&nbsp;&nbsp;&nbsp;&nbsp;&nbsp;&nbsp; Bikelien\u0117, L. Connector usage in advanced Lithuanian learners&#8217; English writing. PALC 2007. Lodz, Poland, April 19\u201322, 2007.<\/p>\n","protected":false},"excerpt":{"rendered":"<p>o\u00a0\u00a0\u00a0\u00a0\u00a0\u00a0\u00a0\u00a0\u00a0 Bikelien\u0117, L. The pronunciation of the capital of Ukraine in English-speaking media. The 15th International Conference on Native and Non-native Accents of English ACCENTS 2022. Lodz, Poland, December 8-10, 2022. o\u00a0\u00a0\u00a0\u00a0\u00a0\u00a0\u00a0\u00a0\u00a0 Bikelien\u0117, L. (co-authored by Sardegna, V., Jarosz, A., Mora J.C., \u0160turm, P., Wojtowiak, E., and Wrembel, M.). An invited talk introducing the book [&hellip;]<\/p>\n","protected":false},"author":1,"featured_media":0,"parent":0,"menu_order":0,"comment_status":"closed","ping_status":"closed","template":"","meta":[],"_links":{"self":[{"href":"https:\/\/web.vu.lt\/flf\/l.bikeliene\/wp-json\/wp\/v2\/pages\/102"}],"collection":[{"href":"https:\/\/web.vu.lt\/flf\/l.bikeliene\/wp-json\/wp\/v2\/pages"}],"about":[{"href":"https:\/\/web.vu.lt\/flf\/l.bikeliene\/wp-json\/wp\/v2\/types\/page"}],"author":[{"embeddable":true,"href":"https:\/\/web.vu.lt\/flf\/l.bikeliene\/wp-json\/wp\/v2\/users\/1"}],"replies":[{"embeddable":true,"href":"https:\/\/web.vu.lt\/flf\/l.bikeliene\/wp-json\/wp\/v2\/comments?post=102"}],"version-history":[{"count":9,"href":"https:\/\/web.vu.lt\/flf\/l.bikeliene\/wp-json\/wp\/v2\/pages\/102\/revisions"}],"predecessor-version":[{"id":149,"href":"https:\/\/web.vu.lt\/flf\/l.bikeliene\/wp-json\/wp\/v2\/pages\/102\/revisions\/149"}],"wp:attachment":[{"href":"https:\/\/web.vu.lt\/flf\/l.bikeliene\/wp-json\/wp\/v2\/media?parent=102"}],"curies":[{"name":"wp","href":"https:\/\/api.w.org\/{rel}","templated":true}]}}

<p>o          Bikelienė, L. The pronunciation of the capital of Ukraine in English-speaking media. The 15th International Conference on Native and Non-native Accents of English ACCENTS 2022.  Lodz, Poland, December 8-10, 2022.</p>



<p class="has-text-align-left">o          Bikelienė, L. (co-authored by Sardegna, V., Jarosz, A., Mora J.C., Šturm, P., Wojtowiak, E., and Wrembel, M.). An invited talk introducing the book “Theoretical and practical developments in English speech assessment, research, and training” during the 15<sup>th</sup> International Conference on Native and Non-native Accents of English ACCENTS 2022. Lodz, Poland, December 8-10, 2022.</p>



<p>o          Juknevičienė, R., Bikelienė, L., Poderienė, N., Pribušauskaitė J., &amp; Tamulionienė, A. Grįžusių emigrantų vaikų kalba: kuo ji skiriasi nuo Lietuvoje augusių vaikų kalbos. The sixth International Conference of Applied Linguistics Languages and People: Problems and Solutions. Vilnius, Lithuania, September 29-30, 2022.</p>



<p>o          Juknevičienė, R.. &amp; Bikelienė, L. A contrastive analysis of child language varieties: implications for teaching from the analysis of L1 and L2 Lithuanian. University of Limerick. Teaching and Language Corpora Conference TaLC2022. Limerick, Ireland, July 13-16, 2022.</p>



<p>o          Bikelienė, L. &amp; Korostenskiene, J. Targeting the [phəˈveɪsɪv] Issue: Perception and Production of /v/ &#8211; /w/ in Lithuanian Students’ English . University of Lodz. The 14th International Conference on Native and Non-native Accents of English ACCENTS 2021. Lodz, Poland, December 9 <strong>–</strong> 11, 2021.</p>



<p>o          Bikelienė, L. &amp; Korostenskiene, J. The competition of degree intensifiers across English corpora: is it a flagrant, blatant, or sheer audacity? . UNIVERSITY OF LATVIA FACULTY OF HUMANITIES DEPARTMENT OF LATVIAN AND BALTIC STUDIES the 56th International Academic Conference in honour of Professor Arturs Ozols “Grammar and Language Acquisition” , Riga, Latvia, March 18–19, 2021.</p>



<p>o          Bikelienė, L. &amp; Korostenskiene, J. Teaching professional writing: bringing innovation through tradition and corpora. XXIV International Conference “Contemporary Issues of Germanic Philology and Language Teaching Methods”, Brest State A.S.Pushkin University, Brest, Belarus, February 28, 2020. Plenary.</p>



<p>o          Bikelienė, L. The Role of Plosive Codas: Recognition and Perception by the Lithuanian Learners of English. The 13th International Conference on Native and Non-native Accents of English ACCENTS 2019. Department of English Language and Applied Linguistics, Institute of English, University of Lodz, Lodz, Poland, December 12–14, 2019.</p>



<p>o          Bikelienė, L. ‘Positive’ in native and non-native English. 5th International Conference of Applied Linguistics Languages and People: Communication in a Multilingual World. Vilnius University &amp; Lithuanian Association of Applied Linguistics LITAKA, Vilnius, Lithuania, September 26–28, 2019.</p>



<p>o&nbsp;&nbsp;&nbsp;&nbsp;&nbsp;&nbsp;&nbsp;&nbsp;&nbsp; Bikelienė, L. Cause and Effect in Lithuanian and Native English Students‘ Proposals. The FIPLV Nordic-Baltic Region (NBR) Conference 2018 “Teaching and Learning Languages in the 21st Century: Linguistic, Educational and Cultural Aspects. Vilnius, Lithuania, June 6–7, 2018.</p>



<p>o&nbsp;&nbsp;&nbsp;&nbsp;&nbsp;&nbsp;&nbsp;&nbsp;&nbsp; Bikelienė, L. The use of THEN in Lithuanian learners&#8217; English. Linguistic, Educational and Intercultural Research 2017 (LEIC Research 2017) : 7th International Scientific Conference. Vilnius, Lithuania, October 12–13, 2017.</p>



<p>o&nbsp;&nbsp;&nbsp;&nbsp;&nbsp;&nbsp;&nbsp;&nbsp;&nbsp; Bikelienė, L. Evalutative adjectives in Lithuanian and native students‘ English writing” 6<sup>th</sup> International Conference <em>Linguistic, Didactic and Sociocultural Aspects of Language Functioning<u>. </u></em>Vilnius, Lithuania, May 5–6, 2016.</p>



<p>o&nbsp;&nbsp;&nbsp;&nbsp;&nbsp;&nbsp;&nbsp;&nbsp;&nbsp; Bikelienė, L. Evaluative language in Lithuanian students’ English writing. A study of ‘interesting’and‘important’. 8th International Conference on Corpus Linguistics(CILC) Academia meets business: corpus studies in Language Industry and Computational Linguistics applications. Malaga, Spain, March 2–4, 2016.</p>



<p>o&nbsp;&nbsp;&nbsp;&nbsp;&nbsp;&nbsp;&nbsp;&nbsp;&nbsp; Bikelienė, L. Lithuanian learners’ English: British or American? Linguistic, Educational and Intercultural Research 2015 (LEIC Research 2015): 6th International Scientific Conference. Vilnius, Lithuania, September 17–18, 2015.</p>



<p>o&nbsp;&nbsp;&nbsp;&nbsp;&nbsp;&nbsp;&nbsp;&nbsp;&nbsp; Bikelienė, L. Person markers in non-native students‘ writing. Third International Learner Corpus Research Conference. Nijmegen/Cuijk, Netherlands, September 11–13, 2015.</p>



<p>o&nbsp;&nbsp;&nbsp;&nbsp;&nbsp;&nbsp;&nbsp;&nbsp;&nbsp; Bikelienė, L. &amp; Zaytseva, E.&#8217;Nevertheless&#8217; and &#8216;however&#8217; in learners&#8217; writing: Aspects of use and variation. 11th Teaching and Language Corpora Conference. Lancaster, Great Britain, July 20–24, 2014.</p>



<p>o&nbsp;&nbsp;&nbsp;&nbsp;&nbsp;&nbsp;&nbsp;&nbsp;&nbsp; Bikelienė, L. Lithuanian learner English: The use of listing connectors. Linguistic, Pedagogical and Intercultural Challenges in Tertiary Education : 5th International Conference. Vilnius, Lithuania, November 7–9, 2013.</p>



<p>o&nbsp;&nbsp;&nbsp;&nbsp;&nbsp;&nbsp;&nbsp;&nbsp;&nbsp; Bikelienė, L. The use of connectors in advanced Lithuanian learner&#8217;s English writing. Vilnius, Lithuania, September 2–5, 2010.</p>



<p>o&nbsp;&nbsp;&nbsp;&nbsp;&nbsp;&nbsp;&nbsp;&nbsp;&nbsp; Bikelienė. L. The use of listing connectors in advanced Lithuanian learners’ EFL writing. The Fifth Inter-Varietal Applied Corpus Studies (IVACS) group International Conference. Edinburgh, Great Britain, June 18–19, 2010.</p>



<p>o&nbsp;&nbsp;&nbsp;&nbsp;&nbsp;&nbsp;&nbsp;&nbsp;&nbsp; Bikelienė, L. Apibendrinimo žymėjimas konektoriais besimokančių anglų kalbos ir anglakalbių studentų rašto darbuose. Kaunas, Lithuania, May 14–15, 2010.</p>



<p>o&nbsp;&nbsp;&nbsp;&nbsp;&nbsp;&nbsp;&nbsp;&nbsp;&nbsp; Bikelienė, L. Kontrasto konektorių vartojimas besimokančiųjų ir anglakalbių darbuose. Language and Culture: New Challenges for the Teachers of Europe : 3rd International Conference. Vilnius, Lithuania, October 8–9, 2009.</p>



<p>o&nbsp;&nbsp;&nbsp;&nbsp;&nbsp;&nbsp;&nbsp;&nbsp;&nbsp; Bikelienė, L. &amp;. Juknevičienė, R. Insights from the Lithuanian Learner Corpus of English. International Seminar on Corpus Linguistics: New Trends in Language Teaching and Translation Studies. In Honour of John Sinclar. Granada, Spain, September 22–24, 2008.</p>



<p>o&nbsp;&nbsp;&nbsp;&nbsp;&nbsp;&nbsp;&nbsp;&nbsp;&nbsp; Bikelienė, L. Resultive connectors in advanced Lithuanian learners&#8217; English writing. English and German Studies in Lithuania and beyond: Tradition and Emerging Perspectives. Vilnius, Lithuania, September 18–20, 2008.</p>



<p>o&nbsp;&nbsp;&nbsp;&nbsp;&nbsp;&nbsp;&nbsp;&nbsp;&nbsp; Bikelienė, L. Connector usage in advanced Lithuanian learners&#8217; English writing. Text: Linguistics and Poetics 15. Šiauliai, Lithuania, lapkričio 15, 2007.</p>



<p>o&nbsp;&nbsp;&nbsp;&nbsp;&nbsp;&nbsp;&nbsp;&nbsp;&nbsp; Bikelienė, L. Connector usage in advanced Lithuanian learners&#8217; English writing. PALC 2007. Lodz, Poland, April 19–22, 2007.</p>

<p>o          Bikelienė, L. The pronunciation of the capital of Ukraine in English-speaking media. The 15th International Conference on Native and Non-native Accents of English ACCENTS 2022. Lodz, Poland, December 8-10, 2022. o          Bikelienė, L. (co-authored by Sardegna, V., Jarosz, A., Mora J.C., Šturm, P., Wojtowiak, E., and Wrembel, M.). An invited talk introducing the book [&hellip;]</p>
