{"id":74,"date":"2020-12-02T13:48:45","date_gmt":"2020-12-02T15:48:45","guid":{"rendered":"http:\/\/web.vu.lt\/flf\/k.geben\/?page_id=74"},"modified":"2026-04-28T03:32:51","modified_gmt":"2026-04-28T05:32:51","slug":"konferencijos","status":"publish","type":"page","link":"https:\/\/web.vu.lt\/flf\/k.geben\/konferencijos\/","title":{"rendered":"Konferencijos | Conferences"},"content":{"rendered":"\n<p>2025 m. rugs\u0117jo 23\u201324 d. Prane\u0161imas:<em> Wykorzystanie generatywnej sztucznej inteligencji w interpretacji lektur szkolnych. &nbsp;<\/em>Tarptautin\u0117 mokslin\u0117 konferencija <em>&nbsp;&nbsp;Nauji estetiniai rei\u0161kiniai, \u017eanrai ir id\u0117jos XXI a. prozoje. Lietuvos, Lenkijos ir Vidurio Europos kontekstas. <\/em>Vilniaus universitetas, Vilnius \u2013 Balstog\u0117s universiteto filialas Vilniuje<\/p>\n\n\n\n<p>2025 gegu\u017e\u0117s 8-9 d. prane\u0161imas Vitalija Kazlauskien\u0117, Anastasija Belovodskaja, Kinga Geben, Diana \u0160ilekait\u0117-Kaishauri, Egl\u0117 \u017duraskait\u0117, Virginija Masiulionyt\u0117 \u201eGeneratyvinis dirbtinis intelektas kalb\u0173 ugdyme: tarp technologinio prover\u017eio ir pedagogin\u0117s atsakomyb\u0117s\u201c, Tarptautin\u0117 mokslin\u0117 konferencija <a href=\"https:\/\/ebooks.ktu.edu\/reader\/709646\/&amp;returnUrl%3DaHR0cHM6Ly9lYm9va3Mua3R1LmVkdS9wcm9kdWN0LzcwOTY0Ng%3D%3D?productType=ebook&amp;themeName=Lucent-Theme\">\u201eKalba dirbtinio intelekto am\u017eiuje (LTech2025)\u201c<\/a>, KTU<\/p>\n\n\n\n<p>2024 lapkri\u010dio 7-8. Prane\u0161imas \u201eLituanizmy leksykalne w prozie autobiograficznej Wojciecha Piotrowicza\u201d, Tarptautin\u0117 konferencija &nbsp;\u201eRola literatury najnowszej w kszta\u0142towaniu wzajemnego obrazu Litwin\u00f3w i Polak\u00f3w. Teksty \u2013 Dydaktyka \u2013 J\u0119zyk \u2013 Konteksty kulturowe\u201d , Vilniaus universitetas.<\/p>\n\n\n\n<p>2024 rugs\u0117jo &nbsp;12-14 d. Prane\u0161imas \u201cSocjolingwistyczne spojrzenie na sporne kwestie dotycz\u0105ce u\u017cycia j\u0119zyka polskiego na Litwie\u201c . <a href=\"https:\/\/www.ur.edu.pl\/pl\/kolegia\/kolegium-nauk-humanistycznych\/jednostki-naukowe\/instytut-polonistyki-i-dziennikarstwa\/konferencje-naukowe\/vii-miedzynarodowa-konferencja-naukowa-komisji-socjolingwistyki-rzeszow-12-14-wrzesnia-2024-r\">VII International Scientific Conference in the series Slavic Languages in Sociolinguistic <\/a>Perspective of the Sociolinguistics Committee affiliated to the International Committee of Slavists. University of Rzesz\u00f3w.<\/p>\n\n\n\n<p>2024 baland\u017eio 19-20 d. prane\u0161imas \u201eZ do\u015bwiadcze\u0144 integrowania student\u00f3w z Ukrainy i Litwy na zaj\u0119ciach polonistycznych na Uniwersytecie Wile\u0144skim\u201c. Tarptautin\u0117 konferencija: \u0421\u0443\u0447\u0430\u0441\u043d\u0456 \u0432\u0438\u043a\u043b\u0438\u043a\u0438 \u0443 \u0432\u0438\u043a\u043b\u0430\u0434\u0430\u043d\u043d\u0456 \u0443\u043a\u0440\u0430\u0457\u043d\u0446\u044f\u043c \u043f\u043e\u043b\u044c\u0441\u044c\u043a\u043e\u0457 \u043c\u043e\u0432\u0438, \u043b\u0456\u0442\u0435\u0440\u0430\u0442\u0443\u0440\u0438 \u0442\u0430 \u043a\u0443\u043b\u044c\u0442\u0443\u0440\u0438. Lvovo nacionalinis Ivano Franko universitetas.<\/p>\n\n\n\n<p>2023 rugs\u0117jo 28-29 d. prane\u0161imas&nbsp;\u201ePolskie znaki j\u0119zykowe w Wilnie [\u017denklai lenk\u0173 kalba Vilniuje]\u201c. Tarptautin\u0117 konferencija i\u0161 ciklo: Bilingwizm w Europie Srodkowo-Wschodniej. Studia\u201c VDU, Lietuva<\/p>\n\n\n\n<p>2023 liepos 12-14 d. prane\u0161imas \u201eJ\u0119zyk pisarza regionalnego Wojciecha Piotrowicza (polskiego pisarza na Litwie XX wieku)\u201c, Pasaulinis polonist\u0173 kongresas| <a href=\"https:\/\/skpkrakow.com\/program\/\">\u015aWIATOWY KONGRES POLONIST\u00d3W<\/a>, Jogailai\u010di\u0173 universitetas, Lenkija<\/p>\n\n\n\n<p>2022 spalio 19-22 d. Prane\u0161imas \u201eKultura j\u0119zyka polskiego w dydaktyce polonistycznej na Uniwersytecie Wile\u0144skim\u201c. <em>The 5<sup>th<\/sup> Congress of Polish Didactics. <\/em>University of Gdansk, Poland.<\/p>\n\n\n\n<p>2022 rugs\u0117jo 29\u201330 d. prane\u0161imas&nbsp;\u201eU\u017era\u0161ai lenk\u0173 kalba Vilniaus kalbiniame kra\u0161tovaizdyje\u201c \u0161e\u0161tojoje&nbsp;tarptautin\u0117je taikomosios kalbotyros konferencijoje <a href=\"https:\/\/litaka.lt\/wp-content\/uploads\/2022\/09\/Taikomosios_kalbotyros_konferencijos_programa_2022-09-12.pdf\">\u201eKalbos ir \u017emon\u0117s: problemos ir sprendimai\u201c<\/a>, Vilniaus universitetas <\/p>\n\n\n\n<p>2022 rugs\u0117jo 8-10, Plenarinis prane\u0161imas \u201eWieloj\u0119zyczno\u015b\u0107 Polak\u00f3w wile\u0144skich. Szanse i zagro\u017cenia\u201d VI tarptautin\u0117je mokslin\u0117je konferencijoje i\u0161 ciklo \u201eSlav\u0173 kalbos sociolingvistikos aspektu\u201c <a href=\"http:\/\/www.sociolingvistika2022.flf.vu.lt\/programa\/\">\u201eSlavijos paribiai XX\u2013XXI am\u017ei\u0173 sand\u016broje. Kalba\u2013visuomen\u0117\u2013kult\u016bra\u2013tapatyb\u0117\u201c<\/a> ir kult\u016brin\u0117s lingvistikos dirbtuv\u0117s, Vilniaus universitetas<\/p>\n\n\n\n<figure class=\"wp-block-image size-large\"><img loading=\"lazy\" width=\"588\" height=\"423\" src=\"http:\/\/web.vu.lt\/flf\/k.geben\/wp-content\/uploads\/2022\/09\/vil-universitetas.png\" alt=\"\" class=\"wp-image-162\" srcset=\"https:\/\/web.vu.lt\/flf\/k.geben\/wp-content\/uploads\/2022\/09\/vil-universitetas.png 588w, https:\/\/web.vu.lt\/flf\/k.geben\/wp-content\/uploads\/2022\/09\/vil-universitetas-300x216.png 300w\" sizes=\"(max-width: 588px) 100vw, 588px\" \/><figcaption>2022<\/figcaption><\/figure>\n\n\n\n<figure class=\"wp-block-table alignleft is-style-stripes\"><table><tbody><tr><td>2021 spalio 20-23 d. &nbsp;Prane\u0161imas&nbsp; \u201e\u015awiadomo\u015b\u0107 i kompetencja m\u0142odzie\u017cy polskiej na Litwie\u201d, VII Pasaulinis Polonist\u0173 kongresas \u201c<a href=\"http:\/\/kongrespolonistow2020.uni.wroc.pl\/program\/\">Polonistyka <\/a>\u015bwiatowa \u2013 archiwa i wsp\u00f3\u0142czesno\u015b\u0107\u201d (Vroclavo universitetas, MsTeams)<br>&nbsp;<br>2021 gegu\u017e\u0117s 7 d. Prane\u0161imas&nbsp; \u201eKultura j\u0119zyka w praktyce glottodydaktycznej\u201c Mi\u0119dzynarodowe seminarium naukowe \u201ePolszczyzna jako j\u0119zyk obcy, drugi i odziedziczony (dawniej i dzi\u015b)\u201d Pracownia Lingwistyki Antropologicznej Instytutu Filologii Polskiej UWr<br>Polonistikos centras VU ir Centrum Kultury i J\u0119zyka Polskiego UJK w Kielcach (MsTeams)<br>&nbsp;<br>2021 gegu\u017e\u0117s 3 d.Prane\u0161imas mokytojams \u201eNacionalini\u0173 ir tarptautini\u0173 tyrim\u0173 rezultat\u0173 \u012ftaka atnaujinant pradinio ir pagrindinio ugdymo TMGK program\u0105\u201c Nacionalin\u0117s \u0161vietimo agent\u016bros Ugdymo turinio departamento Ugdymo turinio rengimo skyrius (N\u0160A), MsTeams<br>&nbsp;<br>2021 m. sausio 20 d. Prane\u0161imas nuotoliniame susitikime su lenk\u0173 kalbos specialistais (mokslininkais, Polonist\u0173 asociacijos atstovais, metodini\u0173 b\u016breli\u0173 pirmininkais ir mokytojais) \u201ePradinio ir pagrindinio ugdymo Tautini\u0173 ma\u017eum\u0173 gimtosios (lenk\u0173) kalbos ir literat\u016bros bendrosios programos projektas\u201c Nacionalin\u0117s \u0161vietimo agent\u016bros Ugdymo turinio departamento Ugdymo turinio rengimo skyrius, MsTeams<br><br>2020 rugs\u0117jo 24-25 Prane\u0161imas (kartu su dr Irena Fedorovi\u010d) \u201eJ\u0119zykowy obraz DOMU w prozie wspomnieniowej Wojciecha Piotrowicza\u201c, II Tarptautinis kult\u016brin\u0117s lingvistikos seminaras, Vertyb\u0117s lietuvi\u0173 ir lenk\u0173 pasaul\u0117vaizdyje. Liaudi\u0161kasis, tautinis, daugiatautis ir daugiakult\u016bris paveldas, Vilniaus universitetas, Vilnius, 2020 m. rugs\u0117jo 24\u201325 d.<\/td><\/tr><tr><td>2019 m. rugs\u0117jo 26\u201328 d. Prane\u0161imas \u201eLanguage use and attrition&nbsp; among Polish Youth in Lithuania\u201c tarptautin\u0117je Taikomosios kalbotyros konferencijoje \u201eKalbos ir \u017emon\u0117s: komunikacija daugiakalbiame pasaulyje\u201c Vilniaus universitete<\/td><\/tr><tr><td>2019 lapkri\u010dio 21-22 d. Prane\u0161imas \u201eMetody skutecznego nauczania j\u0119zyka polskiego a postawa autonomiczna studenta\u201c Tarptautin\u0117 mokslin\u0117 konferencija \u201eSu Erelio ir Vy\u010dio \u017eenklais. Lenkijos ir Lietuvos moksliniai ir kult\u016briniai ry\u0161iai Vilniaus universiteto istorijoje\u201c Vilniaus universitetas, <a href=\"http:\/\/www.erelioirvycio.flf.vu.lt\/\">http:\/\/www.erelioirvycio.flf.vu.lt\/<\/a><\/td><\/tr><tr><td>2019 spalio 17-18 d. Prane\u0161imas (kartu su dr Maria Zielinska) \u201eUkrainos ir Lietuvos jaunimo daugiakalbyst\u0117: sociolingvistinis ir kalbinis aspektai\u201c tarptautin\u0117 mokslin\u0117 konferencija i\u0161 ciklo \u201eTapatyb\u0117 kult\u016br\u0173 sankirtoje\u201c, Vytauto Did\u017eiojo universiteto \u0160vietimo akademija<\/td><\/tr><tr><td>2019 kovo 21-22 d. Prane\u0161imas&nbsp; \u201eMultilingualism among Polish Youth in Lithuania\u201c tarptautin\u0117je mokslin\u0117je konferencijoje &nbsp;\u201eInternational Conference on Multilingualism and Multilingual Education (ICMME19)\u201c, Vokietija, Bielefeld, University of Applied Science.<\/td><\/tr><tr><td>2019 gegu\u017ees 24-25 d. Prane\u0161imas&nbsp; \u201e\u015awiadomo\u015b\u0107 i kompetencja m\u0142odzie\u017cy polskiej na Litwie\u201d, tarptautin\u0117je mokslin\u0117je konferencijoje \u201eDwuj\u0119zyczno\u015b\u0107 w Polsce i za granic\u0105\u201d, Vroclavo universitetas<\/td><\/tr><tr><td>2019 m. liepos 4-7 d. Prane\u0161imas \u201eObraz Wilna w idiolekcie Czes\u0142awa Jankowskiego\u201d&nbsp; tarptautiniame kognityvin\u0117s etnolingvistikos seminare \u201cVertyb\u0117s lietuvi\u0173 ir lenk\u0173 pasaul\u0117vaizdyje\u201d VU<\/td><\/tr><tr><td>2018 m. lapkri\u010dio 29\u201330 d. &nbsp;Prane\u0161imas&nbsp; \u201eKulturolekt Polak\u00f3w litewskich\u201c tarptautiniame moksliniame seminare \u201eVroclavo etnolingvistiniai kolokviumai\u201d&nbsp; Antropologin\u0117s lingvistikos laboratorijoje (Vroclavo universitetas).<\/td><\/tr><tr><td>2018 m. gegu\u017e\u0117s 3\u20134 d. Prane\u0161imas \u201eFunkcje urbanonim\u00f3w w felietonach Czes\u0142awa Jankowskiego\u201c tarptautin\u0117je mokslin\u0117je konferencijoje \u201eLingvistiniai, didaktiniai ir sociokult\u016briniai kalbos funkcionavimo aspektai\u201c&nbsp;Lietuvos edukologiniame universitete.<\/td><\/tr><tr><td>2017 m. gruod\u017eio 7\u20138 d. Prane\u0161imas \u201eAbout changes in the code of politeness of Lithuanian Poles\u201c tarptautin\u0117je mokslin\u0117je konferencijoje (Conference of the CEES and 61st Kreutzwald Days Conference) \u201eVariation in language, literature, folklore, and music\u201c, Tartu universitete, Estija.<\/td><\/tr><tr><td>2017 m. spalio 12\u201313 d. Prane\u0161imas \u201eVilniaus konotacijos prof. Algio Kal\u0117dos lenkakalbiuose veikaluose\u201c&nbsp; (kartu su doc.dr. I. Fedorovi\u010d) tarptautin\u0117je mokslin\u0117je konferencijoje \u201eXIX-XX a. lietuvi\u0173 ir lenk\u0173 dvikalbiai ra\u0161ytojai\u201c, Lietuvos edukologijos universitete.<\/td><\/tr><tr><td>2017 m. rugs\u0117jo 28\u201329 d. Prane\u0161imas \u201eJ\u0119zykowy obraz Wilna w felietonach Czes\u0142awa Jankowskiego z cyklu \u201ePrzechadzki po Wilnie\u201c tarptautin\u0117je mokslin\u0117je konferencijoje \u201e\u010ceslovas Jankovskis (Czes\u0142aw Jankowski, 1857\u20131929) \u2013 tarp \u201e\u010dionyk\u0161ti\u0161kumo\u201c ir europieti\u0161kumo\u201c, Vilnius, VU Filologijos fakultete.<\/td><\/tr><tr><td>2017 m. baland\u017eio 6\u20138 d. Prane\u0161imas \u201eLenk\u0173 tautin\u0117s ma\u017eumos etnolingvistinis gyvybingumas Lietuvoje\u201c tarptautin\u0117je konferencijoje \u201eTautini\u0173 ma\u017eum\u0173 \u0161vietimas ir mokslas Europoje: vakar, \u0161iandien ir rytoj (edukaciniai, socialiniai, politiniai, teisiniai ir istoriniai aspektai)\u201c, Vilnius, Lietuvos lenk\u0173 mokslinink\u0173 draugija<\/td><\/tr><tr><td>2016 m. rugs\u0117jo 28\u201329 d. Prane\u0161imas \u201eLenk\u0173 mokykl\u0173 \u0160al\u010dininkuose ir Horodoke jaunimo kalbin\u0117s savimon\u0117s ir leksin\u0117s interferencijos padarini\u0173 palyginimas\u201d &nbsp;IV tarptautin\u0117je taikomosios kalbotyros konferencijoje \u201eKalbos ir \u017emon\u0117s: \u012fvairov\u0117 ir darna\u201c Vilniaus universitete<\/td><\/tr><tr><td>2014 m. rugs\u0117jo 24-27 d. Prane\u0161imas \u201eZmiany j\u0119zykowe i to\u017csamo\u015bciowe polskiej mniejszo\u015bci narodowej na Litwie\u201d tarptautiniame moksliniame seminare Lenkijoje Opol\u0117je \u201eXIX Seminarium \u015al\u0105skie. Problematyka edukacji mniejszo\u015bciowej w Polsce\u201d,<\/td><\/tr><tr><td>2014 baland\u017eio 24-25 d. Prane\u0161imas \u201eTrudno\u015bci m\u0142odzie\u017cy polskiej na Litwie w uczeniu si\u0119 j\u0119zyka polskiego og\u00f3lnego\u201c tarptautin\u0117je konferencijoje: \u201e6th International Conference Linguistic, Didactic and Sociocultural Aspects of Language Functioning 24\u201325 April 2014\u201c Lietuvos edukologiniame universitete<\/td><\/tr><tr><td>2013 lapkri\u010dio 8-9 d. Prane\u0161imas \u201eGera b\u016bti \u0161ioje kompanijoje ir Vilniuje (Cz. Mi\u0142oszas) Vilniaus universiteto Lenk\u0173 filologijos katedros sve\u010di\u0173 knygos \u012fra\u0161\u0173 pragmatin\u0117 analiz\u0117\u201d tarptautin\u0117je konferencijoje \u201eKalb\u0173 ir literat\u016br\u0173 funkcionavimas Lietuvoje. Lenk\u0173-lietuvi\u0173 moksliniai ir kult\u016briniai ry\u0161iai\u201c, VU<\/td><\/tr><tr><td>2013 m. spalio 3\u20134 d. Prane\u0161imas \u201eKalbin\u0117 situacija Lietuvos lenk\u0173 \u0161eimose\u201c tarptautin\u0117je taikomosios kalbotyros konferencijoje (LITAKA) Vilniaus universiteto Filologijos fakultete \u201eKalbos ir \u017emon\u0117s: erdv\u0117, laikas, tapatyb\u0117\u201c.<\/td><\/tr><tr><td>2013 m. rugs\u0117jo 26-27 d. Prane\u0161imas \u201eLietuvos lenk\u0173 po\u017ei\u016bris \u012f diglosij\u0105 (sociolingvistinis tyrimas)\u201c tarptautin\u0117je konferencijoje \u201cDialects: The Heritage of European Culture\u201d Mykolo Romerio universitete<\/td><\/tr><tr><td>2012 rugpj\u016b\u010dio 21-24 d.Prane\u0161imas \u201eLanguages and the reconstruction of national identity in multilingual towns of Lithuania\u201c tarptautiniame simpoziume \u201cSOCIOLINGUISTICS SYMPOSIUM 19\u201d Vokietijoje, Berlyne (Freie Universit\u00e4t) (kartu su prof. Meilute Ramoniene)<\/td><\/tr><tr><td>2012&nbsp; lapkri\u010dio 16 d.Prane\u0161imas \u201cKalbos reik\u0161m\u0117 tapatumo formavimui\u201c tarptautin\u0117je konferencijoje \u201eKalba, erdv\u0117 ir tapatyb\u0117\u201c, Vilniaus universitete<\/td><\/tr><tr><td>2012 rugs\u0117jo 14-15 d. Prane\u0161imas tarptautin\u0117je konferencijoje \u201eII Zjazd Uczonych Polskich z Europy \u015arodkowo-Wschodniej \u201c Ol\u0161tyne (Lenkijoje).<\/td><\/tr><tr><td>2011 spalio 28-29 d. Prane\u0161imas \u201cCurrent trends of self-identification in urban areas of Lithuania: the case of Lithuanian Poles\u201d tarptautin\u0117je konferencijoje \u201cHOT AND COLD ETHNICITIES IN POST-SOVIET SPACE\u201d, Talino universitete (Estijoje).<\/td><\/tr><tr><td>2011 spalio 19-21 d.Prane\u0161imas \u201c\u015awiadomo\u015b\u0107 j\u0119zykowa Polak\u00f3w z Wilna, Solecznik i Trok\u201c tarptautin\u0117je konferencijoje \u201eParibys \u2013 bendrasis paveldas (kalbiniu ir kult\u016briniu aspektu)\u201c [\u201eKresy \u2013 wsp\u00f3lne dziedzictwo (w aspekcie j\u0119zykowo &#8211; kulturowym)\u201d], Vroclavo universitete (Lenkija).<\/td><\/tr><tr><td>2010 gruod\u017eio 01 d.Prane\u0161imas \u201eVilniaus lenk\u0173 kalbinis identitetas\u201c tarptautin\u0117je konferencijoje \u201eDaugiakalbyst\u0117s forumas\u201c Mykolo Romerio universitete, Vilnius.<\/td><\/tr><tr><td>2010 spalio 14\u201316 d.Prane\u0161imas \u201cIdentyfikacja j\u0119zykowa i to\u017csamo\u015bciowa Polak\u00f3w wile\u0144skich\u201d tarptautin\u0117je konferencijoje \u201eTapatyb\u0117 kult\u016br\u0173 sankirtoje\u201c Vilniaus pedagoginiame universitete.<\/td><\/tr><tr><td>2009 m. spalio 9 d. Prane\u0161imas \u201eVilniaus lenk\u0173 kalbin\u0117 savimon\u0117 ir daugiakalbyst\u0117\u201d tarptautin\u0117je XVII Jono Jablonskio konferencijoje \u201eKalbos varianti\u0161kumas ir kalbin\u0117s nuostatos\u201c Lietuvi\u0173 kalbos institute, Vilnius.<\/td><\/tr><tr><td>2009 m. lapkri\u010dio 27 d.Prane\u0161imas \u201eKaip Vilniaus lenkai apib\u016bdina savo tapatyb\u0119\u201c mokslin\u0117je projekto baigiamojoje konferencijoje Vilniaus universiteto Filologijos fakultete.<\/td><\/tr><tr><td>2008 spalio 23-24 d. Prane\u0161imas \u201eO rdzennych warto\u015bciach Polak\u00f3w na Litwie\u201d tarptautin\u0117je konferencijoje \u201eEuropejsko\u015b\u0107 ojczyzn: litewsko-polskie zwi\u0105zki j\u0119zykowe, kulturowe i literackie\u201d, Vilniaus universitete.<\/td><\/tr><tr><td>2008 m. sausio 29 d. Prane\u0161imas \u201eVilniaus kra\u0161to lenk\u0173 mokykl\u0173 jaunimo kalbin\u0117s savimon\u0117s tyrimai\u201c moksliniame seminare \u201eKalb\u0173 vartojimo ir tautin\u0117s tapatyb\u0117s tyrimai: kiekybini\u0173 ir kokybini\u0173 metod\u0173 taikymo patirtis\u201c, VU.<\/td><\/tr><tr><td>2007 m. bir\u017eelio 18-19 d. Prane\u0161imas \u201eSytuacja j\u0119zykowa m\u0142odzie\u017cy polskoj\u0119zycznych szk\u00f3\u0142 na Litwie pochodz\u0105cej z rodzin mieszanych j\u0119zykowo\u201d tarptautin\u0117je konferencijoje \u201eKalbos Lietuvoje: siekiai ir laim\u0117jimai\u201c . Vilnius \/ Lietuvos kalb\u0173 pedagog\u0173 asociacija.<\/td><\/tr><tr><td>2006 bir\u017eelio 8-10 d. Prane\u0161imas \u201eNajnowsze lituanizmy w wariancie oficjalnym j\u0119zyka polskiego na Litwie\u201c tarptautin\u0117je konferencijoje \u201eBaltijos regiono istorija ir kult\u016bra: Lietuva ir Lenkija\u201c Klaip\u0117dos universitete, Baltijos regiono istorijos ir archeologijos institute.<\/td><\/tr><tr><td>2005 bir\u017eelio 3\u20134 d. Prane\u0161imas \u201eLinguistic Consciousness of the Polish Youth from Mixed Families \u201c tarptautin\u0117je konferencijoje \u201eKalba ir identitetas\u201c Vilniaus universitetas.<\/td><\/tr><tr><td>2004 lapkri\u010dio 26 d. Prane\u0161imas \u201eNaujosios leksikos tendencijos radijo ir televizijos prane\u0161\u0117j\u0173 kalboje\u201c tarptautin\u0117je konferencijoje \u201eSpecialyb\u0117s kalba: sistema ir vartosena\u201c. Lietuvos teis\u0117s universitetas (MRU), Valstybin\u0117 lietuvi\u0173 kalbos komisija, Vilnius.<\/td><\/tr><tr><td>2004 rugs\u0117jo 23-25 d. Prane\u0161imas \u201eZ problem\u00f3w nauczania kultury j\u0119zyka polskiego na polonistyce Uniwersytetu Wile\u0144skiego\u201c tarptautin\u0117je konferencijoje \u201eRe\u010diau vartojam\u0173 kalb\u0173 mokymo\/si patirtis daugiakult\u016br\u0117je ir daugiataut\u0117je Europoje\u201c, Valstybin\u0117 lietuvi\u0173 kalbos komisija, Vilnius.<\/td><\/tr><tr><td>2002 rugs\u0117jo 15-18Prane\u0161imas \u201eRola j\u0119zyka w kszta\u0142towaniu poczucia ojczyzny w spo\u0142ecze\u0144stwach wielokulturowych\u201d tarptautin\u0117je konferencijoje \u201eDo Unii Europejskiej dla jako\u015bci \u017cycia.\u201d Vigruose, Lenkija.<\/td><\/tr><tr><td>2001 rugs\u0117jo 8. Prane\u0161imas \u201eZ zagadnie\u0144 kultury j\u0119zyka polskiego\u201d tarptautin\u0117je konferencijoje \u201eMetody nauczania j\u0119zyka polskiego jako obcego\u201d, VU.<\/td><\/tr><\/tbody><\/table><\/figure>\n\n\n\n<p><\/p>\n","protected":false},"excerpt":{"rendered":"<p>2025 m. rugs\u0117jo 23\u201324 d. Prane\u0161imas: Wykorzystanie generatywnej sztucznej inteligencji w interpretacji lektur szkolnych. &nbsp;Tarptautin\u0117 mokslin\u0117 konferencija &nbsp;&nbsp;Nauji estetiniai rei\u0161kiniai, \u017eanrai ir id\u0117jos XXI a. prozoje. Lietuvos, Lenkijos ir Vidurio Europos kontekstas. Vilniaus universitetas, Vilnius \u2013 Balstog\u0117s universiteto filialas Vilniuje 2025 gegu\u017e\u0117s 8-9 d. prane\u0161imas Vitalija Kazlauskien\u0117, Anastasija Belovodskaja, Kinga Geben, Diana \u0160ilekait\u0117-Kaishauri, Egl\u0117 \u017duraskait\u0117, [&hellip;]<\/p>\n","protected":false},"author":1,"featured_media":0,"parent":0,"menu_order":0,"comment_status":"closed","ping_status":"closed","template":"","meta":[],"_links":{"self":[{"href":"https:\/\/web.vu.lt\/flf\/k.geben\/wp-json\/wp\/v2\/pages\/74"}],"collection":[{"href":"https:\/\/web.vu.lt\/flf\/k.geben\/wp-json\/wp\/v2\/pages"}],"about":[{"href":"https:\/\/web.vu.lt\/flf\/k.geben\/wp-json\/wp\/v2\/types\/page"}],"author":[{"embeddable":true,"href":"https:\/\/web.vu.lt\/flf\/k.geben\/wp-json\/wp\/v2\/users\/1"}],"replies":[{"embeddable":true,"href":"https:\/\/web.vu.lt\/flf\/k.geben\/wp-json\/wp\/v2\/comments?post=74"}],"version-history":[{"count":25,"href":"https:\/\/web.vu.lt\/flf\/k.geben\/wp-json\/wp\/v2\/pages\/74\/revisions"}],"predecessor-version":[{"id":345,"href":"https:\/\/web.vu.lt\/flf\/k.geben\/wp-json\/wp\/v2\/pages\/74\/revisions\/345"}],"wp:attachment":[{"href":"https:\/\/web.vu.lt\/flf\/k.geben\/wp-json\/wp\/v2\/media?parent=74"}],"curies":[{"name":"wp","href":"https:\/\/api.w.org\/{rel}","templated":true}]}}