{"id":3,"date":"2008-08-29T16:02:11","date_gmt":"2008-08-29T13:02:11","guid":{"rendered":"http:\/\/web.vu.lt\/flf\/b.stundzia\/?page_id=3"},"modified":"2017-10-16T16:15:24","modified_gmt":"2017-10-16T13:15:24","slug":"bakalauro-ir-magistro-darbu-temos","status":"publish","type":"page","link":"https:\/\/web.vu.lt\/flf\/b.stundzia\/bakalauro-ir-magistro-darbu-temos\/","title":{"rendered":"Magistro, bakalauro ir kursini\u0173 darb\u0173 temos"},"content":{"rendered":"<p><strong>PROF. BONIFACO STUND\u017dIOS SI\u016aLOMOS MOKSLO DARB\u0172 TEMOS <\/strong><\/p>\n<p><strong>I\u0160 MORFONOLOGIJOS IR \u017dOD\u017dI\u0172 DARYBOS<\/p>\n<p><\/strong><\/p>\n<p><strong><em>(magistro, bakalauro ir kursiniai darbai)<\/em><\/strong><\/p>\n<ol start=\"1\">\n<li>Veik\u0117j\u0173 pavadinim\u0173 (<em>nomina agentis<\/em>) daryba lietuvi\u0173 ir latvi\u0173 (ital\u0173, ispan\u0173, slav\u0173, german\u0173) kalbose (remiantis prozos k\u016brini\u0173 vertimais)<\/li>\n<li>Veiksmo pavadinim\u0173 (<em>nomina actionis<\/em>) daryba lietuvi\u0173 ir latvi\u0173 (ital\u0173, ispan\u0173, slav\u0173, german\u0173) kalbose (remiantis prozos k\u016brini\u0173 vertimais)<\/li>\n<li>\u012eranki\u0173 pavadinim\u0173 (<em>nomina instrumenti<\/em>) daryba lietuvi\u0173 ir latvi\u0173 (ital\u0173, ispan\u0173, slav\u0173, german\u0173) kalbose (remiantis prozos k\u016brini\u0173 vertimais)<\/li>\n<li>Vietos pavadinim\u0173 (<em>nomina loci<\/em>) daryba lietuvi\u0173 ir latvi\u0173 (ital\u0173, ispan\u0173, slav\u0173, german\u0173) kalbose (remiantis prozos k\u016brini\u0173 vertimais)<\/li>\n<li>Ypatybi\u0173 pavadinim\u0173 (<em>nomina abstracta<\/em>) daryba lietuvi\u0173 ir latvi\u0173 (ital\u0173, ispan\u0173, slav\u0173, german\u0173) kalbose (remiantis prozos k\u016brini\u0173 vertimais)<\/li>\n<li>Varda\u017eodin\u0117s ypatyb\u0117s tur\u0117toj\u0173 pavadinim\u0173 (<em>nomina attributiva<\/em>) daryba lietuvi\u0173 ir latvi\u0173 (ital\u0173, ispan\u0173, slav\u0173, german\u0173) kalbose (remiantis prozos k\u016brini\u0173 vertimais)<\/li>\n<li>Veiksmo rezultato pavadinim\u0173 (<em>nomina acti<\/em>) daryba lietuvi\u0173 ir latvi\u0173 (ital\u0173, ispan\u0173, slav\u0173, german\u0173) kalbose (remiantis prozos k\u016brini\u0173 vertimais)<\/li>\n<li>D\u016bryba lietuvi\u0173 ir latvi\u0173 (ital\u0173, ispan\u0173, slav\u0173, german\u0173) kalbose (remiantis prozos k\u016brini\u0173 vertimais)<\/li>\n<li>Lietuvi\u0173 kalbos varda\u017eod\u017ei\u0173 su klasikini\u0173 kalb\u0173 elementais daryba<\/li>\n<li>Lietuvi\u0173 kalbos veiksma\u017eod\u017ei\u0173 su klasikini\u0173 kalb\u0173 elementais daryba<\/li>\n<li>Lietuvi\u0173 kalbos gal\u016bnin\u0117s darybos veiksma\u017eod\u017eiai<\/li>\n<li>Prie\u0161d\u0117lini\u0173 daiktavard\u017ei\u0173 kir\u010diavimas <em>n<\/em> tarm\u0117je (gimtojoje arba remiantis LK\u017d ir kitais \u0161altiniais) (gali rinktis keli studentai)<\/li>\n<li>Prie\u0161d\u0117lini\u0173 daiktavard\u017ei\u0173 kir\u010diavimas F. Kur\u0161ai\u010dio \u017eodynuose<\/li>\n<li>Prie\u0161d\u0117lini\u0173 daiktavard\u017ei\u0173 kir\u010diavimas tarmi\u0173 \u017eodynuose (gali rinktis keli studentai)<\/li>\n<li>Priesagini\u0173 veiksma\u017eod\u017ei\u0173 kir\u010diavimas <em>n<\/em> tarm\u0117je (gimtojoje arba remiantis LK\u017d ir kitais \u0161altiniais) (gali rinktis keli studentai)<\/li>\n<li>Priesagini\u0173 veiksma\u017eod\u017ei\u0173 kir\u010diavimas tarmi\u0173 \u017eodynuose (gali rinktis keli studentai<\/li>\n<li>Cirkumfleksin\u0117 metatonija <em>n<\/em> tarm\u0117je (gimtojoje arba remiantis LK\u017d ir kitais \u0161altiniais) (gali rinktis keli studentai)<\/li>\n<li>Ak\u016btin\u0117 metatonija <em>n<\/em> tarm\u0117je (gimtojoje arba remiantis LK\u017d ir kitais \u0161altiniais) (gali rinktis keli studentai)<\/li>\n<li>\u0160nekamosios jaunimo (student\u0173, mokini\u0173) kalbos kir\u010diavimo polinkiai (tema siaurinama atsi\u017evelgiant \u012f studento pageidavimus) (gali rinktis keli studentai)<\/li>\n<li>Garsin\u0117s \u017einiasklaidos kir\u010diavimo polinkiai (tema siaurinama atsi\u017evelgiant \u012f studento pageidavimus) (gali rinktis keli studentai)<\/li>\n<\/ol>\n<p><strong>Pastaba. Temas galima koreguoti, atsi\u017evelgiant \u012f student\u0173 pageidavimus.\u00a0 <\/strong><strong>1\u20138 temas gali rinktis keli studentai, jei gretinamos skirtingos kalbos.<\/strong><\/p>\n","protected":false},"excerpt":{"rendered":"<p>PROF. BONIFACO STUND\u017dIOS SI\u016aLOMOS MOKSLO DARB\u0172 TEMOS I\u0160 MORFONOLOGIJOS IR \u017dOD\u017dI\u0172 DARYBOS (magistro, bakalauro ir kursiniai darbai) Veik\u0117j\u0173 pavadinim\u0173 (nomina agentis) daryba lietuvi\u0173 ir latvi\u0173 (ital\u0173, ispan\u0173, slav\u0173, german\u0173) kalbose (remiantis prozos k\u016brini\u0173 vertimais) Veiksmo pavadinim\u0173 (nomina actionis) daryba lietuvi\u0173 ir latvi\u0173 (ital\u0173, ispan\u0173, slav\u0173, german\u0173) kalbose (remiantis prozos k\u016brini\u0173 vertimais) \u012eranki\u0173 pavadinim\u0173 (nomina instrumenti) [&hellip;]<\/p>\n","protected":false},"author":3,"featured_media":0,"parent":0,"menu_order":0,"comment_status":"closed","ping_status":"closed","template":"","meta":[],"_links":{"self":[{"href":"https:\/\/web.vu.lt\/flf\/b.stundzia\/wp-json\/wp\/v2\/pages\/3"}],"collection":[{"href":"https:\/\/web.vu.lt\/flf\/b.stundzia\/wp-json\/wp\/v2\/pages"}],"about":[{"href":"https:\/\/web.vu.lt\/flf\/b.stundzia\/wp-json\/wp\/v2\/types\/page"}],"author":[{"embeddable":true,"href":"https:\/\/web.vu.lt\/flf\/b.stundzia\/wp-json\/wp\/v2\/users\/3"}],"replies":[{"embeddable":true,"href":"https:\/\/web.vu.lt\/flf\/b.stundzia\/wp-json\/wp\/v2\/comments?post=3"}],"version-history":[{"count":5,"href":"https:\/\/web.vu.lt\/flf\/b.stundzia\/wp-json\/wp\/v2\/pages\/3\/revisions"}],"predecessor-version":[{"id":308,"href":"https:\/\/web.vu.lt\/flf\/b.stundzia\/wp-json\/wp\/v2\/pages\/3\/revisions\/308"}],"wp:attachment":[{"href":"https:\/\/web.vu.lt\/flf\/b.stundzia\/wp-json\/wp\/v2\/media?parent=3"}],"curies":[{"name":"wp","href":"https:\/\/api.w.org\/{rel}","templated":true}]}}