{"id":6,"date":"2020-08-18T05:57:27","date_gmt":"2020-08-18T07:57:27","guid":{"rendered":"http:\/\/web.vu.lt\/mif\/l.petkevicius\/?page_id=6"},"modified":"2024-12-20T14:08:13","modified_gmt":"2024-12-20T16:08:13","slug":"apie-mane","status":"publish","type":"page","link":"http:\/\/web.vu.lt\/mif\/l.petkevicius\/","title":{"rendered":"Pradinis"},"content":{"rendered":"<p><span id=\"badgeCont336\"><script type=\"text\/javascript\" src=\"https:\/\/publons.com\/mashlets?el=badgeCont336&amp;rid=K-5034-2014&amp;size=small\"><\/script> <\/p>\n<div itemscope itemtype=\"https:\/\/schema.org\/Person\"><a itemprop=\"sameAs\" content=\"https:\/\/orcid.org\/0000-0003-2416-0431\" href=\"https:\/\/orcid.org\/0000-0003-2416-0431\" target=\"orcid.widget\" rel=\"me noopener noreferrer\" style=\"vertical-align:top;\"><img src=\"https:\/\/orcid.org\/sites\/default\/files\/images\/orcid_16x16.png\" style=\"width:1em;margin-right:.5em;\" alt=\"ORCID iD icon\">https:\/\/orcid.org\/0000-0003-2416-0431<\/a><\/div>\n\n\n\n<p><strong>Profesin\u0117 veikla<\/strong>:<\/p>\n\n\n\n<div class=\"wp-block-image\"><figure class=\"alignright size-large is-resized\"><img loading=\"lazy\" src=\"http:\/\/web.vu.lt\/mif\/l.petkevicius\/wp-content\/uploads\/2020\/12\/lin4-1.jpg\" alt=\"\" class=\"wp-image-41\" width=\"266\" height=\"231\" srcset=\"http:\/\/web.vu.lt\/mif\/l.petkevicius\/wp-content\/uploads\/2020\/12\/lin4-1.jpg 968w, http:\/\/web.vu.lt\/mif\/l.petkevicius\/wp-content\/uploads\/2020\/12\/lin4-1-300x262.jpg 300w, http:\/\/web.vu.lt\/mif\/l.petkevicius\/wp-content\/uploads\/2020\/12\/lin4-1-768x670.jpg 768w\" sizes=\"(max-width: 266px) 100vw, 266px\" \/><\/figure><\/div>\n\n\n\n<ul><li>Docentas<\/li><li>Vyresnysis mokslo darbuotojas<\/li><\/ul>\n\n\n\n<p>2020 m. bir\u017eelio 20 d. apgyniau gamtos moksl\u0173 srities informatikos mokslo krypties darb\u0105 \u201eSkaitinis ir simbolinis reakcijos-difuzijos proces\u0173 bioreaktoriuose modeliavimas\u201c.<\/p>\n\n\n\n<p><strong>Moksliniai interesai:<\/strong><\/p>\n\n\n\n<ul><li>Kompiuterin\u0117 rega<\/li><li>Dirbtinis intelektas<\/li><li>Statistika, matematinis ir kompiuterinis modeliavimas<\/li><\/ul>\n\n\n\n<p><strong>D\u0117stomi dalykai:<\/strong><\/p>\n\n\n\n<ul><li>Gilieji mokymosi metodai<\/li><li>\u012evadas \u012f kvantinius skai\u010diavimus<\/li><li>Skaitmenin\u0117 nat\u016bralios kalbos analiz\u0117<\/li><\/ul>\n","protected":false},"excerpt":{"rendered":"<p>Profesin\u0117 veikla: Docentas Vyresnysis mokslo darbuotojas 2020 m. bir\u017eelio 20 d. apgyniau gamtos moksl\u0173 srities informatikos mokslo krypties darb\u0105 \u201eSkaitinis ir simbolinis reakcijos-difuzijos proces\u0173 bioreaktoriuose modeliavimas\u201c. Moksliniai interesai: Kompiuterin\u0117 rega Dirbtinis intelektas Statistika, matematinis ir kompiuterinis modeliavimas D\u0117stomi dalykai: Gilieji mokymosi metodai \u012evadas \u012f kvantinius skai\u010diavimus Skaitmenin\u0117 nat\u016bralios kalbos analiz\u0117<\/p>\n","protected":false},"author":1,"featured_media":0,"parent":0,"menu_order":0,"comment_status":"closed","ping_status":"closed","template":"","meta":[],"_links":{"self":[{"href":"http:\/\/web.vu.lt\/mif\/l.petkevicius\/wp-json\/wp\/v2\/pages\/6"}],"collection":[{"href":"http:\/\/web.vu.lt\/mif\/l.petkevicius\/wp-json\/wp\/v2\/pages"}],"about":[{"href":"http:\/\/web.vu.lt\/mif\/l.petkevicius\/wp-json\/wp\/v2\/types\/page"}],"author":[{"embeddable":true,"href":"http:\/\/web.vu.lt\/mif\/l.petkevicius\/wp-json\/wp\/v2\/users\/1"}],"replies":[{"embeddable":true,"href":"http:\/\/web.vu.lt\/mif\/l.petkevicius\/wp-json\/wp\/v2\/comments?post=6"}],"version-history":[{"count":12,"href":"http:\/\/web.vu.lt\/mif\/l.petkevicius\/wp-json\/wp\/v2\/pages\/6\/revisions"}],"predecessor-version":[{"id":82,"href":"http:\/\/web.vu.lt\/mif\/l.petkevicius\/wp-json\/wp\/v2\/pages\/6\/revisions\/82"}],"wp:attachment":[{"href":"http:\/\/web.vu.lt\/mif\/l.petkevicius\/wp-json\/wp\/v2\/media?parent=6"}],"curies":[{"name":"wp","href":"https:\/\/api.w.org\/{rel}","templated":true}]}}