{"id":2,"date":"2021-05-02T11:25:52","date_gmt":"2021-05-02T09:25:52","guid":{"rendered":"http:\/\/web.vu.lt\/khf\/e.gabrenaite\/?page_id=2"},"modified":"2021-05-05T10:50:04","modified_gmt":"2021-05-05T08:50:04","slug":"puslapio-pavyzdys","status":"publish","type":"page","link":"http:\/\/web.vu.lt\/khf\/e.gabrenaite\/","title":{"rendered":"KONTAKTAI"},"content":{"rendered":"\n<div class=\"wp-block-media-text alignwide has-media-on-the-right is-stacked-on-mobile is-image-fill has-background\" style=\"background-color:#f6f9fb\"><figure class=\"wp-block-media-text__media\" style=\"background-image:url(http:\/\/web.vu.lt\/khf\/e.gabrenaite\/wp-content\/uploads\/2021\/05\/logo_lt-1024x538.png);background-position:50% 50%\"><img loading=\"lazy\" decoding=\"async\" width=\"1024\" height=\"538\" src=\"http:\/\/web.vu.lt\/khf\/e.gabrenaite\/wp-content\/uploads\/2021\/05\/logo_lt-1024x538.png\" alt=\"\" class=\"wp-image-121 size-full\" srcset=\"http:\/\/web.vu.lt\/khf\/e.gabrenaite\/wp-content\/uploads\/2021\/05\/logo_lt-1024x538.png 1024w, http:\/\/web.vu.lt\/khf\/e.gabrenaite\/wp-content\/uploads\/2021\/05\/logo_lt-300x158.png 300w, http:\/\/web.vu.lt\/khf\/e.gabrenaite\/wp-content\/uploads\/2021\/05\/logo_lt-768x403.png 768w, http:\/\/web.vu.lt\/khf\/e.gabrenaite\/wp-content\/uploads\/2021\/05\/logo_lt.png 1200w\" sizes=\"auto, (max-width: 1024px) 100vw, 1024px\" \/><\/figure><div class=\"wp-block-media-text__content\">\n<p class=\"has-background\" style=\"background-color:#f3f7fa\"><strong>Dr. Egl\u0117 Gabr\u0117nait\u0117<\/strong><br>Kalb\u0173, literat\u016bros ir vertimo studij\u0173 institutas<br>El. p. <a href=\"mailto:egle.gabrenaite@knf.vu.lt\">egle.gabrenaite@knf.vu.lt<\/a><br>Vilniaus universiteto Kauno fakultetas<br>Muitin\u0117s g. 8, Kaunas LT-44280<br><a href=\"http:\/\/www.knf.vu.lt\">www.knf.vu.lt<\/a><\/p>\n<\/div><\/div>\n\n\n\n<p class=\"has-drop-cap has-text-align-left has-background\" style=\"background-color:#fbf2f4\"><strong>Moksliniai interesai:<\/strong> <br>paveiki\u0173j\u0173 diskurs\u0173 retorika, <br>paveikioji komunikacija ir propaganda, <br>lingvistin\u0117 ir stilistin\u0117 diskurso analiz\u0117, <br>norminamoji kalbotyra.<\/p>\n\n\n\n<div class=\"wp-block-columns is-layout-flex wp-container-core-columns-is-layout-9d6595d7 wp-block-columns-is-layout-flex\">\n<div class=\"wp-block-column is-layout-flow wp-block-column-is-layout-flow\">\n<figure class=\"wp-block-image size-large is-resized\"><img loading=\"lazy\" decoding=\"async\" src=\"http:\/\/web.vu.lt\/khf\/e.gabrenaite\/wp-content\/uploads\/2021\/05\/1.png\" alt=\"\" class=\"wp-image-74\" width=\"190\" height=\"60\"\/><figcaption><strong><a href=\"https:\/\/orcid.org\/0000-0002-4904-0148\" data-type=\"URL\" data-id=\"https:\/\/orcid.org\/0000-0002-4904-0148\" target=\"_blank\" rel=\"noreferrer noopener\">ORCIDiD<\/a><\/strong><\/figcaption><\/figure>\n<\/div>\n\n\n\n<div class=\"wp-block-column is-layout-flow wp-block-column-is-layout-flow\">\n<figure class=\"wp-block-image size-large\"><img loading=\"lazy\" decoding=\"async\" width=\"190\" height=\"60\" src=\"http:\/\/web.vu.lt\/khf\/e.gabrenaite\/wp-content\/uploads\/2021\/05\/2.png\" alt=\"\" class=\"wp-image-75\"\/><figcaption><strong><a rel=\"noreferrer noopener\" href=\"https:\/\/www.researchgate.net\/profile\/Egle-Gabrenaite\" target=\"_blank\">ResearchGate<\/a><\/strong><\/figcaption><\/figure>\n\n\n\n<p><\/p>\n<\/div>\n\n\n\n<div class=\"wp-block-column is-layout-flow wp-block-column-is-layout-flow\">\n<figure class=\"wp-block-image size-large is-resized\"><img loading=\"lazy\" decoding=\"async\" src=\"http:\/\/web.vu.lt\/khf\/e.gabrenaite\/wp-content\/uploads\/2021\/05\/Untitled-1.png\" alt=\"\" class=\"wp-image-80\" width=\"190\" height=\"60\"\/><figcaption><a rel=\"noreferrer noopener\" href=\"https:\/\/www.linkedin.com\/in\/egl%C4%97-gabr%C4%97nait%C4%97-5439021ba\/\" target=\"_blank\"><strong>LinkedIn<\/strong><\/a><\/figcaption><\/figure>\n<\/div>\n<\/div>\n\n\n\n<p><\/p>\n","protected":false},"excerpt":{"rendered":"<p>Dr. Egl\u0117 Gabr\u0117nait\u0117Kalb\u0173, literat\u016bros ir vertimo studij\u0173 institutasEl. p. egle.gabrenaite@knf.vu.ltVilniaus universiteto Kauno fakultetasMuitin\u0117s g. 8, Kaunas LT-44280www.knf.vu.lt Moksliniai interesai: paveiki\u0173j\u0173 diskurs\u0173 retorika, paveikioji komunikacija ir propaganda, lingvistin\u0117 ir stilistin\u0117 diskurso analiz\u0117, norminamoji kalbotyra.<\/p>\n","protected":false},"author":1,"featured_media":0,"parent":0,"menu_order":1,"comment_status":"closed","ping_status":"closed","template":"","meta":{"footnotes":""},"class_list":["post-2","page","type-page","status-publish","hentry"],"_links":{"self":[{"href":"http:\/\/web.vu.lt\/khf\/e.gabrenaite\/wp-json\/wp\/v2\/pages\/2","targetHints":{"allow":["GET"]}}],"collection":[{"href":"http:\/\/web.vu.lt\/khf\/e.gabrenaite\/wp-json\/wp\/v2\/pages"}],"about":[{"href":"http:\/\/web.vu.lt\/khf\/e.gabrenaite\/wp-json\/wp\/v2\/types\/page"}],"author":[{"embeddable":true,"href":"http:\/\/web.vu.lt\/khf\/e.gabrenaite\/wp-json\/wp\/v2\/users\/1"}],"replies":[{"embeddable":true,"href":"http:\/\/web.vu.lt\/khf\/e.gabrenaite\/wp-json\/wp\/v2\/comments?post=2"}],"version-history":[{"count":8,"href":"http:\/\/web.vu.lt\/khf\/e.gabrenaite\/wp-json\/wp\/v2\/pages\/2\/revisions"}],"predecessor-version":[{"id":139,"href":"http:\/\/web.vu.lt\/khf\/e.gabrenaite\/wp-json\/wp\/v2\/pages\/2\/revisions\/139"}],"wp:attachment":[{"href":"http:\/\/web.vu.lt\/khf\/e.gabrenaite\/wp-json\/wp\/v2\/media?parent=2"}],"curies":[{"name":"wp","href":"https:\/\/api.w.org\/{rel}","templated":true}]}}

<div class="wp-block-media-text alignwide has-media-on-the-right is-stacked-on-mobile is-image-fill has-background" style="background-color:#f6f9fb"><figure class="wp-block-media-text__media" style="background-image:url(http://web.vu.lt/khf/e.gabrenaite/wp-content/uploads/2021/05/logo_lt-1024x538.png);background-position:50% 50%"><img loading="lazy" decoding="async" width="1024" height="538" src="http://web.vu.lt/khf/e.gabrenaite/wp-content/uploads/2021/05/logo_lt-1024x538.png" alt="" class="wp-image-121 size-full" srcset="http://web.vu.lt/khf/e.gabrenaite/wp-content/uploads/2021/05/logo_lt-1024x538.png 1024w, http://web.vu.lt/khf/e.gabrenaite/wp-content/uploads/2021/05/logo_lt-300x158.png 300w, http://web.vu.lt/khf/e.gabrenaite/wp-content/uploads/2021/05/logo_lt-768x403.png 768w, http://web.vu.lt/khf/e.gabrenaite/wp-content/uploads/2021/05/logo_lt.png 1200w" sizes="auto, (max-width: 1024px) 100vw, 1024px" /></figure><div class="wp-block-media-text__content">
<p class="has-background" style="background-color:#f3f7fa"><strong>Dr. Eglė Gabrėnaitė</strong><br>Kalbų, literatūros ir vertimo studijų institutas<br>El. p. <a href="mailto:egle.gabrenaite@knf.vu.lt">egle.gabrenaite@knf.vu.lt</a><br>Vilniaus universiteto Kauno fakultetas<br>Muitinės g. 8, Kaunas LT-44280<br><a href="http://www.knf.vu.lt">www.knf.vu.lt</a></p>
</div></div>



<p class="has-drop-cap has-text-align-left has-background" style="background-color:#fbf2f4"><strong>Moksliniai interesai:</strong> <br>paveikiųjų diskursų retorika, <br>paveikioji komunikacija ir propaganda, <br>lingvistinė ir stilistinė diskurso analizė, <br>norminamoji kalbotyra.</p>



<div class="wp-block-columns is-layout-flex wp-container-core-columns-is-layout-9d6595d7 wp-block-columns-is-layout-flex">
<div class="wp-block-column is-layout-flow wp-block-column-is-layout-flow">
<figure class="wp-block-image size-large is-resized"><img loading="lazy" decoding="async" src="http://web.vu.lt/khf/e.gabrenaite/wp-content/uploads/2021/05/1.png" alt="" class="wp-image-74" width="190" height="60"/><figcaption><strong><a href="https://orcid.org/0000-0002-4904-0148" data-type="URL" data-id="https://orcid.org/0000-0002-4904-0148" target="_blank" rel="noreferrer noopener">ORCIDiD</a></strong></figcaption></figure>
</div>



<div class="wp-block-column is-layout-flow wp-block-column-is-layout-flow">
<figure class="wp-block-image size-large"><img loading="lazy" decoding="async" width="190" height="60" src="http://web.vu.lt/khf/e.gabrenaite/wp-content/uploads/2021/05/2.png" alt="" class="wp-image-75"/><figcaption><strong><a rel="noreferrer noopener" href="https://www.researchgate.net/profile/Egle-Gabrenaite" target="_blank">ResearchGate</a></strong></figcaption></figure>



<p></p>
</div>



<div class="wp-block-column is-layout-flow wp-block-column-is-layout-flow">
<figure class="wp-block-image size-large is-resized"><img loading="lazy" decoding="async" src="http://web.vu.lt/khf/e.gabrenaite/wp-content/uploads/2021/05/Untitled-1.png" alt="" class="wp-image-80" width="190" height="60"/><figcaption><a rel="noreferrer noopener" href="https://www.linkedin.com/in/egl%C4%97-gabr%C4%97nait%C4%97-5439021ba/" target="_blank"><strong>LinkedIn</strong></a></figcaption></figure>
</div>
</div>



<p></p>

<p>Dr. Eglė GabrėnaitėKalbų, literatūros ir vertimo studijų institutasEl. p. egle.gabrenaite@knf.vu.ltVilniaus universiteto Kauno fakultetasMuitinės g. 8, Kaunas LT-44280www.knf.vu.lt Moksliniai interesai: paveikiųjų diskursų retorika, paveikioji komunikacija ir propaganda, lingvistinė ir stilistinė diskurso analizė, norminamoji kalbotyra.</p>
