{"id":2,"date":"2008-06-05T22:19:13","date_gmt":"2008-06-05T19:19:13","guid":{"rendered":""},"modified":"2014-12-22T15:23:25","modified_gmt":"2014-12-22T12:23:25","slug":"tinklarascio-darbuotojui-uzsakymas","status":"publish","type":"page","link":"http:\/\/web.vu.lt\/flf\/tinklarascio-darbuotojui-uzsakymas\/","title":{"rendered":"Tinklara\u0161\u010dio darbuotojui u\u017esakymas"},"content":{"rendered":"<p>Kiekvienas universiteto darbuotojas gali susikurti savo tinklalap\u012f Universiteto tinklara\u0161\u010di\u0173 sistemoje. Norin\u010diuosius pasinaudoti \u0161ia galimybe pra\u0161ome apsilankyti adresu <a href=\"http:\/\/web.vu.lt\/\" target=\"_blank\">web.vu.lt<\/a> ir prisijungus u\u017esisakyti resursus.<\/p>\n<p>Atsakym\u0173 \u012f kilusius klausimus galima ie\u0161koti <a href=\"http:\/\/www.tinklas.vu.lt\/?type=menu&amp;itemID=67\" target=\"_blank\">tinklalapi\u0173 administratori\u0173 skiltyje<\/a>, <a href=\"http:\/\/web.vu.lt\/ittc\/\" target=\"_blank\">ITTC tinklara\u0161tyje<\/a> ar ra\u0161yti webmaster@vu.lt.<\/p>\n","protected":false},"excerpt":{"rendered":"<p>Kiekvienas universiteto darbuotojas gali susikurti savo tinklalap\u012f Universiteto tinklara\u0161\u010di\u0173 sistemoje. Norin\u010diuosius pasinaudoti \u0161ia galimybe pra\u0161ome apsilankyti adresu web.vu.lt ir prisijungus u\u017esisakyti resursus. Atsakym\u0173 \u012f kilusius klausimus galima ie\u0161koti tinklalapi\u0173 administratori\u0173 skiltyje, ITTC tinklara\u0161tyje ar ra\u0161yti webmaster@vu.lt.<\/p>\n","protected":false},"author":23,"featured_media":0,"parent":0,"menu_order":-100,"comment_status":"open","ping_status":"closed","template":"","meta":[],"_links":{"self":[{"href":"http:\/\/web.vu.lt\/flf\/wp-json\/wp\/v2\/pages\/2"}],"collection":[{"href":"http:\/\/web.vu.lt\/flf\/wp-json\/wp\/v2\/pages"}],"about":[{"href":"http:\/\/web.vu.lt\/flf\/wp-json\/wp\/v2\/types\/page"}],"author":[{"embeddable":true,"href":"http:\/\/web.vu.lt\/flf\/wp-json\/wp\/v2\/users\/23"}],"replies":[{"embeddable":true,"href":"http:\/\/web.vu.lt\/flf\/wp-json\/wp\/v2\/comments?post=2"}],"version-history":[{"count":4,"href":"http:\/\/web.vu.lt\/flf\/wp-json\/wp\/v2\/pages\/2\/revisions"}],"predecessor-version":[{"id":53,"href":"http:\/\/web.vu.lt\/flf\/wp-json\/wp\/v2\/pages\/2\/revisions\/53"}],"wp:attachment":[{"href":"http:\/\/web.vu.lt\/flf\/wp-json\/wp\/v2\/media?parent=2"}],"curies":[{"name":"wp","href":"https:\/\/api.w.org\/{rel}","templated":true}]}}