{"id":796,"date":"2016-05-08T12:26:37","date_gmt":"2016-05-08T09:26:37","guid":{"rendered":"http:\/\/web.vu.lt\/flf\/v.zubaitiene\/?page_id=796"},"modified":"2019-02-24T09:58:29","modified_gmt":"2019-02-24T07:58:29","slug":"796-2","status":"publish","type":"page","link":"http:\/\/web.vu.lt\/flf\/v.zubaitiene\/studentams\/destomi-dalykai\/lietuviu-leksikografija\/temos\/leksikografijos-istorija\/796-2\/","title":{"rendered":"Tarptautini\u0173 \u017eod\u017ei\u0173, etimologiniai ir nauja\u017eod\u017ei\u0173 \u017eodynai"},"content":{"rendered":"","protected":true},"excerpt":{"rendered":"","protected":true},"author":34,"featured_media":0,"parent":124,"menu_order":6,"comment_status":"closed","ping_status":"closed","template":"","meta":[],"_links":{"self":[{"href":"http:\/\/web.vu.lt\/flf\/v.zubaitiene\/wp-json\/wp\/v2\/pages\/796"}],"collection":[{"href":"http:\/\/web.vu.lt\/flf\/v.zubaitiene\/wp-json\/wp\/v2\/pages"}],"about":[{"href":"http:\/\/web.vu.lt\/flf\/v.zubaitiene\/wp-json\/wp\/v2\/types\/page"}],"author":[{"embeddable":true,"href":"http:\/\/web.vu.lt\/flf\/v.zubaitiene\/wp-json\/wp\/v2\/users\/34"}],"replies":[{"embeddable":true,"href":"http:\/\/web.vu.lt\/flf\/v.zubaitiene\/wp-json\/wp\/v2\/comments?post=796"}],"version-history":[{"count":6,"href":"http:\/\/web.vu.lt\/flf\/v.zubaitiene\/wp-json\/wp\/v2\/pages\/796\/revisions"}],"predecessor-version":[{"id":808,"href":"http:\/\/web.vu.lt\/flf\/v.zubaitiene\/wp-json\/wp\/v2\/pages\/796\/revisions\/808"}],"up":[{"embeddable":true,"href":"http:\/\/web.vu.lt\/flf\/v.zubaitiene\/wp-json\/wp\/v2\/pages\/124"}],"wp:attachment":[{"href":"http:\/\/web.vu.lt\/flf\/v.zubaitiene\/wp-json\/wp\/v2\/media?parent=796"}],"curies":[{"name":"wp","href":"https:\/\/api.w.org\/{rel}","templated":true}]}}