{"id":12,"date":"2011-04-21T14:12:39","date_gmt":"2011-04-21T12:12:39","guid":{"rendered":"http:\/\/web.vu.lt\/flf\/v.zeimantiene\/"},"modified":"2023-09-23T20:36:48","modified_gmt":"2023-09-23T18:36:48","slug":"destomi-dalykai","status":"publish","type":"page","link":"http:\/\/web.vu.lt\/flf\/v.zeimantiene\/destomi-dalykai\/","title":{"rendered":"D\u0117stomi dalykai \/ Courses"},"content":{"rendered":"<p>Vokie\u010di\u0173 kalbos sintaks\u0117<\/p>\n<p>Vokie\u010di\u0173 kalbos morfologija<\/p>\n<p>Vokie\u010di\u0173 kalbos modalumo rai\u0161ka<\/p>\n<p>Vokie\u010di\u0173 kalbotyros seminaras: semantiniai funkciniai laukai<\/p>\n<p>Vokie\u010di\u0173 kalbotyros seminaras: gramatin\u0117s veiksma\u017eod\u017eio kategorijos<\/p>\n<p>\u017diniasklaidos tekst\u0173 \u017eanrai<\/p>\n<p>Gretinamosios gramatikos \u012fvadas<\/p>\n<p>Vokie\u010di\u0173 ir lietuvi\u0173 kalbos gretinamoji gramatika<\/p>\n<p>Baud\u017eiamosios teis\u0117s ir baud\u017eiamojo proceso teis\u0117s kalba<\/p>\n","protected":false},"excerpt":{"rendered":"<p>Vokie\u010di\u0173 kalbos sintaks\u0117 Vokie\u010di\u0173 kalbos morfologija Vokie\u010di\u0173 kalbos modalumo rai\u0161ka Vokie\u010di\u0173 kalbotyros seminaras: semantiniai funkciniai laukai Vokie\u010di\u0173 kalbotyros seminaras: gramatin\u0117s veiksma\u017eod\u017eio kategorijos \u017diniasklaidos tekst\u0173 \u017eanrai Gretinamosios gramatikos \u012fvadas Vokie\u010di\u0173 ir lietuvi\u0173 kalbos gretinamoji gramatika Baud\u017eiamosios teis\u0117s ir baud\u017eiamojo proceso teis\u0117s kalba<\/p>\n","protected":false},"author":16,"featured_media":0,"parent":0,"menu_order":1,"comment_status":"closed","ping_status":"open","template":"","meta":[],"_links":{"self":[{"href":"http:\/\/web.vu.lt\/flf\/v.zeimantiene\/wp-json\/wp\/v2\/pages\/12"}],"collection":[{"href":"http:\/\/web.vu.lt\/flf\/v.zeimantiene\/wp-json\/wp\/v2\/pages"}],"about":[{"href":"http:\/\/web.vu.lt\/flf\/v.zeimantiene\/wp-json\/wp\/v2\/types\/page"}],"author":[{"embeddable":true,"href":"http:\/\/web.vu.lt\/flf\/v.zeimantiene\/wp-json\/wp\/v2\/users\/16"}],"replies":[{"embeddable":true,"href":"http:\/\/web.vu.lt\/flf\/v.zeimantiene\/wp-json\/wp\/v2\/comments?post=12"}],"version-history":[{"count":14,"href":"http:\/\/web.vu.lt\/flf\/v.zeimantiene\/wp-json\/wp\/v2\/pages\/12\/revisions"}],"predecessor-version":[{"id":2347,"href":"http:\/\/web.vu.lt\/flf\/v.zeimantiene\/wp-json\/wp\/v2\/pages\/12\/revisions\/2347"}],"wp:attachment":[{"href":"http:\/\/web.vu.lt\/flf\/v.zeimantiene\/wp-json\/wp\/v2\/media?parent=12"}],"curies":[{"name":"wp","href":"https:\/\/api.w.org\/{rel}","templated":true}]}}