{"id":68,"date":"2015-06-17T18:23:29","date_gmt":"2015-06-17T16:23:29","guid":{"rendered":"http:\/\/web.vu.lt\/flf\/v.masiulionyte\/?page_id=68"},"modified":"2022-09-24T10:55:47","modified_gmt":"2022-09-24T08:55:47","slug":"projektai","status":"publish","type":"page","link":"http:\/\/web.vu.lt\/flf\/v.masiulionyte\/projektai\/","title":{"rendered":"Projektai \/ Projects"},"content":{"rendered":"<p>Projektas \u201eAuk\u0161t\u0173j\u0173 mokykl\u0173 tinklo optimizavimas ir studij\u0173 kokyb\u0117s gerinimas \u0160iauli\u0173 universitet\u0105 prijungiant prie Vilniaus universiteto\u201c. Projekto \u012fgyvendinimo laikotarpis \u2013 2020 m. baland\u017eio 15 d. \u2013 2023 m. rugs\u0117jo 1 d. Finansuojamas i\u0161 Europos socialinio fondo l\u0117\u0161\u0173 pagal 2014\u20132020 met\u0173 Europos S\u0105jungos fond\u0173 investicij\u0173 veiksm\u0173 programos 9\u00a0prioriteto \u201eVisuomen\u0117s \u0161vietimas ir \u017emogi\u0161k\u0173j\u0173 i\u0161tekli\u0173 potencialo didinimas\u201c \u012fgyvendinimo priemon\u0119 Nr. 09.3.1-ESFA-V-738 \u201eAuk\u0161t\u0173j\u0173 mokykl\u0173 tinklo tobulinimas\u201c. Projekto Nr. 09.3.1.-ESFA-V-738-03-0001. Pareigos: projekto ekspert\u0117.<\/p>\n<p>Projektas DUO: \u201ePraktisches und methodisches Handbuch f\u00fcr Deutsch-Unterricht Online\u201c (\u201ePractical and methodical handbook for teaching German online\u201c). 2021-03-01\u20132023-02-28. Finansuojamas Europos S\u0105jungos Erasmus+ programos \u201eKA226 &#8211; Partnerships for Digital Education Readiness (School education)\u201c l\u0117\u0161omis. Projekto Nr. 020-1-SK01-KA226-SCH-094410. Pareigos: universiteto dalies projekto vadov\u0117, projekto tyr\u0117ja.<\/p>\n<p><span class=\"wf_file_text\"><a class=\"wf_file\" href=\"https:\/\/www.flf.vu.lt\/dokumentai\/katedros_ir_centrai\/vokieciu_filologijos_katedra\/GIP-projektas.pdf\">Vilniaus universiteto Vokie\u010di\u0173 filologijos katedros ir Duisburgo-Eseno universiteto Germanistikos ir lingvistikos katedr\u0173 partneryst\u0117s projektas (2017-2019)<\/a><\/span><\/p>\n<p>\u201eTarpkult\u016briniai humoro aspektai vie\u0161ajame diskurse\u201c. 2014-07-09\u20132014-12-13. Remtas Baltijos \u0161ali\u0173 ir Vokietijos auk\u0161t\u0173j\u0173 mokykl\u0173 biuro per Vokietijos akademini\u0173 main\u0173 tarnyb\u0105 (DAAD) Vokietijos Federacin\u0117s Respublikos U\u017esienio reikal\u0173 ministerijos l\u0117\u0161omis.<\/p>\n<p>Mokymosi vis\u0105 gyvenim\u0105 (LLP) programos daugia\u0161alio kalb\u0173 projektas \u201eKoGloss: Konstrukcij\u0173 glosarijai besimokantiems dalykin\u0117s kalbos \u2013 vokie\u010di\u0173, est\u0173, latvi\u0173, lietuvi\u0173\u201c. 2011-01-01\u20132012-12-31. Projekto Nr.: 511437-LLP-1- 2010-1-DE-KA2-KA2MP. <a href=\"https:\/\/www.uni-due.de\/kogloss.eu\/\">https:\/\/www.uni-due.de\/kogloss.eu\/<\/a><\/p>\n","protected":false},"excerpt":{"rendered":"<p>Projektas \u201eAuk\u0161t\u0173j\u0173 mokykl\u0173 tinklo optimizavimas ir studij\u0173 kokyb\u0117s gerinimas \u0160iauli\u0173 universitet\u0105 prijungiant prie Vilniaus universiteto\u201c. Projekto \u012fgyvendinimo laikotarpis \u2013 2020 m. baland\u017eio 15 d. \u2013 2023 m. rugs\u0117jo 1 d. Finansuojamas i\u0161 Europos socialinio fondo l\u0117\u0161\u0173 pagal 2014\u20132020 met\u0173 Europos S\u0105jungos fond\u0173 investicij\u0173 veiksm\u0173 programos 9\u00a0prioriteto \u201eVisuomen\u0117s \u0161vietimas ir \u017emogi\u0161k\u0173j\u0173 i\u0161tekli\u0173 potencialo didinimas\u201c \u012fgyvendinimo priemon\u0119 [&hellip;]<\/p>\n","protected":false},"author":15,"featured_media":0,"parent":0,"menu_order":4,"comment_status":"open","ping_status":"closed","template":"","meta":[],"_links":{"self":[{"href":"http:\/\/web.vu.lt\/flf\/v.masiulionyte\/wp-json\/wp\/v2\/pages\/68"}],"collection":[{"href":"http:\/\/web.vu.lt\/flf\/v.masiulionyte\/wp-json\/wp\/v2\/pages"}],"about":[{"href":"http:\/\/web.vu.lt\/flf\/v.masiulionyte\/wp-json\/wp\/v2\/types\/page"}],"author":[{"embeddable":true,"href":"http:\/\/web.vu.lt\/flf\/v.masiulionyte\/wp-json\/wp\/v2\/users\/15"}],"replies":[{"embeddable":true,"href":"http:\/\/web.vu.lt\/flf\/v.masiulionyte\/wp-json\/wp\/v2\/comments?post=68"}],"version-history":[{"count":10,"href":"http:\/\/web.vu.lt\/flf\/v.masiulionyte\/wp-json\/wp\/v2\/pages\/68\/revisions"}],"predecessor-version":[{"id":357,"href":"http:\/\/web.vu.lt\/flf\/v.masiulionyte\/wp-json\/wp\/v2\/pages\/68\/revisions\/357"}],"wp:attachment":[{"href":"http:\/\/web.vu.lt\/flf\/v.masiulionyte\/wp-json\/wp\/v2\/media?parent=68"}],"curies":[{"name":"wp","href":"https:\/\/api.w.org\/{rel}","templated":true}]}}