{"id":318,"date":"2020-04-06T16:04:57","date_gmt":"2020-04-06T14:04:57","guid":{"rendered":"http:\/\/web.vu.lt\/flf\/v.masiulionyte\/?page_id=318"},"modified":"2024-01-05T16:16:14","modified_gmt":"2024-01-05T14:16:14","slug":"mokymo-priemones","status":"publish","type":"page","link":"http:\/\/web.vu.lt\/flf\/v.masiulionyte\/publikacijos\/mokymo-priemones\/","title":{"rendered":"Mokymo priemon\u0117s \/ Course books"},"content":{"rendered":"<p>Masiulionyt\u0117, Virginija, \u017deimantien\u0117, Vaiva. 2017. <em><a href=\"http:\/\/web.vu.lt\/flf\/v.masiulionyte\/publikacijos\/deutsche-lerngrammatik-masiulionyte-zeimantiene\/\" rel=\"attachment wp-att-241\">Deutsche Lerngrammatik unter Ber\u00fccksichtigung des Litauischen: Der verbale Bereich<\/a><\/em>. Vilniaus universiteto vadov\u0117lis. Vilnius: Vilniaus universiteto leidykla.<\/p>\n<p>Masiulionyt\u0117, Virginija, Plau\u0161inaityt\u0117, Lina. 2016. <em><a href=\"http:\/\/web.vu.lt\/flf\/v.masiulionyte\/publikacijos\/rechtsprache-deutsch-arbeitsbuch-zum-burgerlichen-recht-masiulionyte-plausinaityte\/\" rel=\"attachment wp-att-229\">Rechtssprache Deutsch: Arbeitsbuch zum b\u00fcrgerlichen Recht<\/a><\/em>. Vilniaus universitetas.<\/p>\n<p>Masiulionyt\u0117, Virginija, Paliukonien\u0117, Violeta. 2011. <em>\u00dcber Politik auf Deutsch. Ein Text- und \u00dcbungsbuch f\u00fcr Studierende der Politikwissenschaften<\/em>. Vilniaus universitetas. (kompaktinis diskas).<\/p>\n<p>Daunorien\u0117, Justina, Masiulionyt\u0117, Virginija, Plau\u0161inaityt\u0117, Lina. 2008. <em>Gegenwartsdeutsch I<\/em>: <em>Moderne Kommunikation<\/em>. Vilnius.<\/p>\n<p>Daunorien\u0117, Justina, Masiulionyt\u0117, Virginija, Plau\u0161inaityt\u0117, Lina. 2008. <em>Gegenwartsdeutsch I<\/em>: <em>Bildungswesen in Deutschland<\/em>.\u00a0Vilnius.<\/p>\n","protected":false},"excerpt":{"rendered":"<p>Masiulionyt\u0117, Virginija, \u017deimantien\u0117, Vaiva. 2017. Deutsche Lerngrammatik unter Ber\u00fccksichtigung des Litauischen: Der verbale Bereich. Vilniaus universiteto vadov\u0117lis. Vilnius: Vilniaus universiteto leidykla. Masiulionyt\u0117, Virginija, Plau\u0161inaityt\u0117, Lina. 2016. Rechtssprache Deutsch: Arbeitsbuch zum b\u00fcrgerlichen Recht. Vilniaus universitetas. Masiulionyt\u0117, Virginija, Paliukonien\u0117, Violeta. 2011. \u00dcber Politik auf Deutsch. Ein Text- und \u00dcbungsbuch f\u00fcr Studierende der Politikwissenschaften. Vilniaus universitetas. (kompaktinis diskas). [&hellip;]<\/p>\n","protected":false},"author":15,"featured_media":0,"parent":19,"menu_order":3,"comment_status":"closed","ping_status":"closed","template":"","meta":[],"_links":{"self":[{"href":"http:\/\/web.vu.lt\/flf\/v.masiulionyte\/wp-json\/wp\/v2\/pages\/318"}],"collection":[{"href":"http:\/\/web.vu.lt\/flf\/v.masiulionyte\/wp-json\/wp\/v2\/pages"}],"about":[{"href":"http:\/\/web.vu.lt\/flf\/v.masiulionyte\/wp-json\/wp\/v2\/types\/page"}],"author":[{"embeddable":true,"href":"http:\/\/web.vu.lt\/flf\/v.masiulionyte\/wp-json\/wp\/v2\/users\/15"}],"replies":[{"embeddable":true,"href":"http:\/\/web.vu.lt\/flf\/v.masiulionyte\/wp-json\/wp\/v2\/comments?post=318"}],"version-history":[{"count":4,"href":"http:\/\/web.vu.lt\/flf\/v.masiulionyte\/wp-json\/wp\/v2\/pages\/318\/revisions"}],"predecessor-version":[{"id":407,"href":"http:\/\/web.vu.lt\/flf\/v.masiulionyte\/wp-json\/wp\/v2\/pages\/318\/revisions\/407"}],"up":[{"embeddable":true,"href":"http:\/\/web.vu.lt\/flf\/v.masiulionyte\/wp-json\/wp\/v2\/pages\/19"}],"wp:attachment":[{"href":"http:\/\/web.vu.lt\/flf\/v.masiulionyte\/wp-json\/wp\/v2\/media?parent=318"}],"curies":[{"name":"wp","href":"https:\/\/api.w.org\/{rel}","templated":true}]}}