{"id":21,"date":"2016-11-03T10:26:43","date_gmt":"2016-11-03T12:26:43","guid":{"rendered":"http:\/\/web.vu.lt\/flf\/l.plausinaityte\/?page_id=21"},"modified":"2022-08-31T13:14:20","modified_gmt":"2022-08-31T15:14:20","slug":"destomi-dalykai","status":"publish","type":"page","link":"http:\/\/web.vu.lt\/flf\/l.plausinaityte\/destomi-dalykai\/","title":{"rendered":"D\u0117stomi dalykai"},"content":{"rendered":"<p>Vokie\u010di\u0173 kalbotyros pagrindai<\/p>\n<p>Leksikografija<\/p>\n<p>Politikos vokie\u010di\u0173 kalba<\/p>\n<p>Vertimo praktika<\/p>\n<p>\u0160iuolaikin\u0117 vokie\u010di\u0173 kalba<\/p>\n<p>Vokie\u010di\u0173 kalbos fonetika<\/p>\n<p>Civilin\u0117s teis\u0117s kalba<\/p>\n<p>Civilinio proceso kalba<\/p>\n<p>Baud\u017eiamosios teis\u0117s kalba<\/p>\n","protected":false},"excerpt":{"rendered":"<p>Vokie\u010di\u0173 kalbotyros pagrindai Leksikografija Politikos vokie\u010di\u0173 kalba Vertimo praktika \u0160iuolaikin\u0117 vokie\u010di\u0173 kalba Vokie\u010di\u0173 kalbos fonetika Civilin\u0117s teis\u0117s kalba Civilinio proceso kalba Baud\u017eiamosios teis\u0117s kalba<\/p>\n","protected":false},"author":1,"featured_media":0,"parent":0,"menu_order":1,"comment_status":"closed","ping_status":"closed","template":"","meta":[],"_links":{"self":[{"href":"http:\/\/web.vu.lt\/flf\/l.plausinaityte\/wp-json\/wp\/v2\/pages\/21"}],"collection":[{"href":"http:\/\/web.vu.lt\/flf\/l.plausinaityte\/wp-json\/wp\/v2\/pages"}],"about":[{"href":"http:\/\/web.vu.lt\/flf\/l.plausinaityte\/wp-json\/wp\/v2\/types\/page"}],"author":[{"embeddable":true,"href":"http:\/\/web.vu.lt\/flf\/l.plausinaityte\/wp-json\/wp\/v2\/users\/1"}],"replies":[{"embeddable":true,"href":"http:\/\/web.vu.lt\/flf\/l.plausinaityte\/wp-json\/wp\/v2\/comments?post=21"}],"version-history":[{"count":4,"href":"http:\/\/web.vu.lt\/flf\/l.plausinaityte\/wp-json\/wp\/v2\/pages\/21\/revisions"}],"predecessor-version":[{"id":134,"href":"http:\/\/web.vu.lt\/flf\/l.plausinaityte\/wp-json\/wp\/v2\/pages\/21\/revisions\/134"}],"wp:attachment":[{"href":"http:\/\/web.vu.lt\/flf\/l.plausinaityte\/wp-json\/wp\/v2\/media?parent=21"}],"curies":[{"name":"wp","href":"https:\/\/api.w.org\/{rel}","templated":true}]}}