{"id":16,"date":"2016-11-03T09:46:20","date_gmt":"2016-11-03T11:46:20","guid":{"rendered":"http:\/\/web.vu.lt\/flf\/l.plausinaityte\/?page_id=16"},"modified":"2020-12-16T15:31:37","modified_gmt":"2020-12-16T17:31:37","slug":"projektai","status":"publish","type":"page","link":"http:\/\/web.vu.lt\/flf\/l.plausinaityte\/projektai\/","title":{"rendered":"Projektai"},"content":{"rendered":"<p><strong>Dalyvavimas projektuose<\/strong><\/p>\n<p>\u00a0<\/p>\n<ol>\n<li>Lietuvi\u0173 kalbos skaitmeniniai i\u0161tekliai: elektroninis lietuvi\u0173-vokie\u010di\u0173-lietuvi\u0173 kalb\u0173 \u017eodynas LiVoLi. Projekt\u0105 finansuoja VU Mokslo skatinimo fondas.<\/li>\n<li>Student\u0173 mokslin\u0117s praktikos projektas \u201eDvikalb\u0117 elektronin\u0117 leksikografija su lietuvi\u0173 kalba: lietuvi\u0173-vokie\u010di\u0173 kalb\u0173 \u017eodyn\u0173 makrostrukt\u016bros ir mikrostrukt\u016bros analiz\u0117 ir vertinimas\u201c (proj. vadov\u0117). Projekto vykdytoja BAkalauro pakopos Vokie\u010di\u0173 filologijos programos III kurso student\u0117 Kamil\u0117 Pavydyt\u0117.<\/li>\n<li>\n<p><span title=\"\" role=\"heading\" aria-level=\"2\"><span lang=\"lt\">Student\u0173 mokslin\u0117s praktikos projektas \u201eTarpukario Lietuvoje leist\u0173 periodini\u0173 leidini\u0173 vokie\u010di\u0173 kalba komentuotas skaitmeninis <\/span><\/span><span title=\"\" role=\"heading\" aria-level=\"2\"><span lang=\"lt\">archyvas (proj. vadov\u0117). Projekt\u0105 vykd\u0117 bakalauro pakopos student\u0117 Vidmant\u0117 Nareckait\u0117 pagal 2014\u20132020\u202fm. ES fond\u0173 investicij\u0173 veiksm\u0173 programos, 9\u202fprioriteto \u201eVisuomen\u0117s \u0161vietimas ir \u017emogi\u0161k\u0173j\u0173 i\u0161tekli\u0173 potencialo didinimas\u201c 09.3.3-LMT-K-712 priemon\u0117s \u201eMokslinink\u0173, kit\u0173 tyr\u0117j\u0173, student\u0173 mokslin\u0117s kompetencijos ugdymas per praktin\u0119 mokslin\u0119 veikl\u0105\u201c veiklos \u201eStudent\u0173 geb\u0117jim\u0173 vykdyti MTEP veikl\u0105 ugdymas\u201c poveikl\u0119 \u201eStudent\u0173 geb\u0117jim\u0173 ugdymas vykdant tyrimus semestro metu\u201c. <\/span><\/span><span class=\"rpHighlightAllClass rpHighlightSubjectClass\" title=\"\" role=\"heading\" aria-level=\"2\"><span lang=\"lt\"><span style=\"font-family: Calibri,sans-serif; font-size: small;\"><br \/><\/span><\/span><\/span><\/p>\n<\/li>\n<li>LIETUVI\u0172 BENDRIN\u0116S KALBOS, TARMI\u0172 IR KIT\u0172 KALBOS ATMAIN\u0172 FUNKCIONAVIMO IR KAITOS TYRIM\u0172<br \/>2011\u20132020 M. PROGRAMOS PROJEKTAS \u201e<span lang=\"DE\">STUDENT\u0172 DARB\u0172 FRAZI\u0160KUMO TYRIMAI IR INTERAKTYVUSIS FRAZEM\u0172 S\u0104VADAS\u201c. Projekt\u0105 finansuoja Valstybin\u0117 Lietuvi\u0173 kalbos komisija. 2017 m. vasaris \u2013 2019 m. lapkritis. http:\/\/www.fraziskumas.flf.vu.lt\/<br \/><\/span><\/li>\n<li>Tarptautinis \u0160MM ir ES l\u0117\u0161omis finansuotas projektas \u201eLietuva \u010dia ir ten: kalba, mokslas, kult\u016bra, visuomen\u0117\u201c, proj. Sutarties nr. VP1-2.2-\u0160MM-08-V-02-005, U\u017edavinys: <em>Mokomojo <\/em><em>lietuvi\u0173 \u2013 vokie\u010di\u0173 kalb\u0173 \u017eodyno rengimas<\/em> (vykdytoja, darbo grup\u0117s koordinator\u0117), 2015-01-02 \u2013 2015-05-30, projekto rezultatas: <a href=\"http:\/\/titus.fkidg1.uni-frankfurt.de\/lidew\/index.html\">http:\/\/titus.fkidg1.uni-frankfurt.de\/lidew\/index.html<\/a><\/li>\n<li>Pagal Nacionalin\u0119 lituanistikos pl\u0117tros 2009-2015 met\u0173 program\u0105 vykdytas Lietuvi\u0173 literat\u016bros ir tautosakos instituto projektas skirtas Donelai\u010dio jubiliejini\u0173 met\u0173 leidini\u0173 rengimui (sutarties Nr. LIT-7-8), vykdytoja, parengtas straipsnis ir vis\u0173 jubiliejini\u0173 leidini\u0173 santrauk\u0173 vertimai \u012f vokie\u010di\u0173 kalb\u0105, 2012-2014 m.<\/li>\n<li>Mokymosi vis\u0105 gyvenim\u0105 (LLP) programos daugia\u0161alio kalb\u0173 projektas \u201eKoGloss: Konstrukcij\u0173 glosarijai besimokantiems dalykin\u0117s kalbos \u2013 vokie\u010di\u0173, est\u0173, latvi\u0173, lietuvi\u0173\u201c (koordinator\u0117 VU, vykdytoja). 2011-01-01 \u2013 2012-12-31. Projekto Nr.: 511437-LLP-1- 2010-1-DE-KA2-KA2MP<\/li>\n<li>Valstybin\u0117s lietuvi\u0173 kalbos komisijos remiamas Vilniaus universiteto Lietuvi\u0173 kalbos katedros projektas \u201eKristijono Gotlybo Milkaus \u017eodyno ir gramatikos (1800) mokslinis leidimas\u201c, (vykdytoja, vert\u0117ja) 2011-05-02\u20132013-12-31<\/li>\n<li>Valstybin\u0117s lietuvi\u0173 kalbos komisijos remas Vilniaus universiteto Baltistikos katedros projektas \u201eFrydricho Vilhelmo Hako Vocabvlarivm litthvanico\u2013germanicvm et germanico\u2013litthvanicvm\u2026 Nebst einem Anhang einer kurtzgefa\u00dften Litthauischen Grammatic (1730) mokslinis leidimas\u201c (vykdytoja, vert\u0117ja), 2007-11-01\u20132009-11-01<\/li>\n<li>ES Leonardo da Vin\u010dio Mobilumo projektas \u201eU\u017esienio kalba kaip profesin\u0117 (teis\u0117s, verslo) kalba \u2013 inovacin\u0117s kryptys ir d\u0117stytoj\u0173 profesin\u0117s kompetencijos pl\u0117tra\u201c (vykdytoja), 2006-06-01\u20132007-11-30, Projekto Nr.: LT\/06\/EX\/2\/1051<\/li>\n<\/ol>\n\n\n<p><\/p>\n","protected":false},"excerpt":{"rendered":"<p>Dalyvavimas projektuose \u00a0 Lietuvi\u0173 kalbos skaitmeniniai i\u0161tekliai: elektroninis lietuvi\u0173-vokie\u010di\u0173-lietuvi\u0173 kalb\u0173 \u017eodynas LiVoLi. Projekt\u0105 finansuoja VU Mokslo skatinimo fondas. Student\u0173 mokslin\u0117s praktikos projektas \u201eDvikalb\u0117 elektronin\u0117 leksikografija su lietuvi\u0173 kalba: lietuvi\u0173-vokie\u010di\u0173 kalb\u0173 \u017eodyn\u0173 makrostrukt\u016bros ir mikrostrukt\u016bros analiz\u0117 ir vertinimas\u201c (proj. vadov\u0117). Projekto vykdytoja BAkalauro pakopos Vokie\u010di\u0173 filologijos programos III kurso student\u0117 Kamil\u0117 Pavydyt\u0117. Student\u0173 mokslin\u0117s praktikos projektas [&hellip;]<\/p>\n","protected":false},"author":1,"featured_media":0,"parent":0,"menu_order":2,"comment_status":"closed","ping_status":"closed","template":"","meta":[],"_links":{"self":[{"href":"http:\/\/web.vu.lt\/flf\/l.plausinaityte\/wp-json\/wp\/v2\/pages\/16"}],"collection":[{"href":"http:\/\/web.vu.lt\/flf\/l.plausinaityte\/wp-json\/wp\/v2\/pages"}],"about":[{"href":"http:\/\/web.vu.lt\/flf\/l.plausinaityte\/wp-json\/wp\/v2\/types\/page"}],"author":[{"embeddable":true,"href":"http:\/\/web.vu.lt\/flf\/l.plausinaityte\/wp-json\/wp\/v2\/users\/1"}],"replies":[{"embeddable":true,"href":"http:\/\/web.vu.lt\/flf\/l.plausinaityte\/wp-json\/wp\/v2\/comments?post=16"}],"version-history":[{"count":5,"href":"http:\/\/web.vu.lt\/flf\/l.plausinaityte\/wp-json\/wp\/v2\/pages\/16\/revisions"}],"predecessor-version":[{"id":124,"href":"http:\/\/web.vu.lt\/flf\/l.plausinaityte\/wp-json\/wp\/v2\/pages\/16\/revisions\/124"}],"wp:attachment":[{"href":"http:\/\/web.vu.lt\/flf\/l.plausinaityte\/wp-json\/wp\/v2\/media?parent=16"}],"curies":[{"name":"wp","href":"https:\/\/api.w.org\/{rel}","templated":true}]}}