{"id":62,"date":"2020-12-02T13:32:02","date_gmt":"2020-12-02T15:32:02","guid":{"rendered":"http:\/\/web.vu.lt\/flf\/k.geben\/?page_id=62"},"modified":"2022-09-12T14:37:07","modified_gmt":"2022-09-12T16:37:07","slug":"destomi-dalykai","status":"publish","type":"page","link":"http:\/\/web.vu.lt\/flf\/k.geben\/destomi-dalykai\/","title":{"rendered":"D\u0117stomi dalykai | Courses"},"content":{"rendered":"\n<p><\/p>\n\n\n\n<p>2021\/2022 m. \u0160iuolaikin\u0117 lenk\u0173 kalba (1, 2 kursas), Lenkijos kult\u016bra ir menas, Kalbotyros seminaras (pavasario semestras), Lietuvos kalb\u0173 kontaktai ir kontekstai, Sintaks\u0117 (pavasario semestras); Lenk\u0173 kalba (specialyb\u0117s, Istorijos fakulteto studentams); Dalyko (lenk\u0173 k.) didaktika gretutin\u0117s pedagogikos krypties (GP) ir Mokyklos pedagogikos (PPS) programos studentams<\/p>\n\n\n\n<p>2020\/2021 mm. \u0160iuolaikin\u0117 lenk\u0173 kalba, Kalbotyros \u012fvadas (sem.), Kalbotyros seminaras, Lenk\u0173 kalba (specialyb\u0117s, Istorijos fakulteto studentams), semestrinis ra\u0161to darbas; Dalyko (lenk\u0173 k.) didaktika gretutin\u0117s pedagogikos krypties (GP) ir Mokyklos pedagogikos (PPS) programos studentams<\/p>\n\n\n\n<p>2019\/2020 m. \u0160iuolaikin\u0117 lenk\u0173 kalba (1, 2 kursas), Lenkijos kult\u016bra ir menas, Kalbotyros \u012fvadas (sem.), Kalbotyros seminaras (pavasario semestras), Lietuvos kalb\u0173 kontaktai ir kontekstai, Bakalauro baigiamasis darbas (pavasario semestras); Lenk\u0173 kalba (specialyb\u0117s, Istorijos fakulteto studentams); Dalyko (lenk\u0173 k.) didaktika gretutin\u0117s pedagogikos krypties (GP) ir Mokyklos pedagogikos (PPS) programos studentams<\/p>\n\n\n\n<p>2018\/2019 m. \u0160iuolaikin\u0117 lenk\u0173 kalba (1, 2 kursas), Kalbotyros seminaras (pavasario semestras), Bakalauro baigiamasis darbas (pavasario semestras); Sintaks\u0117 (pavasario semestras); Dalyko (lenk\u0173 k.) didaktika gretutin\u0117s pedagogikos krypties (GP) ir Mokyklos pedagogikos (PPS) programos studentams.<\/p>\n\n\n\n<p><\/p>\n","protected":false},"excerpt":{"rendered":"<p>2021\/2022 m. \u0160iuolaikin\u0117 lenk\u0173 kalba (1, 2 kursas), Lenkijos kult\u016bra ir menas, Kalbotyros seminaras (pavasario semestras), Lietuvos kalb\u0173 kontaktai ir kontekstai, Sintaks\u0117 (pavasario semestras); Lenk\u0173 kalba (specialyb\u0117s, Istorijos fakulteto studentams); Dalyko (lenk\u0173 k.) didaktika gretutin\u0117s pedagogikos krypties (GP) ir Mokyklos pedagogikos (PPS) programos studentams 2020\/2021 mm. \u0160iuolaikin\u0117 lenk\u0173 kalba, Kalbotyros \u012fvadas (sem.), Kalbotyros seminaras, Lenk\u0173 [&hellip;]<\/p>\n","protected":false},"author":1,"featured_media":0,"parent":0,"menu_order":0,"comment_status":"closed","ping_status":"closed","template":"","meta":[],"_links":{"self":[{"href":"http:\/\/web.vu.lt\/flf\/k.geben\/wp-json\/wp\/v2\/pages\/62"}],"collection":[{"href":"http:\/\/web.vu.lt\/flf\/k.geben\/wp-json\/wp\/v2\/pages"}],"about":[{"href":"http:\/\/web.vu.lt\/flf\/k.geben\/wp-json\/wp\/v2\/types\/page"}],"author":[{"embeddable":true,"href":"http:\/\/web.vu.lt\/flf\/k.geben\/wp-json\/wp\/v2\/users\/1"}],"replies":[{"embeddable":true,"href":"http:\/\/web.vu.lt\/flf\/k.geben\/wp-json\/wp\/v2\/comments?post=62"}],"version-history":[{"count":5,"href":"http:\/\/web.vu.lt\/flf\/k.geben\/wp-json\/wp\/v2\/pages\/62\/revisions"}],"predecessor-version":[{"id":170,"href":"http:\/\/web.vu.lt\/flf\/k.geben\/wp-json\/wp\/v2\/pages\/62\/revisions\/170"}],"wp:attachment":[{"href":"http:\/\/web.vu.lt\/flf\/k.geben\/wp-json\/wp\/v2\/media?parent=62"}],"curies":[{"name":"wp","href":"https:\/\/api.w.org\/{rel}","templated":true}]}}