{"id":14,"date":"2020-12-02T11:40:05","date_gmt":"2020-12-02T13:40:05","guid":{"rendered":"http:\/\/web.vu.lt\/flf\/k.geben\/?page_id=14"},"modified":"2026-01-16T10:08:04","modified_gmt":"2026-01-16T12:08:04","slug":"susisiekite","status":"publish","type":"page","link":"http:\/\/web.vu.lt\/flf\/k.geben\/susisiekite\/","title":{"rendered":"Mokslin\u0117 veikla | Scientific activities"},"content":{"rendered":"\n<p><strong>DALYVAVIMAS PROJEKTUOSE<\/strong> | <strong>Project work<\/strong><\/p>\n\n\n\n<p><strong>2025<\/strong> Projektas Nr. 10-046-P-0001 vykdomas pagal 2021\u20132030 m. pl\u0117tros programos valdytojos Lietuvos Respublikos \u0161vietimo, mokslo ir sporto ministerijos \u0161vietimo pl\u0117tros programos pa\u017eangos priemon\u0119 Nr.&nbsp;12-003-03-06-01 \u201ePirmiausia \u2013 mokytojas\u201c, finansuojamas \u201eNextGenerationEU\u201c l\u0117\u0161omis. [Nacionalin\u0117 pedagogini\u0173 darbuotoj\u0173 kvalifikacijos tobulinimo programa&nbsp;\u201eKalb\u0173 mokymo(si) optimizavimas pasitelkus generatyvin\u012f dirbtin\u012f intelekt\u0105 (GDI)\u201c], vykdytoja, <a href=\"https:\/\/tiny.pl\/g78r1h06\">https:\/\/tiny.pl\/g78r1h06<\/a><\/p>\n\n\n\n<p><strong>2023<\/strong> Testuj sw\u00f3j polski na Litwie! Upowszechnienie systemu certyfikacji polszczyzny za granic\u0105\u201d[\u201ePasitikrink savo lenk\u0173 kalb\u0105 Lietuvoje! <a href=\"https:\/\/www.flf.vu.lt\/lenku-kalbos-sertifikacija\">Lenk\u0173 kalbos sertifikavimo sistemos populiarinimas u\u017esienyje<\/a>] BJP\/PJP\/2022\/1\/00028 Vroclavo universitetas <\/p>\n\n\n\n<p><strong>2023<\/strong> Nacionalin\u0117s \u0161vietimo agent\u016bros projektas \u201eT\u0119sk: ateik, tobul\u0117k, prisid\u0117k!\u201c programa \u201e<a href=\"https:\/\/www.fsf.vu.lt\/studentams\/studiju-kokybe\/143-studijos\/pedagogines-studijos\/5476-lenku-kalbos-mokomojo-dalyko-modulis\">Lenk\u0173 kalbos mokomojo dalyko modulis<\/a>\u201c <\/p>\n\n\n\n<p><strong>2022\/2023<\/strong> Valstybin\u0117s lituanistini\u0173 tyrim\u0173 ir sklaidos 2016\u20132024 met\u0173 programos X kvietimo sklaidos projektas (\u017eurnalo \u201eTaikomoji kalbotyra\u201c veikla)<\/p>\n\n\n\n<p><strong>2021<\/strong>\/2023 Projekto pavadinimas \u201e<strong>Auk\u0161t\u0173j\u0173 mokykl\u0173 tinklo optimizavimas ir studij\u0173 kokyb\u0117s gerinimas \u0160iauli\u0173 universitet\u0105 prijungiant prie Vilniaus universiteto<\/strong>\u201c NR. 09.3.1.-ESFA-V-738-03-0001<\/p>\n\n\n\n<p><strong>2020\/2021<\/strong> Nacionalin\u0117s \u0161vietimo agent\u016bros vykdomas projektas \u201e<strong>Skaitmeninio ugdymo turinio k\u016brimas ir diegimas<\/strong>\u201c (projekto kodas Nr. 09.2.1-ESFA-V-726-03-0001) veikla \u201eBendr\u0173j\u0173 ugdymo program\u0173 ir jas lydin\u010dios med\u017eiagos rengimas\u201c, metodinik\u0117<\/p>\n\n\n\n<p><strong>Nuo 2020<\/strong> Dalyvavimas COST (European Cooperation in Science and Technology) Action CA19102 <strong>\u201eLanguage In The Human-Machine Era\u201c<\/strong> (LITHME), projekte (vadovas <a href=\"mailto:dave.sayers@cantab.net\">Dr Dave Sayers<\/a>, University of Jyv\u00e4skyl\u00e4) <a rel=\"noreferrer noopener\" href=\"http:\/\/www.lithme.xn--eu-02t\/\" target=\"_blank\">www.lithme.eu<\/a> |International EU project COST Action CA19102 <strong>Language in the Human Machine Era (LITHME)<\/strong>. Coordinator: Dr D. Sayers, University of Jyv\u00e4skyl\u00e4.<\/p>\n\n\n\n<p><strong>03.2013\u201311.2013 \u201e<a href=\"http:\/\/www.kalbuzemelapis.flf.vu.lt\/\">Kalbos Lietuvos miestuose<\/a>\u201c <\/strong>&nbsp;projekto dalyv\u0117 ir administrator\u0117 <strong>(<\/strong>projekto vadov\u0117 prof. dr. Meilut\u0117 Ramonien\u0117 (Lietuvos mokslo taryba, sutarties Nr. LIT-7-51).<\/p>\n\n\n\n<p><strong>2010\u20132012 \u201eSociolingvistinis Lietuvos \u017eem\u0117lapis: miestai ir miesteliai\u201c<\/strong> projekto dalyv\u0117 ir administrator\u0117 (LMT Nacionalin\u0117 programa <em>Lituanistikos pl\u0117tra,<\/em> vadov\u0117 prof. Meilut\u0117 Ramonien\u0117, sutarties Nr. LIT-2-18,).<strong><\/strong><\/p>\n\n\n\n<p><strong>2007\u20132009 \u201eKalb\u0173 vartojimas ir tautin\u0117 tapatyb\u0117 Lietuvos miestuose\u201c (\u201eMiestai ir kalbos\u201c)<\/strong> projekto dalyv\u0117 (Lietuvos valstybinio mokslo ir studij\u0173 fondo remiamos veiklos kryptis \u201eFondo inicijuotos programos \u2013 ministerij\u0173 u\u017esakom\u0173 program\u0173 projektai\u201c; vykdytojas VU, &nbsp;vadov\u0117 prof. Meilut\u0117 Ramonien\u0117)<\/p>\n\n\n\n<p><strong>2007\u20132009<\/strong> <strong>\u201eSpecializuoto mokomojo lietuvi\u0173-lenk\u0173 \u017eodyno rengimas\u201c<\/strong> projekto dalyv\u0117. (sutarties Nr. VP-2\/2007, projekt\u0105 r\u0117m\u0117 Valstybin\u0117 lietuvi\u0173 kalbos komisija, vadov\u0117 Beata Piasecka).<\/p>\n\n\n\n<p><strong>2004\u20132007 <\/strong>Projekto \u201c<strong>CULPOLANG \u2013 An Integrated Multimedia Study Solution to Learning of Polish Language and Culture<\/strong>\u201d Leonardo PL\/03\/B\/F\/LA\/174 029 dalyv\u0117 (Koordinatorius \u2013 Fundacja Warszawskie Centrum Studenckiego Ruchu Naukowego, Lenkija).<\/p>\n\n\n\n<p><strong>EKSPERTAVIMAS IR NARYST\u0116<\/strong> <strong>|Membership in organizations, expertising<\/strong><\/p>\n\n\n\n<p><\/p>\n\n\n\n<p><strong>Member of the Editorial Staff<\/strong>: <em>Slavistica Vilnensis<\/em> \u2013 peer-reviewed scientific journal published by Vilnius University. 2025 <\/p>\n\n\n\n<p>Member of the Lithuanian Association of Applied Linguistics (LITAKA), www.litaka.lt | Lietuvos taikomosios kalbotyros asociacijos (LITAKA) <a href=\"http:\/\/litaka.lt\/apie-mus\/nariai\/\">nar\u0117<\/a>, <\/p>\n\n\n\n<p>Member of the Association of Polish Scholars in Lithuania | Lietuvos lenk\u0173 mokslinink\u0173 draugijos <a href=\"http:\/\/www.snpl.lt\/lista.php\">nar\u0117 <\/a><\/p>\n\n\n\n<p>Lietuvos slavist\u0173 asociacijos nar\u0117\u00a0<a rel=\"noreferrer noopener\" href=\"https:\/\/www.flf.vu.lt\/apie-fakulteta\/draugijos?view=article&amp;id=6003\" target=\"_blank\">https:\/\/www.flf.vu.lt\/apie-fakulteta\/draugijos?view=article&amp;id=6003<\/a><\/p>\n\n\n\n<p>Member of the sub-committee of Sociolinguistics of the Committee of Slavic Studies | Sociolingvistikos komisijos prie Tarptautinio slavist\u0173 komiteto nar\u0117 https:\/\/komisjasocjolingwistyki.ukw.edu.pl\/jednostka\/komisja-socjolingwistyki\/czlonkowie-komisji\/81930\/kinga-geben <\/p>\n\n\n\n<p>Member of the Evaluation Committee in the Olympiad of Polish in Lithuania<\/p>\n\n\n\n<p>DALYVAVIMAS DOKTORANT\u0172 RENGIME<\/p>\n\n\n\n<p>Nuo 2025 Doktorant\u0117s <strong>Liu Zixuan<\/strong>disertacijos&nbsp;mokslin\u0117&nbsp;konsultant\u0117 (patvirtinta Gdansko universitete). <strong>Since 2025 \u2013 Assistant supervisor (co-supervisor) of a PhD dissertation at the University of Gda\u0144sk (doctoral student: Liu Zixuan).<\/strong><\/p>\n\n\n\n<p><strong>Disertacij\u0173 gynimo tarybos nar\u0117<\/strong> | <strong>Member of PhD dissertations defenses<\/strong><\/p>\n\n\n\n<p>Inga Dara\u0161kien\u0117, <em>Vilniaus kalbinis kra\u0161tovaizdis<\/em>, 2026 m. sausio 30 d., VU<\/p>\n\n\n\n<p>Egl\u0117 Vais\u0117tait\u0117, <em>Airijos lietuvi\u0173 gimtosios kalbos atricijos po\u017eymiai \u017eodyne<\/em>, 2021 m. gruod\u017eio 21\u00a0 d., VU<\/p>\n\n\n\n<p>Monika Bogdzevi\u010d, <em>PYK\u010cIO, BAIM\u0116S ir G\u0116DOS jausmai lietuvi\u0173 kalboje i\u0161 kognityvin\u0117s ir kult\u016brin\u0117s perspektyvos<\/em>, 2020 spalio 19 d., VU<\/p>\n\n\n\n<p>Veronika Girininkait\u0117, <em>Kalb\u0173 ir kult\u016br\u0173 s\u0105veika keliakalbio idiolekte. Atvejo analiz\u0117: Vytauto Civinskio Dienora\u0161tis (1904\u20131910),<\/em> 2019 spalio 16 d.,VU<\/p>\n\n\n\n<p>Ramun\u0117 \u010ci\u010dirkait\u0117,&nbsp; <em>Vilniaus kalbos fonetini\u0173 ypatybi\u0173 socialin\u0117s reik\u0161m\u0117s: stigmatizuojamas ilginimas ir santykis su \u017einiasklaidos kalba,<\/em> 2019 m. rugs\u0117jo 20 d., Lietuvi\u0173 kalbos institute<\/p>\n\n\n\n<p>Kristina Jakait\u0117-Bulbukien\u0117, <em>Lietuvi\u0173 emigrant\u0173 \u0161eima: kalba ir tapatyb\u0117<\/em>, 2015 08 31, VU<\/p>\n\n\n\n<p><strong>Doktorant\u016bros studij\u0173 dalyko \u201eSociolingvistika\u201c egzamin\u0173 komisijos nar\u0117:<\/strong><\/p>\n\n\n\n<p>Lina Kalnaityt\u0117 (2025 06 27), Martynas Vingrys (2022 10 13), Richard Udes, Angelica Peccini (2022 03 30), Jelena Kirejeva  (2021 01 28), Aurelija Me\u0161kerevi\u010di\u016bt\u0117  (2021 12 13),&nbsp;Inga Dara\u0161kien\u0117, Monika Triau\u0161yt\u0117 (2020 02 26), Danguol\u0117 K &nbsp;Kapkanait\u0117, Dalia Sabaliauskien\u0117, An\u017eelika Teres\u0117 (2019 02 18), Asta \u017duklyt\u0117 (2017 02 06) , Giedr\u0117 Ol\u0161evi\u010di\u016bt\u0117 (2017 06 20), Justina Bru\u017eait\u0117 Liseckien\u0117 (2017 11 10), Justina Mandravickait\u0117 (2016 09 19), Egl\u0117 Vais\u0117tait\u0117 (2016 02 29), &nbsp;Sandra Gaigalait\u0117 (2016 01 28), Erika Merkyte \u0160varcien\u0117 (2015 05 29), Egl\u0117 \u017durauskait\u0117 (2015 10 01), Veslava Ra\u010dickaja (2015 05 29), Veronika Girininkait\u0117 (2015 05 29), Svetlana Markova (2014 01 13), Dalia Pinkevi\u010dien\u0117, Salom\u0117ja Bandori\u016bt\u0117 (2013 01 25), Simona Amankevi\u010di\u016bt\u0117, Antanas Keturakis (2013 10 15)<\/p>\n\n\n\n<p>&nbsp;<strong>Doktorant\u016bros studij\u0173 dalyko \u201eLietuvi\u0173-lenk\u0173 paribio kult\u016bra\u201c egzamin\u0173 komisijos nar\u0117<\/strong>: &nbsp;<\/p>\n\n\n\n<p>Violeta \u0160vaikovskaja (2023 02 06), Jozef Markiewicz (2024 09 16)<\/p>\n","protected":false},"excerpt":{"rendered":"<p>DALYVAVIMAS PROJEKTUOSE | Project work 2025 Projektas Nr. 10-046-P-0001 vykdomas pagal 2021\u20132030 m. pl\u0117tros programos valdytojos Lietuvos Respublikos \u0161vietimo, mokslo ir sporto ministerijos \u0161vietimo pl\u0117tros programos pa\u017eangos priemon\u0119 Nr.&nbsp;12-003-03-06-01 \u201ePirmiausia \u2013 mokytojas\u201c, finansuojamas \u201eNextGenerationEU\u201c l\u0117\u0161omis. [Nacionalin\u0117 pedagogini\u0173 darbuotoj\u0173 kvalifikacijos tobulinimo programa&nbsp;\u201eKalb\u0173 mokymo(si) optimizavimas pasitelkus generatyvin\u012f dirbtin\u012f intelekt\u0105 (GDI)\u201c], vykdytoja, https:\/\/tiny.pl\/g78r1h06 2023 Testuj sw\u00f3j polski na [&hellip;]<\/p>\n","protected":false},"author":1,"featured_media":0,"parent":0,"menu_order":0,"comment_status":"closed","ping_status":"closed","template":"","meta":[],"_links":{"self":[{"href":"http:\/\/web.vu.lt\/flf\/k.geben\/wp-json\/wp\/v2\/pages\/14"}],"collection":[{"href":"http:\/\/web.vu.lt\/flf\/k.geben\/wp-json\/wp\/v2\/pages"}],"about":[{"href":"http:\/\/web.vu.lt\/flf\/k.geben\/wp-json\/wp\/v2\/types\/page"}],"author":[{"embeddable":true,"href":"http:\/\/web.vu.lt\/flf\/k.geben\/wp-json\/wp\/v2\/users\/1"}],"replies":[{"embeddable":true,"href":"http:\/\/web.vu.lt\/flf\/k.geben\/wp-json\/wp\/v2\/comments?post=14"}],"version-history":[{"count":26,"href":"http:\/\/web.vu.lt\/flf\/k.geben\/wp-json\/wp\/v2\/pages\/14\/revisions"}],"predecessor-version":[{"id":336,"href":"http:\/\/web.vu.lt\/flf\/k.geben\/wp-json\/wp\/v2\/pages\/14\/revisions\/336"}],"wp:attachment":[{"href":"http:\/\/web.vu.lt\/flf\/k.geben\/wp-json\/wp\/v2\/media?parent=14"}],"curies":[{"name":"wp","href":"https:\/\/api.w.org\/{rel}","templated":true}]}}