{"id":12,"date":"2010-07-27T11:57:52","date_gmt":"2010-07-27T09:57:52","guid":{"rendered":"http:\/\/web.vu.lt\/flf\/j.daunoriene\/?page_id=12"},"modified":"2026-02-24T16:47:46","modified_gmt":"2026-02-24T14:47:46","slug":"priemimo-valandos-2010-m-ruduo-ziema","status":"publish","type":"page","link":"http:\/\/web.vu.lt\/flf\/j.daunoriene\/priemimo-valandos-2010-m-ruduo-ziema\/","title":{"rendered":"Pri\u0117mimo valandos"},"content":{"rendered":"<p><b><strong>2025-2026 m. m. pavasario semestras<\/strong><\/b><\/p>\n<p>Tre\u010diadieniais 12.00-13.00 val. VU FLF Vokie\u010di\u0173 filologijos katedroje arba d\u0117l kito konsultacijos laiko pra\u0161au susitarti i\u0161 anksto elektroniniu pa\u0161tu: justina.daunoriene@flf.vu.lt<\/p>\n","protected":false},"excerpt":{"rendered":"<p>2025-2026 m. m. pavasario semestras Tre\u010diadieniais 12.00-13.00 val. VU FLF Vokie\u010di\u0173 filologijos katedroje arba d\u0117l kito konsultacijos laiko pra\u0161au susitarti i\u0161 anksto elektroniniu pa\u0161tu: justina.daunoriene@flf.vu.lt<\/p>\n","protected":false},"author":17,"featured_media":0,"parent":0,"menu_order":0,"comment_status":"open","ping_status":"open","template":"","meta":[],"_links":{"self":[{"href":"http:\/\/web.vu.lt\/flf\/j.daunoriene\/wp-json\/wp\/v2\/pages\/12"}],"collection":[{"href":"http:\/\/web.vu.lt\/flf\/j.daunoriene\/wp-json\/wp\/v2\/pages"}],"about":[{"href":"http:\/\/web.vu.lt\/flf\/j.daunoriene\/wp-json\/wp\/v2\/types\/page"}],"author":[{"embeddable":true,"href":"http:\/\/web.vu.lt\/flf\/j.daunoriene\/wp-json\/wp\/v2\/users\/17"}],"replies":[{"embeddable":true,"href":"http:\/\/web.vu.lt\/flf\/j.daunoriene\/wp-json\/wp\/v2\/comments?post=12"}],"version-history":[{"count":25,"href":"http:\/\/web.vu.lt\/flf\/j.daunoriene\/wp-json\/wp\/v2\/pages\/12\/revisions"}],"predecessor-version":[{"id":268,"href":"http:\/\/web.vu.lt\/flf\/j.daunoriene\/wp-json\/wp\/v2\/pages\/12\/revisions\/268"}],"wp:attachment":[{"href":"http:\/\/web.vu.lt\/flf\/j.daunoriene\/wp-json\/wp\/v2\/media?parent=12"}],"curies":[{"name":"wp","href":"https:\/\/api.w.org\/{rel}","templated":true}]}}