{"id":581,"date":"2020-12-30T12:01:44","date_gmt":"2020-12-30T10:01:44","guid":{"rendered":"http:\/\/web.vu.lt\/flf\/g.judzentyte\/?page_id=581"},"modified":"2025-11-14T16:37:27","modified_gmt":"2025-11-14T14:37:27","slug":"sudaryti-leidiniai","status":"publish","type":"page","link":"http:\/\/web.vu.lt\/flf\/g.judzentyte\/moksline-veikla\/straipsniai-2\/sudaryti-leidiniai\/","title":{"rendered":"Sudaryti mokslo leidiniai"},"content":{"rendered":"\n\n\n<p><\/p>\n\n\n\n<div class=\"wp-block-media-text alignwide is-stacked-on-mobile\"><figure class=\"wp-block-media-text__media\"><img loading=\"lazy\" width=\"721\" height=\"1024\" src=\"https:\/\/web.vu.lt\/flf\/g.judzentyte\/files\/2025\/11\/542163406_10234432191497485_2098674096827748628_n-721x1024.jpg\" alt=\"\" class=\"wp-image-684 size-full\" srcset=\"http:\/\/web.vu.lt\/flf\/g.judzentyte\/files\/2025\/11\/542163406_10234432191497485_2098674096827748628_n-721x1024.jpg 721w, http:\/\/web.vu.lt\/flf\/g.judzentyte\/files\/2025\/11\/542163406_10234432191497485_2098674096827748628_n-211x300.jpg 211w, http:\/\/web.vu.lt\/flf\/g.judzentyte\/files\/2025\/11\/542163406_10234432191497485_2098674096827748628_n-768x1092.jpg 768w, http:\/\/web.vu.lt\/flf\/g.judzentyte\/files\/2025\/11\/542163406_10234432191497485_2098674096827748628_n-1081x1536.jpg 1081w, http:\/\/web.vu.lt\/flf\/g.judzentyte\/files\/2025\/11\/542163406_10234432191497485_2098674096827748628_n.jpg 1441w\" sizes=\"(max-width: 721px) 100vw, 721px\" \/><\/figure><div class=\"wp-block-media-text__content\">\n<p>Jud\u017eentyt\u0117-\u0160ink\u016bnien\u0117, Gintar\u0117 (ed.). 2025: Language Variation, Change and Standardisation. Cambridge: Cambridge Scholars Publishing.<\/p>\n<\/div><\/div>\n\n\n\n<p><\/p>\n\n\n\n<hr class=\"wp-block-separator has-alpha-channel-opacity\" \/>\n\n\n\n<p><\/p>\n\n\n\n<div class=\"wp-block-media-text alignwide is-stacked-on-mobile\"><figure class=\"wp-block-media-text__media\"><img loading=\"lazy\" width=\"211\" height=\"300\" src=\"https:\/\/web.vu.lt\/flf\/g.judzentyte\/files\/2025\/11\/image.png\" alt=\"\" class=\"wp-image-688 size-full\" \/><\/figure><div class=\"wp-block-media-text__content\">\n<p>Jud\u017eentyt\u0117-\u0160ink\u016bnien\u0117, Gintar\u0117, Zubaitien\u0117, Vilma (red.) 2018,&nbsp;<em>Balt\u0173 kalb\u0173 tekst\u0173 ir \u017eod\u017ei\u0173 reik\u0161m\u0117s<\/em>, Vilnius: Vilniaus universiteto leidykla.<\/p>\n<\/div><\/div>\n\n\n\n<hr class=\"wp-block-separator has-alpha-channel-opacity\" \/>\n\n\n\n<p><\/p>\n\n\n\n<p class=\"has-medium-font-size\">Sudaryto konferencij\u0173 tez\u0117s<\/p>\n\n\n\n<p><\/p>\n\n\n\n<p><\/p>\n\n\n\n<div class=\"wp-block-media-text alignwide is-stacked-on-mobile\"><figure class=\"wp-block-media-text__media\"><img loading=\"lazy\" width=\"212\" height=\"300\" src=\"https:\/\/web.vu.lt\/flf\/g.judzentyte\/files\/2025\/11\/image-1.png\" alt=\"\" class=\"wp-image-693 size-full\" \/><\/figure><div class=\"wp-block-media-text__content\">\n<p>Jud\u017eentyt\u0117-\u0160ink\u016bnien\u0117, Gintar\u0117 2022,&nbsp;27-oji Jono Jablonskio konferencija <em>(Kalbos) varianti\u0161kumas, kaita ir standartizavimas<\/em>, tez\u0117s, Vilnius: Vilniaus universiteto leidykla.<\/p>\n<\/div><\/div>\n\n\n\n<hr class=\"wp-block-separator has-alpha-channel-opacity\" \/>\n\n\n\n<div class=\"wp-container-2 wp-block-columns\">\n<div class=\"wp-container-1 wp-block-column\" style=\"flex-basis:100%\">\n<p><\/p>\n<\/div>\n<\/div>\n\n\n\n<p><\/p>\n\n\n\n<div class=\"wp-container-3 wp-block-group\"><div class=\"wp-block-group__inner-container\">\n<div class=\"wp-block-media-text alignwide is-stacked-on-mobile is-style-default\"><figure class=\"wp-block-media-text__media\"><img loading=\"lazy\" width=\"232\" height=\"300\" src=\"http:\/\/web.vu.lt\/flf\/g.judzentyte\/files\/2014\/01\/0001-1-232x300.jpg\" alt=\"0001\" class=\"wp-image-531 size-full\" srcset=\"http:\/\/web.vu.lt\/flf\/g.judzentyte\/files\/2014\/01\/0001-1-232x300.jpg 232w, http:\/\/web.vu.lt\/flf\/g.judzentyte\/files\/2014\/01\/0001-1-768x994.jpg 768w, http:\/\/web.vu.lt\/flf\/g.judzentyte\/files\/2014\/01\/0001-1-791x1024.jpg 791w\" sizes=\"(max-width: 232px) 100vw, 232px\" \/><\/figure><div class=\"wp-block-media-text__content\">\n<p>Jud\u017eentyt\u0117-\u0160ink\u016bnien\u0117, Gintar\u0117, Zubaitien\u0117, Vilma 2020,&nbsp;<em>Lietuvi\u0173 kalba Lietuvoje ir pasaulyje \/ Lithuanian Language in Lithuania and in the World<\/em>,&nbsp;Vilnius: Vilniaus universiteto leidykla, 69.<\/p>\n<\/div><\/div>\n<\/div><\/div>\n\n\n\n<p><\/p>\n\n\n\n<p><\/p>\n\n\n\n<hr class=\"wp-block-separator has-alpha-channel-opacity\" \/>\n\n\n\n<div class=\"wp-block-media-text alignwide is-stacked-on-mobile\"><figure class=\"wp-block-media-text__media\"><img loading=\"lazy\" width=\"232\" height=\"300\" src=\"http:\/\/web.vu.lt\/flf\/g.judzentyte\/files\/2014\/01\/variantiskumas-1-232x300.jpg\" alt=\"variantiskumas\" class=\"wp-image-489 size-full\" srcset=\"http:\/\/web.vu.lt\/flf\/g.judzentyte\/files\/2014\/01\/variantiskumas-1-232x300.jpg 232w, http:\/\/web.vu.lt\/flf\/g.judzentyte\/files\/2014\/01\/variantiskumas-1-768x994.jpg 768w, http:\/\/web.vu.lt\/flf\/g.judzentyte\/files\/2014\/01\/variantiskumas-1-791x1024.jpg 791w, http:\/\/web.vu.lt\/flf\/g.judzentyte\/files\/2014\/01\/variantiskumas-1.jpg 1224w\" sizes=\"(max-width: 232px) 100vw, 232px\" \/><\/figure><div class=\"wp-block-media-text__content\">\n<p>Aleksait\u0117, Agn\u0117, Jaroslavien\u0117, Jurgita, Jud\u017eentyt\u0117-\u0160ink\u016bnien\u0117, Gintar\u0117 2019,&nbsp;<em>26th International Scientific Conference of Jonas Jablonskis Linguistic Diversity in the Modern World: Language Power and Prestige<\/em>, Vilnius: Institute of the Lithuanian Language, 108.<\/p>\n<\/div><\/div>\n\n\n\n<p><\/p>\n\n\n\n<p><\/p>\n\n\n\n<hr class=\"wp-block-separator has-alpha-channel-opacity\" \/>\n\n\n\n<div class=\"wp-block-media-text alignwide is-stacked-on-mobile\"><figure class=\"wp-block-media-text__media\"><img loading=\"lazy\" width=\"212\" height=\"300\" src=\"http:\/\/web.vu.lt\/flf\/g.judzentyte\/files\/2014\/01\/variantiskumas-212x300.jpg\" alt=\"variantiskumas\" class=\"wp-image-445 size-full\" srcset=\"http:\/\/web.vu.lt\/flf\/g.judzentyte\/files\/2014\/01\/variantiskumas-212x300.jpg 212w, http:\/\/web.vu.lt\/flf\/g.judzentyte\/files\/2014\/01\/variantiskumas-768x1086.jpg 768w, http:\/\/web.vu.lt\/flf\/g.judzentyte\/files\/2014\/01\/variantiskumas-724x1024.jpg 724w, http:\/\/web.vu.lt\/flf\/g.judzentyte\/files\/2014\/01\/variantiskumas.jpg 1240w\" sizes=\"(max-width: 212px) 100vw, 212px\" \/><\/figure><div class=\"wp-block-media-text__content\">\n<p>Jud\u017eentyt\u0117, Gintar\u0117 2018,&nbsp;<em>25-oji Jono Jablonskio konferencija \u201eVarianti\u0161kumas kalbose ir j\u0173 atmainose\u201c<\/em>, tez\u0117s, Vilnius.<\/p>\n<\/div><\/div>\n\n\n\n<p><\/p>\n\n\n\n<p><\/p>\n\n\n\n<hr class=\"wp-block-separator has-alpha-channel-opacity\" \/>\n\n\n\n<div class=\"wp-block-media-text alignwide is-stacked-on-mobile\"><figure class=\"wp-block-media-text__media\"><img loading=\"lazy\" width=\"200\" height=\"300\" src=\"http:\/\/web.vu.lt\/flf\/g.judzentyte\/files\/2014\/01\/0001-200x300.jpg\" alt=\"0001\" class=\"wp-image-456 size-full\" srcset=\"http:\/\/web.vu.lt\/flf\/g.judzentyte\/files\/2014\/01\/0001-200x300.jpg 200w, http:\/\/web.vu.lt\/flf\/g.judzentyte\/files\/2014\/01\/0001-768x1152.jpg 768w, http:\/\/web.vu.lt\/flf\/g.judzentyte\/files\/2014\/01\/0001-683x1024.jpg 683w, http:\/\/web.vu.lt\/flf\/g.judzentyte\/files\/2014\/01\/0001.jpg 1654w\" sizes=\"(max-width: 200px) 100vw, 200px\" \/><\/figure><div class=\"wp-block-media-text__content\">\n<p>Jud\u017eentyt\u0117, Gintar\u0117 2016,&nbsp;<em>23-ioji Jono Jablonskio konferencija \u201eReik\u0161m\u0117 kalboje ir kult\u016broje\u201c<\/em>, tez\u0117s, Vilnius: Vilniaus universiteto leidykla, 160 psl.<\/p>\n<\/div><\/div>\n\n\n\n<p><\/p>\n","protected":false},"excerpt":{"rendered":"<p>Jud\u017eentyt\u0117-\u0160ink\u016bnien\u0117, Gintar\u0117 (ed.). 2025: Language Variation, Change and Standardisation. Cambridge: Cambridge Scholars Publishing. Jud\u017eentyt\u0117-\u0160ink\u016bnien\u0117, Gintar\u0117, Zubaitien\u0117, Vilma (red.) 2018,&nbsp;Balt\u0173 kalb\u0173 tekst\u0173 ir \u017eod\u017ei\u0173 reik\u0161m\u0117s, Vilnius: Vilniaus universiteto leidykla. Sudaryto konferencij\u0173 tez\u0117s Jud\u017eentyt\u0117-\u0160ink\u016bnien\u0117, Gintar\u0117 2022,&nbsp;27-oji Jono Jablonskio konferencija (Kalbos) varianti\u0161kumas, kaita ir standartizavimas, tez\u0117s, Vilnius: Vilniaus universiteto leidykla. Jud\u017eentyt\u0117-\u0160ink\u016bnien\u0117, Gintar\u0117, Zubaitien\u0117, Vilma 2020,&nbsp;Lietuvi\u0173 kalba Lietuvoje ir [&hellip;]<\/p>\n","protected":false},"author":33,"featured_media":0,"parent":86,"menu_order":4,"comment_status":"closed","ping_status":"closed","template":"","meta":[],"_links":{"self":[{"href":"http:\/\/web.vu.lt\/flf\/g.judzentyte\/wp-json\/wp\/v2\/pages\/581"}],"collection":[{"href":"http:\/\/web.vu.lt\/flf\/g.judzentyte\/wp-json\/wp\/v2\/pages"}],"about":[{"href":"http:\/\/web.vu.lt\/flf\/g.judzentyte\/wp-json\/wp\/v2\/types\/page"}],"author":[{"embeddable":true,"href":"http:\/\/web.vu.lt\/flf\/g.judzentyte\/wp-json\/wp\/v2\/users\/33"}],"replies":[{"embeddable":true,"href":"http:\/\/web.vu.lt\/flf\/g.judzentyte\/wp-json\/wp\/v2\/comments?post=581"}],"version-history":[{"count":30,"href":"http:\/\/web.vu.lt\/flf\/g.judzentyte\/wp-json\/wp\/v2\/pages\/581\/revisions"}],"predecessor-version":[{"id":705,"href":"http:\/\/web.vu.lt\/flf\/g.judzentyte\/wp-json\/wp\/v2\/pages\/581\/revisions\/705"}],"up":[{"embeddable":true,"href":"http:\/\/web.vu.lt\/flf\/g.judzentyte\/wp-json\/wp\/v2\/pages\/86"}],"wp:attachment":[{"href":"http:\/\/web.vu.lt\/flf\/g.judzentyte\/wp-json\/wp\/v2\/media?parent=581"}],"curies":[{"name":"wp","href":"https:\/\/api.w.org\/{rel}","templated":true}]}}