{"id":476,"date":"2019-06-05T16:01:15","date_gmt":"2019-06-05T13:01:15","guid":{"rendered":"http:\/\/web.vu.lt\/flf\/g.judzentyte\/?page_id=476"},"modified":"2019-12-11T08:37:34","modified_gmt":"2019-12-11T06:37:34","slug":"naryste","status":"publish","type":"page","link":"http:\/\/web.vu.lt\/flf\/g.judzentyte\/moksline-veikla\/naryste\/","title":{"rendered":"Naryst\u0117"},"content":{"rendered":"<ul>\n<li id=\"site-description\" style=\"text-align: justify\">Baltijos studij\u0173 pa\u017eangos asociacijos (<em>the Association for the Advancement of Baltic Studies<\/em> \u2013 AABS) nar\u0117<\/li>\n<li style=\"text-align: justify\">Skandinavijos kognityvin\u0117s lingvistikos (SALC) asociacijos nar\u0117<\/li>\n<li style=\"text-align: justify\">Nacionalinio Europos kalb\u0173 atlaso komiteto nar\u0117<\/li>\n<\/ul>\n","protected":false},"excerpt":{"rendered":"<p>Baltijos studij\u0173 pa\u017eangos asociacijos (the Association for the Advancement of Baltic Studies \u2013 AABS) nar\u0117 Skandinavijos kognityvin\u0117s lingvistikos (SALC) asociacijos nar\u0117 Nacionalinio Europos kalb\u0173 atlaso komiteto nar\u0117<\/p>\n","protected":false},"author":33,"featured_media":0,"parent":24,"menu_order":0,"comment_status":"closed","ping_status":"closed","template":"","meta":[],"_links":{"self":[{"href":"http:\/\/web.vu.lt\/flf\/g.judzentyte\/wp-json\/wp\/v2\/pages\/476"}],"collection":[{"href":"http:\/\/web.vu.lt\/flf\/g.judzentyte\/wp-json\/wp\/v2\/pages"}],"about":[{"href":"http:\/\/web.vu.lt\/flf\/g.judzentyte\/wp-json\/wp\/v2\/types\/page"}],"author":[{"embeddable":true,"href":"http:\/\/web.vu.lt\/flf\/g.judzentyte\/wp-json\/wp\/v2\/users\/33"}],"replies":[{"embeddable":true,"href":"http:\/\/web.vu.lt\/flf\/g.judzentyte\/wp-json\/wp\/v2\/comments?post=476"}],"version-history":[{"count":6,"href":"http:\/\/web.vu.lt\/flf\/g.judzentyte\/wp-json\/wp\/v2\/pages\/476\/revisions"}],"predecessor-version":[{"id":496,"href":"http:\/\/web.vu.lt\/flf\/g.judzentyte\/wp-json\/wp\/v2\/pages\/476\/revisions\/496"}],"up":[{"embeddable":true,"href":"http:\/\/web.vu.lt\/flf\/g.judzentyte\/wp-json\/wp\/v2\/pages\/24"}],"wp:attachment":[{"href":"http:\/\/web.vu.lt\/flf\/g.judzentyte\/wp-json\/wp\/v2\/media?parent=476"}],"curies":[{"name":"wp","href":"https:\/\/api.w.org\/{rel}","templated":true}]}}