{"id":2,"date":"2009-02-23T12:30:32","date_gmt":"2009-02-23T10:30:32","guid":{"rendered":""},"modified":"2021-02-25T10:08:25","modified_gmt":"2021-02-25T08:08:25","slug":"apie","status":"publish","type":"page","link":"http:\/\/web.vu.lt\/flf\/e.kontutyte\/apie\/","title":{"rendered":"Apie mane \/ Zur Person"},"content":{"rendered":"<p><strong>doc. dr. Egl\u0117 Kontutyt\u0117<\/strong><\/p>\n<p>Vokie\u010di\u0173 filologijos katedra<br \/>\nBaltijos kalb\u0173 ir kult\u016br\u0173 institutas<br \/>\nFilologijos fakultetas<br \/>\nVilniaus universitetats<\/p>\n<p>Lehrstuhl f\u00fcr Deutsche Philologie<br \/>\nInstitut f\u00fcr Sprachen und Kulturen im Ostseeraum<br \/>\nPhilologische Fakult\u00e4t<br \/>\nUniversit\u00e4t Vilnius<br \/>\nEl. pa\u0161tas \/E-Mail: <a href=\"mailto:egle.kontutyte@flf.vu.lt\">egle.kontutyte@flf.vu.lt<\/a><\/p>\n<p><strong>Curriculum vitae<\/strong><\/p>\n<p>nuo 2012 m.\u00a0 \u00a0 VU Vokie\u010di\u0173 filologijos katedros docent\u0117<\/p>\n<p>2003-2011 m.\u00a0 VU Vokie\u010di\u0173 filologijos katedros lektor\u0117<\/p>\n<p>2003 m.\u00a0 \u00a0 \u00a0 \u00a0 \u00a0 \u00a0 apginta humanitarni\u0173 moksl\u0173 daktaro disertacija \u201eKondensuota aplinkybi\u0173 rai\u0161ka\u00a0 vokie\u010di\u0173 ir lietuvi\u0173 kalbos dalykiniuose (ekonomikos) tekstuose\u201c<\/p>\n<p>1998-2002 m. VU Vokie\u010di\u0173 filologijos katedros doktorant\u0117<\/p>\n<p>1990-1998 m.\u00a0 VU Vokie\u010di\u0173 kalbos katedros asistent\u0117<\/p>\n<p>1985-1990 m.\u00a0 Vokie\u010di\u0173 filologijos studijos Vilniaus universitete<\/p>\n<p>1974-1985 m.\u00a0 \u00a0Viek\u0161ni\u0173 vidurin\u0117 mokykla<\/p>\n<p>&nbsp;<\/p>\n","protected":false},"excerpt":{"rendered":"<p>doc. dr. Egl\u0117 Kontutyt\u0117 Vokie\u010di\u0173 filologijos katedra Baltijos kalb\u0173 ir kult\u016br\u0173 institutas Filologijos fakultetas Vilniaus universitetats Lehrstuhl f\u00fcr Deutsche Philologie Institut f\u00fcr Sprachen und Kulturen im Ostseeraum Philologische Fakult\u00e4t Universit\u00e4t Vilnius El. pa\u0161tas \/E-Mail: egle.kontutyte@flf.vu.lt Curriculum vitae nuo 2012 m.\u00a0 \u00a0 VU Vokie\u010di\u0173 filologijos katedros docent\u0117 2003-2011 m.\u00a0 VU Vokie\u010di\u0173 filologijos katedros lektor\u0117 2003 m.\u00a0 [&hellip;]<\/p>\n","protected":false},"author":14,"featured_media":0,"parent":0,"menu_order":1,"comment_status":"closed","ping_status":"open","template":"","meta":[],"_links":{"self":[{"href":"http:\/\/web.vu.lt\/flf\/e.kontutyte\/wp-json\/wp\/v2\/pages\/2"}],"collection":[{"href":"http:\/\/web.vu.lt\/flf\/e.kontutyte\/wp-json\/wp\/v2\/pages"}],"about":[{"href":"http:\/\/web.vu.lt\/flf\/e.kontutyte\/wp-json\/wp\/v2\/types\/page"}],"author":[{"embeddable":true,"href":"http:\/\/web.vu.lt\/flf\/e.kontutyte\/wp-json\/wp\/v2\/users\/14"}],"replies":[{"embeddable":true,"href":"http:\/\/web.vu.lt\/flf\/e.kontutyte\/wp-json\/wp\/v2\/comments?post=2"}],"version-history":[{"count":48,"href":"http:\/\/web.vu.lt\/flf\/e.kontutyte\/wp-json\/wp\/v2\/pages\/2\/revisions"}],"predecessor-version":[{"id":1078,"href":"http:\/\/web.vu.lt\/flf\/e.kontutyte\/wp-json\/wp\/v2\/pages\/2\/revisions\/1078"}],"wp:attachment":[{"href":"http:\/\/web.vu.lt\/flf\/e.kontutyte\/wp-json\/wp\/v2\/media?parent=2"}],"curies":[{"name":"wp","href":"https:\/\/api.w.org\/{rel}","templated":true}]}}