{"id":1488,"date":"2025-05-06T23:34:04","date_gmt":"2025-05-06T20:34:04","guid":{"rendered":"http:\/\/web.vu.lt\/flf\/d.sileikaite\/?page_id=1488"},"modified":"2025-05-06T23:53:50","modified_gmt":"2025-05-06T20:53:50","slug":"ziniasklaidoje-in-den-medien","status":"publish","type":"page","link":"http:\/\/web.vu.lt\/flf\/d.sileikaite\/ziniasklaidoje-in-den-medien\/","title":{"rendered":"Sklaida \/ In den Medien"},"content":{"rendered":"\n<p><u>2024 m. gegu\u017e\u0117s 19 d.<\/u><br \/><a href=\"https:\/\/www.youtube.com\/watch?v=cfOdrnBgnqs\">Dirbtinis intelektas: filologo draugas ar prie\u0161as?<\/a> VU Filologijos fakulteto tinklalaid\u0117 <em>Kalba kalb\u00e0<\/em> su Ernesta Kazak\u0117naite.<\/p>\n<p><u>2023 m. kovo 16 d<\/u>.<br \/><a href=\"https:\/\/www.lrt.lt\/radioteka\/irasas\/2000263786\/desimt-balu-kodel-atideliojamas-sprendimas-mokyti-retesniu-antruju-uzsienio-kalbu-nuotoliniu-budu?season=%2Fradioteka%2Flaida%2Fdesimt-balu%2F2025\">Kod\u0117l atid\u0117liojamas sprendimas mokyti retesni\u0173 antr\u0173j\u0173 u\u017esienio kalb\u0173 nuotoliniu b\u016bdu?<\/a> LRT laida <em>De\u0161imt bal\u0173<\/em> su Jone Ku\u010dinskaite.<\/p>\n<p><u>2023 m. vasario 3 d.<\/u> <br \/><a href=\"https:\/\/www.ziniuradijas.lt\/laidos\/ryto-espresso\/vietoje-rusu-kalbos-pamoku-mokyklose-lenku-kalba-ka-apie-tai-mano-kalbininkai?soundtrack=1&amp;fbclid=IwY2xjawKHOHBleHRuA2FlbQIxMQBicmlkETB3TnlSeTB5RlN0NUc5ZXRXAR4C_nH6XJIgwdWnAo_CV1fkZJlRbtXmWFVzukZciIy-O5rLWwK0szxnXP5Rng_aem_CkoPDXqoB89CVslLlYh1aA\">Vietoje rus\u0173 kalbos pamok\u0173 mokyklose \u2013 lenk\u0173 kalba. K\u0105 apie tai mano kalbininkai?<\/a> \u017dini\u0173 radijo laida <em>Ryto Espresso <\/em>su Tomu Loiba.<\/p>\n<p><u>2022 m. baland\u017eio 11 d.<br \/><\/u><a href=\"https:\/\/www.ziniuradijas.lt\/laidos\/prie-smetonos\/mokslo-saknys-karcios-o-vaisiai-saldus?video=1\">Mokslo \u0161aknys kar\u010dios, o vaisiai sald\u016bs<\/a>. \u017dini\u0173 radijo laida <em>Prie Smetonos<\/em>.<br \/>Pokalbio tema: Filolog\u0173 karjeros galimyb\u0117s.<\/p>\n<p><u>2022 m. sausio 27 d.<\/u> <br \/><a href=\"https:\/\/fb.watch\/zq4zf-d_8G\/\">Studij\u0173 lankstumas Universitete<\/a>. VU SA <em>Akademin\u0117 druska<\/em>. <br \/><a href=\"https:\/\/www.youtube.com\/watch?v=D8Da1M2BSXQ\">Tinklalaid\u0117s epizodas <em>Y<\/em><em>outube<\/em> platformoje<\/a>.<\/p>\n<p><u>2021 m. gegu\u017e\u0117s 27 d.<br \/><\/u><a href=\"https:\/\/fb.watch\/zq3Ws7em03\/\">AKADEMINIS \u017dMOGUS: ar tikrai rami s\u0105\u017ein\u0117?<\/a> VU SA FilF<em> Padiskutuokim!<br \/><\/em>Diskusija apie akademin\u0119 etik\u0105, kurios pagrindu VU SA FilF 2021 m. bir\u017eelio 29 d. paskelb\u0117 straipsn\u012f <em><a href=\"https:\/\/filf.vusa.lt\/lt\/naujiena\/akademinio-saziningumo-stoka-ar-imanoma-nuraminti-sazine?fbclid=IwY2xjawKHNZZleHRuA2FlbQIxMABicmlkETB3TnlSeTB5RlN0NUc5ZXRXAR5w_WPrOtceW7QYNY3KgvpmVatDT8E9PGbcz3xsnfNqiNeImo09ULvo2CnCwA_aem_FQJHXEkRlzrrVK_ba_Bbtg\">Akademinio s\u0105\u017einingumo stoka: ar \u012fmanoma nuraminti s\u0105\u017ein\u0119?<\/a><\/em><\/p>\n<p><u>2020 m. gruod\u017eio 16 d.<\/u><br \/><a href=\"https:\/\/www.facebook.com\/photo\/?fbid=10158169984009285&amp;set=a.172908919284\">Kaip pa\u012fvairinti savo studij\u0173 patirt\u012f net ir pandemijos laikotarpiu?<\/a> VU SA <em>Akademin\u0117 druska<\/em>. <br \/><a href=\"https:\/\/l.facebook.com\/l.php?u=https%3A%2F%2Fbit.ly%2Fakademin%C4%97druska_ep3%3Ffbclid%3DIwZXh0bgNhZW0CMTAAYnJpZBEwd055UnkweUZTdDVHOWV0VwEeV4rNjojaejbYRuKqRvXVmi8Zi2kroCdoBn-BvmapM24Qk8RRXWdK4NeAp40_aem_9mQx-ilBDqSdvcxTLpEc3g&amp;h=AT0kE20WUYUOrKZrlVzK2ZsGCYMpGRIH44bFkXGTawt1qMXrklb3VshEFbpSoVaTI6_DR-wZzJI-7WgzbzN2-qD5tiWUPFXGN2N4jrc3GlZBIhJgDCADSU6r2-l0PEAYET9OPGMeTcXggdJX&amp;__tn__=-UK*F&amp;c%5b0%5d=AT36tyHnDI1TBehK0n-qqnOKFzwLm0KFsL4mJACu7UapnNfgq3u7KiJPt1vdssW7WMzayJDCoEo0CWJrYuykV4T10LiOqTjIOc3NV6t4iT9kXoltACw0E6Cd4NEP6-pFwN2rlAeUFyF9Q_yqUmoshQ2nD0OEgZmjx9Kv5ZdCPrha6Ajk-cR5nIVDxZHY3YvIYSjcpWle02iGky9jIjxjcy-sKMM\">Tinklalaid\u0117s epizodas <em>Spotify<\/em> platformoje<\/a>.<\/p>\n<p>\u00a0<\/p>\n","protected":false},"excerpt":{"rendered":"<p>2024 m. gegu\u017e\u0117s 19 d.Dirbtinis intelektas: filologo draugas ar prie\u0161as? VU Filologijos fakulteto tinklalaid\u0117 Kalba kalb\u00e0 su Ernesta Kazak\u0117naite. 2023 m. kovo 16 d.Kod\u0117l atid\u0117liojamas sprendimas mokyti retesni\u0173 antr\u0173j\u0173 u\u017esienio kalb\u0173 nuotoliniu b\u016bdu? LRT laida De\u0161imt bal\u0173 su Jone Ku\u010dinskaite. 2023 m. vasario 3 d. Vietoje rus\u0173 kalbos pamok\u0173 mokyklose \u2013 lenk\u0173 kalba. K\u0105 apie [&hellip;]<\/p>\n","protected":false},"author":10,"featured_media":0,"parent":0,"menu_order":10,"comment_status":"closed","ping_status":"closed","template":"","meta":[],"_links":{"self":[{"href":"http:\/\/web.vu.lt\/flf\/d.sileikaite\/wp-json\/wp\/v2\/pages\/1488"}],"collection":[{"href":"http:\/\/web.vu.lt\/flf\/d.sileikaite\/wp-json\/wp\/v2\/pages"}],"about":[{"href":"http:\/\/web.vu.lt\/flf\/d.sileikaite\/wp-json\/wp\/v2\/types\/page"}],"author":[{"embeddable":true,"href":"http:\/\/web.vu.lt\/flf\/d.sileikaite\/wp-json\/wp\/v2\/users\/10"}],"replies":[{"embeddable":true,"href":"http:\/\/web.vu.lt\/flf\/d.sileikaite\/wp-json\/wp\/v2\/comments?post=1488"}],"version-history":[{"count":4,"href":"http:\/\/web.vu.lt\/flf\/d.sileikaite\/wp-json\/wp\/v2\/pages\/1488\/revisions"}],"predecessor-version":[{"id":1495,"href":"http:\/\/web.vu.lt\/flf\/d.sileikaite\/wp-json\/wp\/v2\/pages\/1488\/revisions\/1495"}],"wp:attachment":[{"href":"http:\/\/web.vu.lt\/flf\/d.sileikaite\/wp-json\/wp\/v2\/media?parent=1488"}],"curies":[{"name":"wp","href":"https:\/\/api.w.org\/{rel}","templated":true}]}}