{"id":705,"date":"2013-09-08T18:29:43","date_gmt":"2013-09-08T16:29:43","guid":{"rendered":"http:\/\/web.vu.lt\/flf\/d.katinas\/?page_id=705"},"modified":"2016-12-13T22:58:07","modified_gmt":"2016-12-13T20:58:07","slug":"sociolingvistika","status":"publish","type":"page","link":"http:\/\/web.vu.lt\/flf\/d.katinas\/destomi-dalykai\/sociolingvistika\/","title":{"rendered":"Sociolingvistika"},"content":{"rendered":"<p><strong>Seminar 15<\/strong> | Pr\u00e4sentationen <span style=\"color: #ff0000\"><strong>ab 16.00 Uhr im Raum A9<\/strong><\/span><\/p>\n<p><strong>Seminar 14<\/strong> | Pr\u00e4sentationen<\/p>\n<p><strong>Seminar 13<\/strong> | <a href=\"http:\/\/web.vu.lt\/flf\/d.katinas\/files\/2013\/09\/Soziolinguistik.-Sprachpolitik-neu-1.pptx\" target=\"_blank\">Sprachpolitik<\/a><\/p>\n<p><strong>Seminar 12<\/strong> | Funktiolekte<\/p>\n<p><strong>Seminar 11<\/strong> | <a href=\"http:\/\/web.vu.lt\/flf\/d.katinas\/files\/2013\/09\/Soziolinguistik.-Funktiolekte-1.pptx\" target=\"_blank\">Funktiolekte<\/a><\/p>\n<p><strong>Seminar 10<\/strong> | <a href=\"http:\/\/web.vu.lt\/flf\/d.katinas\/files\/2013\/09\/Soziolinguistik.-Genderlekte.-2015-1.pptx\" target=\"_blank\">Genderlekte<\/a>. <a href=\"http:\/\/web.vu.lt\/flf\/d.katinas\/files\/2013\/09\/Sprechen-Frauen-tats\u00e4chlich-anders-als-M\u00e4nner.pdf\" target=\"_blank\">Beitrag zum Thema Frauen- und M\u00e4nnersprache<\/a><\/p>\n<p><strong>Seminar 9<\/strong> | <a href=\"http:\/\/web.vu.lt\/flf\/d.katinas\/files\/2013\/09\/Soziolinguistik.Genderlekte.Spracherwerb-2016.pdf\" target=\"_blank\">Kindersprache<\/a><\/p>\n<p><strong>Seminar 8<\/strong> | <a href=\"https:\/\/www.youtube.com\/watch?v=_rJKHTjVaFk\" target=\"_blank\">Vorschau des Films zum Thema \u201eJugendsprache\u201c<\/a><\/p>\n<p><strong>Seminar 7<\/strong> | <a href=\"http:\/\/web.vu.lt\/flf\/d.katinas\/files\/2013\/09\/Soziolinguistik.-Gerontolekte.-2016.pptx\" target=\"_blank\">Gerontolekte<\/a><\/p>\n<p><strong>Seminar 6<\/strong> | <a href=\"http:\/\/web.vu.lt\/flf\/d.katinas\/files\/2013\/09\/Soziolinguistik.-Stil-Register-Code-1.pdf\">Stil. Register. Code<\/a><\/p>\n<p><strong>Seminar 5<\/strong> | <a href=\"http:\/\/web.vu.lt\/flf\/d.katinas\/files\/2013\/09\/Soziolinguistik.-Variet\u00e4ten.-2016.pptx\">Variet\u00e4ten. Klassifizierung von Variet\u00e4ten. Kontaktvariet\u00e4ten<\/a><\/p>\n<p><strong>Seminar 4<\/strong> | <a href=\"http:\/\/web.vu.lt\/flf\/d.katinas\/files\/2013\/09\/Soziolinguistik.-Weltsprachen.-2016.pptx\">Weltsprachen. Deutsche Sprache in der Welt. Deutsche Sprache und ihre Dialekte<\/a><\/p>\n<p><strong>Seminar 3 |\u00a0<\/strong><a href=\"http:\/\/web.vu.lt\/flf\/d.katinas\/files\/2013\/09\/Soziolinguistik.-Einf\u00fchrung_2015.pdf\">Einf\u00fchrung in die Soziolinguistik<\/a><\/p>\n<p><strong>Seminar 2<\/strong> | Vortrag von Dr. Charlotte Wollermann (Universit\u00e4t Duisburg-Essen)<\/p>\n<p><strong>Seminar 1 |\u00a0<\/strong>Einf\u00fchrung in das Fach. <a href=\"http:\/\/web.vu.lt\/flf\/d.katinas\/files\/2013\/09\/Merkblatt-2015.pdf\">Merkblatt f\u00fcr Studierende&gt;&gt;<\/a><\/p>\n<p>************************<br \/>\n<strong style=\"line-height: 1.5em\">Literatur und Quellen:<\/strong><\/p>\n<p>Atlas zur deutschen Alltagssprache, URL: http:\/\/www.atlas-alltagssprache.de\/<br \/>\n<span style=\"line-height: 1.5em\">B\u00f6hmert, C., 2001: Techno &#8211; eine neue Kommunikationsform. MA-Arbeit. M\u00fcnster.<br \/>\n<\/span>Die freie Enzyklop\u00e4die Wikipedia.\u00a0 Bildwahrnehmung einer Werbeanzeige.<br \/>\nURL: http:\/\/de.wikipedia.org\/wiki\/Bildwahrnehmung_einer_Werbeanzeige [Stand: 07.11.2010]<br \/>\nDie freie Enzyklop\u00e4die Wikipedia. AIDA-Modell.<br \/>\nURL: http:\/\/de.wikipedia.org\/wiki\/AIDA-Modell [Stand: 06.11.2010]<br \/>\nDie freie Enzyklop\u00e4die Wikipedia. Verkaufspsychologie.<br \/>\nURL: http:\/\/de.wikipedia.org\/wiki\/Verkaufspsychologie [Stand: 06.11.2010]<br \/>\nDie freie Enzyklop\u00e4die Wikipedia. Werbewirkungsmessung.<br \/>\nURL: http:\/\/de.wikipedia.org\/wiki\/Werbewirkungsmessung [Stand: 07.11.2010]<br \/>\nDittmar, N., 1997: Grundlagen der Soziolinguistik: Ein Arbeitsbuch mit Aufgaben. T\u00fcbingen.<br \/>\nDittmar, N., Bahlo, N. 2008: Jugendsprache. In: Die Sprache Deutsch. Dresden.<br \/>\nEinf\u00fchrung in die Soziolinguistik I,<br \/>\nURL: http:\/\/www.linse.uni-due.de\/linkolon\/soziolinguistik\/flash\/soziolinguistikstart.html<br \/>\nEinf\u00fchrung in die Soziolinguistik II,<br \/>\nURL: http:\/\/www.germanistika.upol.cz\/uploads\/media\/Handouts_zur_Vorlesung__jednostranne_.pdf<br \/>\nFiehler, R.: Sprache und Alter. Wie ver\u00e4ndert sich das Sprechen, wenn wir \u00e4lter werden? Mannheim.<br \/>\nGraefen, G., Liedke, M. 2012: Germanistische Sprachwissenschaft. Deutsch als Erst-, Zweit- oder Fremdsprache. 2., \u00fcberarb. Aufl. T\u00fcbingen.<br \/>\nHoffmann, M. 2007: Funktionale Variet\u00e4ten des Deutschen \u2013 kurz gefasst. Potsdam.<br \/>\nJakobs, E. M. (2003): Medien der Individualkommunikation: Email und Telekonferenz. Psycholinguistik. Internationales Handbuch. Berlin. S. 845\u2013854.<br \/>\nJanich, N. 2005. Werbesprache ein Arbeitsbuch. T\u00fcbingen, S. 14-35.<br \/>\nJocait\u0117 Gintar\u0117, 2010. Werbesprache. Vortragsfolien.<br \/>\nLauk\u00f6tter, E\/Gerling U. 2010. Phraseologische Intertextualit\u00e4t in der Werbung. Mitschrift aus dem Phraseologie Proseminar an der Ruhr-Universit\u00e4t Bochum.<br \/>\nLinguistikserver der Universit\u00e4t Duisburg-Essen,<br \/>\nURL: http:\/\/linse.uni-due.de\/<br \/>\nL\u00f6ffler, H. 2005: Germanistische Soziolinguistik. Berlin.<br \/>\nL\u00f6ffler, H., 1994: Germanistische Soziolinguistik. 2., \u00fcberarb. Aufl. Berlin.<br \/>\nMangold, R. (2003): Massenmedien: Rundfunk und Fernsehen. Psycholinguistik. Internationales Handbuch. Berlin. S. 854\u2013863.<br \/>\nNeukom, L., Mattissen, J., 2000: Bedrohte Sprachen,<br \/>\nURL: http:\/\/www.unipublic.uzh.ch\/archiv\/magazin\/gesellschaft\/2001\/0195\/<br \/>\nReimers, U. (2003): Kommunikation aus der Sicht der Nachrichtentechnik. Psycholinguistik. Internationales Handbuch. Berlin. S. 881\u2013889.<br \/>\nRickheit, G., Herrmann, T., Deutsch, W. (Hrsg.), (2003): Psycholinguistik. Internationales Handbuch. Berlin.<br \/>\nSchlobinski, P. 2002: Jugendsprache und Jugendkultur. In: Politik und Zeitgeschichte. Bd. 5.<br \/>\nSociolingvistika. Lietuvi\u0173 kalbas instituto Sociolingvistikos skyrius,<br \/>\nURL: http:\/\/www.sociolingvistika.lt<br \/>\nSokolowski, A. (2002): Zusammenhang von Schrift und Bild in der Anzeigenwerbung von LEE-Jeans. LINSE. Essen.<br \/>\nSowinski, B. (1998): Werbung. T\u00fcbingen.<br \/>\nVeith, H. W., 2002: Soziolinguistik. Ein Arbeitsbuch. T\u00fcbingen.<\/p>\n","protected":false},"excerpt":{"rendered":"<p>Seminar 15 | Pr\u00e4sentationen ab 16.00 Uhr im Raum A9 Seminar 14 | Pr\u00e4sentationen Seminar 13 | Sprachpolitik Seminar 12 | Funktiolekte Seminar 11 | Funktiolekte Seminar 10 | Genderlekte. Beitrag zum Thema Frauen- und M\u00e4nnersprache Seminar 9 | Kindersprache Seminar 8 | Vorschau des Films zum Thema \u201eJugendsprache\u201c Seminar 7 | Gerontolekte Seminar 6 [&hellip;]<\/p>\n","protected":false},"author":21,"featured_media":0,"parent":14,"menu_order":0,"comment_status":"closed","ping_status":"closed","template":"","meta":[],"_links":{"self":[{"href":"http:\/\/web.vu.lt\/flf\/d.katinas\/wp-json\/wp\/v2\/pages\/705"}],"collection":[{"href":"http:\/\/web.vu.lt\/flf\/d.katinas\/wp-json\/wp\/v2\/pages"}],"about":[{"href":"http:\/\/web.vu.lt\/flf\/d.katinas\/wp-json\/wp\/v2\/types\/page"}],"author":[{"embeddable":true,"href":"http:\/\/web.vu.lt\/flf\/d.katinas\/wp-json\/wp\/v2\/users\/21"}],"replies":[{"embeddable":true,"href":"http:\/\/web.vu.lt\/flf\/d.katinas\/wp-json\/wp\/v2\/comments?post=705"}],"version-history":[{"count":53,"href":"http:\/\/web.vu.lt\/flf\/d.katinas\/wp-json\/wp\/v2\/pages\/705\/revisions"}],"predecessor-version":[{"id":1221,"href":"http:\/\/web.vu.lt\/flf\/d.katinas\/wp-json\/wp\/v2\/pages\/705\/revisions\/1221"}],"up":[{"embeddable":true,"href":"http:\/\/web.vu.lt\/flf\/d.katinas\/wp-json\/wp\/v2\/pages\/14"}],"wp:attachment":[{"href":"http:\/\/web.vu.lt\/flf\/d.katinas\/wp-json\/wp\/v2\/media?parent=705"}],"curies":[{"name":"wp","href":"https:\/\/api.w.org\/{rel}","templated":true}]}}

<p><strong>Seminar 15</strong> | Präsentationen <span style="color: #ff0000"><strong>ab 16.00 Uhr im Raum A9</strong></span></p>
<p><strong>Seminar 14</strong> | Präsentationen</p>
<p><strong>Seminar 13</strong> | <a href="http://web.vu.lt/flf/d.katinas/files/2013/09/Soziolinguistik.-Sprachpolitik-neu-1.pptx" target="_blank">Sprachpolitik</a></p>
<p><strong>Seminar 12</strong> | Funktiolekte</p>
<p><strong>Seminar 11</strong> | <a href="http://web.vu.lt/flf/d.katinas/files/2013/09/Soziolinguistik.-Funktiolekte-1.pptx" target="_blank">Funktiolekte</a></p>
<p><strong>Seminar 10</strong> | <a href="http://web.vu.lt/flf/d.katinas/files/2013/09/Soziolinguistik.-Genderlekte.-2015-1.pptx" target="_blank">Genderlekte</a>. <a href="http://web.vu.lt/flf/d.katinas/files/2013/09/Sprechen-Frauen-tatsächlich-anders-als-Männer.pdf" target="_blank">Beitrag zum Thema Frauen- und Männersprache</a></p>
<p><strong>Seminar 9</strong> | <a href="http://web.vu.lt/flf/d.katinas/files/2013/09/Soziolinguistik.Genderlekte.Spracherwerb-2016.pdf" target="_blank">Kindersprache</a></p>
<p><strong>Seminar 8</strong> | <a href="https://www.youtube.com/watch?v=_rJKHTjVaFk" target="_blank">Vorschau des Films zum Thema „Jugendsprache“</a></p>
<p><strong>Seminar 7</strong> | <a href="http://web.vu.lt/flf/d.katinas/files/2013/09/Soziolinguistik.-Gerontolekte.-2016.pptx" target="_blank">Gerontolekte</a></p>
<p><strong>Seminar 6</strong> | <a href="http://web.vu.lt/flf/d.katinas/files/2013/09/Soziolinguistik.-Stil-Register-Code-1.pdf">Stil. Register. Code</a></p>
<p><strong>Seminar 5</strong> | <a href="http://web.vu.lt/flf/d.katinas/files/2013/09/Soziolinguistik.-Varietäten.-2016.pptx">Varietäten. Klassifizierung von Varietäten. Kontaktvarietäten</a></p>
<p><strong>Seminar 4</strong> | <a href="http://web.vu.lt/flf/d.katinas/files/2013/09/Soziolinguistik.-Weltsprachen.-2016.pptx">Weltsprachen. Deutsche Sprache in der Welt. Deutsche Sprache und ihre Dialekte</a></p>
<p><strong>Seminar 3 | </strong><a href="http://web.vu.lt/flf/d.katinas/files/2013/09/Soziolinguistik.-Einführung_2015.pdf">Einführung in die Soziolinguistik</a></p>
<p><strong>Seminar 2</strong> | Vortrag von Dr. Charlotte Wollermann (Universität Duisburg-Essen)</p>
<p><strong>Seminar 1 | </strong>Einführung in das Fach. <a href="http://web.vu.lt/flf/d.katinas/files/2013/09/Merkblatt-2015.pdf">Merkblatt für Studierende&gt;&gt;</a></p>
<p>************************<br />
<strong style="line-height: 1.5em">Literatur und Quellen:</strong></p>
<p>Atlas zur deutschen Alltagssprache, URL: http://www.atlas-alltagssprache.de/<br />
<span style="line-height: 1.5em">Böhmert, C., 2001: Techno &#8211; eine neue Kommunikationsform. MA-Arbeit. Münster.<br />
</span>Die freie Enzyklopädie Wikipedia.  Bildwahrnehmung einer Werbeanzeige.<br />
URL: http://de.wikipedia.org/wiki/Bildwahrnehmung_einer_Werbeanzeige [Stand: 07.11.2010]<br />
Die freie Enzyklopädie Wikipedia. AIDA-Modell.<br />
URL: http://de.wikipedia.org/wiki/AIDA-Modell [Stand: 06.11.2010]<br />
Die freie Enzyklopädie Wikipedia. Verkaufspsychologie.<br />
URL: http://de.wikipedia.org/wiki/Verkaufspsychologie [Stand: 06.11.2010]<br />
Die freie Enzyklopädie Wikipedia. Werbewirkungsmessung.<br />
URL: http://de.wikipedia.org/wiki/Werbewirkungsmessung [Stand: 07.11.2010]<br />
Dittmar, N., 1997: Grundlagen der Soziolinguistik: Ein Arbeitsbuch mit Aufgaben. Tübingen.<br />
Dittmar, N., Bahlo, N. 2008: Jugendsprache. In: Die Sprache Deutsch. Dresden.<br />
Einführung in die Soziolinguistik I,<br />
URL: http://www.linse.uni-due.de/linkolon/soziolinguistik/flash/soziolinguistikstart.html<br />
Einführung in die Soziolinguistik II,<br />
URL: http://www.germanistika.upol.cz/uploads/media/Handouts_zur_Vorlesung__jednostranne_.pdf<br />
Fiehler, R.: Sprache und Alter. Wie verändert sich das Sprechen, wenn wir älter werden? Mannheim.<br />
Graefen, G., Liedke, M. 2012: Germanistische Sprachwissenschaft. Deutsch als Erst-, Zweit- oder Fremdsprache. 2., überarb. Aufl. Tübingen.<br />
Hoffmann, M. 2007: Funktionale Varietäten des Deutschen – kurz gefasst. Potsdam.<br />
Jakobs, E. M. (2003): Medien der Individualkommunikation: Email und Telekonferenz. Psycholinguistik. Internationales Handbuch. Berlin. S. 845–854.<br />
Janich, N. 2005. Werbesprache ein Arbeitsbuch. Tübingen, S. 14-35.<br />
Jocaitė Gintarė, 2010. Werbesprache. Vortragsfolien.<br />
Laukötter, E/Gerling U. 2010. Phraseologische Intertextualität in der Werbung. Mitschrift aus dem Phraseologie Proseminar an der Ruhr-Universität Bochum.<br />
Linguistikserver der Universität Duisburg-Essen,<br />
URL: http://linse.uni-due.de/<br />
Löffler, H. 2005: Germanistische Soziolinguistik. Berlin.<br />
Löffler, H., 1994: Germanistische Soziolinguistik. 2., überarb. Aufl. Berlin.<br />
Mangold, R. (2003): Massenmedien: Rundfunk und Fernsehen. Psycholinguistik. Internationales Handbuch. Berlin. S. 854–863.<br />
Neukom, L., Mattissen, J., 2000: Bedrohte Sprachen,<br />
URL: http://www.unipublic.uzh.ch/archiv/magazin/gesellschaft/2001/0195/<br />
Reimers, U. (2003): Kommunikation aus der Sicht der Nachrichtentechnik. Psycholinguistik. Internationales Handbuch. Berlin. S. 881–889.<br />
Rickheit, G., Herrmann, T., Deutsch, W. (Hrsg.), (2003): Psycholinguistik. Internationales Handbuch. Berlin.<br />
Schlobinski, P. 2002: Jugendsprache und Jugendkultur. In: Politik und Zeitgeschichte. Bd. 5.<br />
Sociolingvistika. Lietuvių kalbas instituto Sociolingvistikos skyrius,<br />
URL: http://www.sociolingvistika.lt<br />
Sokolowski, A. (2002): Zusammenhang von Schrift und Bild in der Anzeigenwerbung von LEE-Jeans. LINSE. Essen.<br />
Sowinski, B. (1998): Werbung. Tübingen.<br />
Veith, H. W., 2002: Soziolinguistik. Ein Arbeitsbuch. Tübingen.</p>

<p>Seminar 15 | Präsentationen ab 16.00 Uhr im Raum A9 Seminar 14 | Präsentationen Seminar 13 | Sprachpolitik Seminar 12 | Funktiolekte Seminar 11 | Funktiolekte Seminar 10 | Genderlekte. Beitrag zum Thema Frauen- und Männersprache Seminar 9 | Kindersprache Seminar 8 | Vorschau des Films zum Thema „Jugendsprache“ Seminar 7 | Gerontolekte Seminar 6 [&hellip;]</p>
