{"id":39,"date":"2010-03-08T22:40:50","date_gmt":"2010-03-08T20:40:50","guid":{"rendered":"http:\/\/web.vu.lt\/flf\/d.katinas\/?page_id=39"},"modified":"2017-01-24T19:23:29","modified_gmt":"2017-01-24T17:23:29","slug":"visuomenine-veikla","status":"publish","type":"page","link":"http:\/\/web.vu.lt\/flf\/d.katinas\/visuomenine-veikla\/","title":{"rendered":"Visuomenin\u0117 veikla"},"content":{"rendered":"<p><strong>Visuomenin\u0117s organizacijos<\/strong>:<\/p>\n<p><a href=\"http:\/\/daad-klubas.lt\">Lietuvos DAAD klubas <\/a>(pirmininkas)<br \/>\n<a href=\"http:\/\/www.flf.vu.lt\/alumnai\">Vilniaus universiteto Filologijos fakulteto Alumn\u0173 draugija<\/a> (pirmininkas)<br \/>\n<a href=\"http:\/\/www.alumniportal-deutschland.org\/\">Vokietijos alumn\u0173 portalas <\/a>(projekto koordinatorius Baltijos \u0161alyse)<br \/>\n<a href=\"http:\/\/www.gfds.de\">\u201eGesellschaft f\u00fcr deutsche Sprache\u201c<\/a> padalinys Lietuvoje (vadovas)<br \/>\n<a href=\"http:\/\/www.litaka.lt\/\">Lietuvos taikomosios kalbotyros asociacija <\/a>(narys)<br \/>\n<a href=\"http:\/\/www.vdl.lt\">Lietuvos vokie\u010di\u0173 kalbos mokytoj\u0173 ir d\u0117stytoj\u0173 draugija<\/a> (narys)<br \/>\n<a href=\"http:\/\/www.ltdeforumas.lt\/lt\/index.php\">Lietuvos-Vokietijos forumas<\/a> (narys)<\/p>\n<p><strong>Interviu:<\/strong><\/p>\n<p><a href=\"http:\/\/www.flf.vu.lt\/lt\/naujienos\/bendros-naujienos\/926-pokalbis-su-vienu-geriausiu-vu-destytoju-dr-daumantu-katinu\" target=\"_blank\">\u201eD\u0117stymas man ne darbas, o malonumas\u201c<\/a>, straipsnis VU laikra\u0161tyje \u201eUniversitas Vilnensis\u201c, 2014 m. vasaris, Nr. 1 (1722)<br \/>\n<a href=\"https:\/\/www.alumniportal-deutschland.org\/mitglieder\/alumni-der-woche\/artikel\/daumantas-katinas-litauen.html\" target=\"_blank\">\u201eApie mokslin\u0119 sta\u017euot\u0119 ir gyvenim\u0105 Vokietijoje\u201c<\/a>,\u00a0Vokietijos alumn\u0173 portalo projektas \u201eSavait\u0117s alumnas\u201c, 2013-08-13.<a href=\"http:\/\/ltdeforumas.lt\/lt\/index.php?type=1\" target=\"_blank\"><br \/>\n\u201eNaujas b\u016bdas bendrauti ir bendradarbiauti\u201c<\/a>, Lietuvos-Vokietijos forumo naujienos, 2011-05-27.<br \/>\n<a href=\"http:\/\/naujienos.vu.lt\/srautas\/viska-suspeti-uztenka-tiktai-noro-ir-iniciatyvos\/\" target=\"_blank\">\u201eVisk\u0105 susp\u0117ti u\u017etenka tiktai noro ir iniciatyvos\u201c<\/a>, VU Naujienos, 2010-09-28.<\/p>\n<p><strong style=\"line-height: 1.5em\">Jaunimo projektai<\/strong><span style=\"line-height: 1.5em\">:<\/span><\/p>\n<p><a href=\"http:\/\/web.mac.com\/osteuropaverein\/Web-Site\/Proj._Kalm_mit_den_Augen_junger_Europ%C3%A4er.html\">Tarptautinis jaunimo projektas \u201eKalmukija jaun\u0173j\u0173 europie\u010di\u0173 akimis\u201c (Elista, Kalmukija \/ 2007)<\/a><br \/>\n<a href=\"http:\/\/www.flf.vu.lt\/vfk\/Bruessel.pdf\">VU Vokie\u010di\u0173 filologijos katedros student\u0173 apsilankymas Europos Parlamente (Briuselis, Belgija \/ 2007)<\/a><br \/>\n<a href=\"http:\/\/web.mac.com\/osteuropaverein\/Web-Site\/Proj._3_Wege_zu_einem_Lebenssinn.html\">Tarptautinis jaunimo projektas \u201eTrys keliai \u012f gyvenimo prasm\u0119\u201c (Vilnius, Lietuva \/ 2006)<\/a><br \/>\nTarptautinis jaunimo projektas \u201eEsu \u0161alia &#8211; jud\u0117kime drauge\u201c (Stolpe, Vokietija \/ 2006)<\/p>\n<p><strong>Straipsniai, ap\u017evalgos<\/strong>:<\/p>\n<p>Katinas, D. (2012). Gr\u00fcndung eines GfdS-Zweigs in Litauen. <em>Der Sprachdienst<\/em> 3-4\/12. Jahrgang 56, Mai-August. Wiesbaden. 131-133.<br \/>\nKatinas, D. (2012). Deutsch lehren und lernen &#8211; Alumniportal Deutschland kennen lernen. <em>Miteinander<\/em> 1 (44). Vilnius. 24.<br \/>\nKatinas, D. (2011). Germanistentag an der Universit\u00e4t Vilnius. <a href=\"http:\/\/www.vdl.lt\/uberdiezeitschrift.htm\"><em>Miteinander<\/em> <\/a>1 (42). Vilnius. 46-47.<br \/>\n<a href=\"http:\/\/www.lnb.lt\/stotisFiles\/uploadedAttachments\/17_Ilgas_bus_musu_kelias201011303337.pdf\">Katinas, D. (2010). Prisiminimai apie d\u0117d\u0119 Petr\u0105. <em>Katinas, P. Ilgas bus m\u016bs\u0173 kelias<\/em>. Kaunas. 470-472<\/a>.<br \/>\nKatinas, D. (2007). Internationales Jugendprojekt <em>Drei Wege zum Lebenssinn. <a href=\"http:\/\/www.vdl.lt\/uberdiezeitschrift.htm\">Miteinander<\/a><\/em> 1 (35). Vilnius. 43-44.<br \/>\nKatinas, D. (2007). Kannst Du Deutsch? <em><a href=\"http:\/\/www.vdl.lt\/uberdiezeitschrift.htm\">Miteinander<\/a> <\/em>1 (35). Vilnius. 58.<br \/>\n<a href=\"http:\/\/ausis.gf.vu.lt\/mg\/index.html\">Katinas, D., Katinas, M. (1998). Profesoriaus Adomo Hrebnickio namui-muziejui Rojuje &#8211; 100 met\u0173. <em>Mokslas ir gyvenimas<\/em> 11-12. Vilnius<\/a>.<\/p>\n","protected":false},"excerpt":{"rendered":"<p>Visuomenin\u0117s organizacijos: Lietuvos DAAD klubas (pirmininkas) Vilniaus universiteto Filologijos fakulteto Alumn\u0173 draugija (pirmininkas) Vokietijos alumn\u0173 portalas (projekto koordinatorius Baltijos \u0161alyse) \u201eGesellschaft f\u00fcr deutsche Sprache\u201c padalinys Lietuvoje (vadovas) Lietuvos taikomosios kalbotyros asociacija (narys) Lietuvos vokie\u010di\u0173 kalbos mokytoj\u0173 ir d\u0117stytoj\u0173 draugija (narys) Lietuvos-Vokietijos forumas (narys) Interviu: \u201eD\u0117stymas man ne darbas, o malonumas\u201c, straipsnis VU laikra\u0161tyje \u201eUniversitas Vilnensis\u201c, [&hellip;]<\/p>\n","protected":false},"author":21,"featured_media":0,"parent":0,"menu_order":4,"comment_status":"closed","ping_status":"closed","template":"","meta":[],"_links":{"self":[{"href":"http:\/\/web.vu.lt\/flf\/d.katinas\/wp-json\/wp\/v2\/pages\/39"}],"collection":[{"href":"http:\/\/web.vu.lt\/flf\/d.katinas\/wp-json\/wp\/v2\/pages"}],"about":[{"href":"http:\/\/web.vu.lt\/flf\/d.katinas\/wp-json\/wp\/v2\/types\/page"}],"author":[{"embeddable":true,"href":"http:\/\/web.vu.lt\/flf\/d.katinas\/wp-json\/wp\/v2\/users\/21"}],"replies":[{"embeddable":true,"href":"http:\/\/web.vu.lt\/flf\/d.katinas\/wp-json\/wp\/v2\/comments?post=39"}],"version-history":[{"count":21,"href":"http:\/\/web.vu.lt\/flf\/d.katinas\/wp-json\/wp\/v2\/pages\/39\/revisions"}],"predecessor-version":[{"id":1081,"href":"http:\/\/web.vu.lt\/flf\/d.katinas\/wp-json\/wp\/v2\/pages\/39\/revisions\/1081"}],"wp:attachment":[{"href":"http:\/\/web.vu.lt\/flf\/d.katinas\/wp-json\/wp\/v2\/media?parent=39"}],"curies":[{"name":"wp","href":"https:\/\/api.w.org\/{rel}","templated":true}]}}