{"id":32,"date":"2010-03-08T21:42:53","date_gmt":"2010-03-08T19:42:53","guid":{"rendered":"http:\/\/web.vu.lt\/flf\/d.katinas\/?page_id=32"},"modified":"2017-01-24T19:24:02","modified_gmt":"2017-01-24T17:24:02","slug":"kontaktai","status":"publish","type":"page","link":"http:\/\/web.vu.lt\/flf\/d.katinas\/kontaktai\/","title":{"rendered":"Kontaktai"},"content":{"rendered":"<p>Daumantas Katinas<br \/>\nVilniaus universitetas<br \/>\nFilologijos fakultetas<br \/>\nVokie\u010di\u0173 filologijos katedra<br \/>\nUniversiteto g. 5<br \/>\nLT-01513 Vilnius<\/p>\n<p>Pri\u0117mimo valandos: ketvirtadieniais 11.00-12.00 val. Vokie\u010di\u0173 filologijos katedroje<\/p>\n<p>Telefonas: (+370-5) 2687230 (darbo)<br \/>\nTelefonas: (+370-685) 23222 (mobilus)<br \/>\nTarnybinis tinklapis: <a href=\"http:\/\/web.vu.lt\/flf\/d.katinas\/\">http:\/\/web.vu.lt\/flf\/d.katinas\/<\/a><br \/>\nEl. pa\u0161tas: <a href=\"mailto:Daumantas.Katinas@gmail.com\">Daumantas.Katinas@gmail.com<\/a><br \/>\nFacebook: <a href=\"http:\/\/www.facebook.com\/daumantas.katinas\">http:\/\/www.facebook.com\/daumantas.katinas<\/a><\/p>\n","protected":false},"excerpt":{"rendered":"<p>Daumantas Katinas Vilniaus universitetas Filologijos fakultetas Vokie\u010di\u0173 filologijos katedra Universiteto g. 5 LT-01513 Vilnius Pri\u0117mimo valandos: ketvirtadieniais 11.00-12.00 val. Vokie\u010di\u0173 filologijos katedroje Telefonas: (+370-5) 2687230 (darbo) Telefonas: (+370-685) 23222 (mobilus) Tarnybinis tinklapis: http:\/\/web.vu.lt\/flf\/d.katinas\/ El. pa\u0161tas: Daumantas.Katinas@gmail.com Facebook: http:\/\/www.facebook.com\/daumantas.katinas<\/p>\n","protected":false},"author":21,"featured_media":0,"parent":0,"menu_order":5,"comment_status":"closed","ping_status":"closed","template":"","meta":[],"_links":{"self":[{"href":"http:\/\/web.vu.lt\/flf\/d.katinas\/wp-json\/wp\/v2\/pages\/32"}],"collection":[{"href":"http:\/\/web.vu.lt\/flf\/d.katinas\/wp-json\/wp\/v2\/pages"}],"about":[{"href":"http:\/\/web.vu.lt\/flf\/d.katinas\/wp-json\/wp\/v2\/types\/page"}],"author":[{"embeddable":true,"href":"http:\/\/web.vu.lt\/flf\/d.katinas\/wp-json\/wp\/v2\/users\/21"}],"replies":[{"embeddable":true,"href":"http:\/\/web.vu.lt\/flf\/d.katinas\/wp-json\/wp\/v2\/comments?post=32"}],"version-history":[{"count":23,"href":"http:\/\/web.vu.lt\/flf\/d.katinas\/wp-json\/wp\/v2\/pages\/32\/revisions"}],"predecessor-version":[{"id":869,"href":"http:\/\/web.vu.lt\/flf\/d.katinas\/wp-json\/wp\/v2\/pages\/32\/revisions\/869"}],"wp:attachment":[{"href":"http:\/\/web.vu.lt\/flf\/d.katinas\/wp-json\/wp\/v2\/media?parent=32"}],"curies":[{"name":"wp","href":"https:\/\/api.w.org\/{rel}","templated":true}]}}