{"id":300,"date":"2011-09-06T19:50:26","date_gmt":"2011-09-06T17:50:26","guid":{"rendered":"http:\/\/web.vu.lt\/flf\/d.katinas\/"},"modified":"2019-05-07T16:37:23","modified_gmt":"2019-05-07T14:37:23","slug":"leksikologija","status":"publish","type":"page","link":"http:\/\/web.vu.lt\/flf\/d.katinas\/destomi-dalykai\/leksikologija\/","title":{"rendered":"Leksikologija"},"content":{"rendered":"<p>18 tema\u00a0| <a href=\"http:\/\/web.vu.lt\/flf\/d.katinas\/files\/2011\/09\/Referatsthemen-im-Fach-Deutsche-Lexikologie-2019.pdf\">Referat\u0173 ir prane\u0161im\u0173 temos\u00a0<\/a><\/p>\n<p>17 tema | <a href=\"http:\/\/web.vu.lt\/flf\/d.katinas\/files\/2011\/09\/spracherwerb.ppt\" target=\"_blank\">Vaik\u0173 kalba. Kalbos i\u0161mokimas<\/a><\/p>\n<p>16 tema | <a href=\"http:\/\/web.vu.lt\/flf\/d.katinas\/files\/2011\/09\/Soziolinguistik.-Stil-Register-Code.pptx\">Stilius, registras, kodas, kod\u0173 kaita<\/a><\/p>\n<p>15 tema | <a href=\"http:\/\/web.vu.lt\/flf\/d.katinas\/files\/2011\/09\/Soziale-Schichtung-des-Wortschatzes.pptx\">Socialiniai aspektai kalboje<\/a><\/p>\n<p>14 tema\u00a0| <a href=\"https:\/\/create.kahoot.it\/share\/wiederholung-phraseologie-lexikographie-korpuslinguistik\/3ffe7e65-9bd8-4d84-88af-99fb94ce7140\" target=\"_blank\">Tem\u0173 kartojimo pratimas \u201eKahoot\u201c platformoje<\/a><\/p>\n<p>13 tema\u00a0| <a href=\"http:\/\/web.vu.lt\/flf\/d.katinas\/files\/2011\/09\/Korpuslinguistik.pdf\">Tekstyn\u0173 lingvistika<\/a><\/p>\n<p>12 tema\u00a0| <a href=\"http:\/\/web.vu.lt\/flf\/d.katinas\/files\/2011\/09\/Lexikografie-Theorie.pdf\">Leksikografija<\/a>. <a href=\"http:\/\/web.vu.lt\/flf\/d.katinas\/files\/2011\/09\/Lexikografie-Aufgabe.pdf\">Leksikografijos u\u017eduotys<\/a><\/p>\n<p>11 tema\u00a0| <a href=\"http:\/\/web.vu.lt\/flf\/d.katinas\/files\/2011\/09\/Phraseologie-Ubungen.pdf\">Frazeologijos u\u017eduotys<\/a><\/p>\n<p>10 tema | <a href=\"http:\/\/web.vu.lt\/flf\/d.katinas\/files\/2011\/09\/1342_0001.pdf\">Frazeologijos u\u017eduotys<\/a><\/p>\n<p>9 tema | <a href=\"http:\/\/web.vu.lt\/flf\/d.katinas\/files\/2011\/09\/Phraseologie.pdf\">Frazeologija<\/a><\/p>\n<p>8 tema | <a href=\"http:\/\/web.vu.lt\/flf\/d.katinas\/files\/2011\/09\/Veraenderungen-im-Wortschatz12.pdf\">Poky\u010diai kalboje<\/a><\/p>\n<p>7 tema | <a href=\"http:\/\/web.vu.lt\/flf\/d.katinas\/files\/2011\/09\/Merkmalssemantik-und-Prototypensemantik-1.pdf\" rel=\"\">Semantini\u0173 po\u017eymi\u0173 analiz\u0117 ir prototip\u0173 semantika<\/a><\/p>\n<p>6 tema | <a href=\"http:\/\/web.vu.lt\/flf\/d.katinas\/files\/2011\/09\/Onomasiologie-Semasiologie-paradigmatische-Wortbeziehungen1.pdf\">Onomasiologija, semasiologija, paradigminiai santykiai<\/a><\/p>\n<p>5 tema | <a href=\"http:\/\/web.vu.lt\/flf\/d.katinas\/files\/2011\/09\/Lexikalische_Semantik4.pdf\">Leksin\u0117 semantika<\/a><\/p>\n<p>4 tema | <a href=\"http:\/\/web.vu.lt\/flf\/d.katinas\/files\/2011\/09\/Lexikologie20160217.pdf\">\u017dod\u017ei\u0173 darybos pratimai<\/a><\/p>\n<p>3 tema | <a href=\"http:\/\/web.vu.lt\/flf\/d.katinas\/files\/2011\/09\/2016-Das-Wort-und-die-Wortbildung.pdf\">\u017dodis. \u017dod\u017ei\u0173 daryba<\/a><\/p>\n<p>2 tema | <a href=\"http:\/\/web.vu.lt\/flf\/d.katinas\/files\/2011\/09\/Lexikologie_-_II.-Sitzung-2016.pdf\">Leksikologijos \u012fvadas<\/a><\/p>\n<p>1 tema\u00a0| <a href=\"http:\/\/web.vu.lt\/flf\/d.katinas\/files\/2011\/09\/LEKSIKOLOGIJA-APRASAS.pdf\">\u012evadin\u0117 paskaita<\/a><\/p>\n","protected":false},"excerpt":{"rendered":"<p>18 tema\u00a0| Referat\u0173 ir prane\u0161im\u0173 temos\u00a0 17 tema | Vaik\u0173 kalba. Kalbos i\u0161mokimas 16 tema | Stilius, registras, kodas, kod\u0173 kaita 15 tema | Socialiniai aspektai kalboje 14 tema\u00a0| Tem\u0173 kartojimo pratimas \u201eKahoot\u201c platformoje 13 tema\u00a0| Tekstyn\u0173 lingvistika 12 tema\u00a0| Leksikografija. Leksikografijos u\u017eduotys 11 tema\u00a0| Frazeologijos u\u017eduotys 10 tema | Frazeologijos u\u017eduotys 9 tema | [&hellip;]<\/p>\n","protected":false},"author":21,"featured_media":0,"parent":14,"menu_order":0,"comment_status":"closed","ping_status":"closed","template":"","meta":[],"_links":{"self":[{"href":"http:\/\/web.vu.lt\/flf\/d.katinas\/wp-json\/wp\/v2\/pages\/300"}],"collection":[{"href":"http:\/\/web.vu.lt\/flf\/d.katinas\/wp-json\/wp\/v2\/pages"}],"about":[{"href":"http:\/\/web.vu.lt\/flf\/d.katinas\/wp-json\/wp\/v2\/types\/page"}],"author":[{"embeddable":true,"href":"http:\/\/web.vu.lt\/flf\/d.katinas\/wp-json\/wp\/v2\/users\/21"}],"replies":[{"embeddable":true,"href":"http:\/\/web.vu.lt\/flf\/d.katinas\/wp-json\/wp\/v2\/comments?post=300"}],"version-history":[{"count":73,"href":"http:\/\/web.vu.lt\/flf\/d.katinas\/wp-json\/wp\/v2\/pages\/300\/revisions"}],"predecessor-version":[{"id":1265,"href":"http:\/\/web.vu.lt\/flf\/d.katinas\/wp-json\/wp\/v2\/pages\/300\/revisions\/1265"}],"up":[{"embeddable":true,"href":"http:\/\/web.vu.lt\/flf\/d.katinas\/wp-json\/wp\/v2\/pages\/14"}],"wp:attachment":[{"href":"http:\/\/web.vu.lt\/flf\/d.katinas\/wp-json\/wp\/v2\/media?parent=300"}],"curies":[{"name":"wp","href":"https:\/\/api.w.org\/{rel}","templated":true}]}}