{"id":2,"date":"2010-03-08T17:56:07","date_gmt":"2010-03-08T15:56:07","guid":{"rendered":"http:\/\/web.vu.lt\/flf\/d.katinas\/naujienos\/"},"modified":"2017-10-03T21:56:42","modified_gmt":"2017-10-03T19:56:42","slug":"naujienos","status":"publish","type":"page","link":"http:\/\/web.vu.lt\/flf\/d.katinas\/naujienos\/","title":{"rendered":"Naujienos"},"content":{"rendered":"<p>2017-10-03<br \/>\n<strong>Pokalbis LRT Klasikos laidoje \u201eRyto allegro\u201c<\/strong><\/p>\n<p>\u0160. m. spalio 3 d. D. Katinas dalyvavo LRT Klasikos laidoje \u201eRyto allegro\u201c, kurioje kalb\u0117jo apie germanistikos studijas ir vokie\u010di\u0173 kalbos pad\u0117t\u012f Lietuvoje.<\/p>\n<p>2017-09-25<\/p>\n<p><strong>Klauso Geyerio prane\u0161imas GfdS koliokviume<\/strong><\/p>\n<p>\u0160. m. rugs\u0117jo 25 d. <a href=\"http:\/\/gfds.de\/events\/hassrede-hate-speech-in-deutschen-online-medien\/\" target=\"_blank\">GfdS koliokviume prane\u0161im\u0105 tema \u201eHassrede in deutschen online Medien\u201c<\/a> perskait\u0117 dr. Klausas Geyer (Piet\u0173 Danijos Odens\u0117s universitetas).<\/p>\n<p>2017-08-25<br \/>\n<strong>Lietuvos DAAD klubo vasaros stovykla<\/strong><\/p>\n<p>\u0160. m. rugpj\u016b\u010dio 25-27 d. D. Katinas kartu organizavo <a href=\"http:\/\/daad-klubas.lt\/renginiai\/236-2017stovykla\" target=\"_blank\">Lietuvos DAAD klubo vasaros stovykl\u0105, skirt\u0105 Lietuvos Nepriklausomyb\u0117s paskelbimo \u0161imtme\u010diui pamin\u0117ti<\/a>.<\/p>\n<p>2017-06-10<br \/>\n<strong>Suomijos germanist\u0173 konferencija<\/strong><\/p>\n<p>\u0160. m. bir\u017eelio 7-9 d. D. Katinas dalyvavo <a href=\"https:\/\/www.utu.fi\/en\/sites\/Germanistentagung_2017\/Pages\/home.aspx\" target=\"_blank\">Turku\/Abo universitete (Suomija) vykusioje Suomijos germanist\u0173 konferencijoje ir skait\u0117 joje prane\u0161im\u0105 apie transferencijos atvejus mokantis vokie\u010di\u0173 kalbos<\/a>.<\/p>\n<p>2017-05-26<br \/>\n<strong>Lietuvos DAAD klubo metinis seminaras<\/strong><\/p>\n<p>\u0160. m. gegu\u017e\u0117s 26 d. D. Katinas kartu organizavo <a href=\"http:\/\/daad-klubas.lt\/renginiai\/233-2017seminaras\" target=\"_blank\">Lietuvos DAAD klubo metin\u012f seminar\u0105 tema \u201eLietuvos ir Vokietijos \u0161vietimo ir mokslo institucij\u0173 bendradarbiavimo pavyzd\u017eiai ir\u00a0 pl\u0117tros galimyb\u0117s\u201c<\/a>.<\/p>\n<p>2017-04-05<br \/>\n<strong>Karjeros forumas Vytauto Did\u017eiojo universitete<\/strong><\/p>\n<p>\u0160. m. baland\u017eio 5 d. D. Katinas dalyvavo Vytauto Did\u017eiojo universiteto organizuojamame forume apie karjeros galimybes su \u00a0vokie\u010di\u0173 kalba.<\/p>\n<p>2017-03-20<br \/>\n<strong>Dalyvavimas \u0160MM organizuotoje konferencijoje<\/strong><\/p>\n<p>\u0160. m. kovo 20 d. D. Katinas dalyvavo\u00a0tarptautin\u0117je konferencijoje ,,Lietuvos u\u017esienio kalb\u0173 pasiekim\u0173 vertinimo sistemos raida. Nacionalinio egzamin\u0173 centro bendradarbiavimas su Europos moderni\u0173 kalb\u0173 centru, \u012fgyvendinant RELANG projekt\u0105\u201c.<\/p>\n<p>2017-03-02<br \/>\n<strong>Dalyvavimas virtualioje karjeros mug\u0117je<\/strong><\/p>\n<p>\u0160. m. kovo 2 dien\u0105 D. Katinas dalyvavo virtualioje karjeros mug\u0117je ir pristat\u0117 Vokietijos alumn\u0173 portal\u0105 bei karjeros galimybes su vokie\u010di\u0173 kalba.<\/p>\n<p><!--nextpage--><\/p>\n<p>2016-09-26<br \/>\n<strong>Susitikimas d\u0117l Vokie\u010di\u0173 kalbos dienos Lietuvoje organizavimo<\/strong><\/p>\n<p>D\u0117l darbo grup\u0117s, skirtos <a href=\"http:\/\/www.vokiskai.lt\" target=\"_blank\">Vokie\u010di\u0173 kalbos dienai Lietuvoje<\/a>, pos\u0117d\u017eio rugs\u0117jo 26 d., pirmadien\u012f, nebus D. Katino morfologijos paskaitos.<\/p>\n<p>2016-09-22<br \/>\n<strong>Dalyvavimas Germanist\u0173 dienose Tartu (Estija)<\/strong><\/p>\n<p>\u0160. m. rugs\u0117jo 22-24 d. D. Katinas dalyvaus<a href=\"https:\/\/sisu.ut.ee\/baltische-germanistentage\" target=\"_blank\"> Germanist\u0173 dienose Tartu universitete (Estija)<\/a>.<\/p>\n<p>2016-09-08<br \/>\n<strong>Prane\u0161imas tarptautin\u0117je konferencijoje<\/strong><\/p>\n<p>\u0160. m. rugs\u0117jo 9 d. D. Katinas kartu su A. Burov skait\u0117 prane\u0161im\u0105 <a href=\"http:\/\/www.linguistisches-kolloquium.flf.vu.lt\/de\/\" target=\"_blank\">tarptautin\u0117je lingvistikos konferencijoje \u201eFremde und eigene Sprachen. Linguistische Perspektiven\u201c<\/a> tema \u201eLexikalisches Feld <em>Wasser<\/em> in der eschatologischen Literatur des Mittelalters\u201c.<\/p>\n<p><!--nextpage--><\/p>\n<p>2015-10-05<br \/>\n<strong>Susitikimas su Vokietijos parlamentarais<\/strong><\/p>\n<p>D\u0117l D. Katino susitikimo su Vokietijos parlamentarais \u0161. m. spalio 5 d. nevyks vokie\u010di\u0173 kalbos paskaitos 11 ir 13 val.<\/p>\n<p>2015-09-03<br \/>\n<strong>Prane\u0161imas tarptautin\u0117je konferencijoje Insbruke (Austrija)<\/strong><\/p>\n<p>\u0160. m. rugs\u0117jo 3 d. D. Katinas skait\u0117 prane\u0161im\u0105 <a href=\"https:\/\/www.uibk.ac.at\/gtw-org\/\" target=\"_blank\">tarptautin\u0117je konferencijoje \u201eSprache verstehen, verwenden, \u00fcbersetzen\u201c<\/a> tema \u201eZur Stellung und Bedeutung der Interferenz im Deutschunterricht\u201c.<\/p>\n<p>2015-05-07<br \/>\n<strong>Dalyvavimas studij\u0173 konsultacij\u0173 dienoje<\/strong><\/p>\n<p>2015 m. gegu\u017e\u0117s 7 d. D. Katinas \u017dirm\u016bn\u0173 gimnazijoje Vokietijos Federacin\u0117s Respublikos ambasados ir Vokietijos \u0161vietimo sistemos atstovyb\u0117s Lietuvoje organizuojamoje \u201eStudij\u0173 konsultacij\u0173 dienoje\u201c susitiks su moksleiviais ir skaitys prane\u0161im\u0105 apie studij\u0173 ir karjeros galimybes, susijusias su Vokietija ir vokie\u010di\u0173 kalba.<\/p>\n<p>2015-03-07<br \/>\n<strong>Seminaras Vokie\u010di\u0173 kalbos d\u0117stytoj\u0173 ir mokytoj\u0173 draugijos konferencijoje<\/strong><\/p>\n<p>\u0160. m. kovo 7-8 d. vyksian\u010diame Lietuvos vokie\u010di\u0173 kalbos d\u0117stytoj\u0173 ir mokytoj\u0173 draugijos konferencijoje D. Katinas ves seminar\u0105 tema \u201eAlumniportal Deutschland im Deutschunterricht\u201c.<!--nextpage--><\/p>\n<p>2014-10-30<br \/>\n<strong>Baltijos \u0161ali\u0173 Germanist\u0173 dienos<\/strong><\/p>\n<p>\u0160. m. spalio 30-lapkri\u010dio 1 d. Ventspilio auk\u0161tojoje mokykloje (Latvija) vyks Baltijos \u0161ali\u0173 Germanist\u0173 dienos. Tod\u0117l \u0161. m. spalio 30 d. D. Katino paskait\u0173 nebus.<\/p>\n<p>2014-09-26<br \/>\n<strong>Prane\u0161imas mokslin\u0117je konferencijoje Vilniuje<\/strong><\/p>\n<p>\u0160. m. rugs\u0117jo 26 d. D. Katinas Vilniaus universitete vyksian\u010dioje tarptautin\u0117je mokslin\u0117je konferencijoje \u201eMokslo kalba: germanistin\u0117s \u012f\u017evalgos\u201c skaitys prane\u0161im\u0105 tema \u201eLeksinis &#8216;Palyginimo&#8217; laukas vokie\u010di\u0173 mokslo kalboje\u201c.<\/p>\n<p>2014-09-24<br \/>\n<strong>Prane\u0161imas GIP susitikime Kaune<\/strong><\/p>\n<p>\u0160. m. rugs\u0117jo 24 d. D. Katinas Vytauto Did\u017eiojo universitete vykstan\u010dio Vokietijos ir Baltijos \u0161ali\u0173 germanistikos institut\u0173 atstov\u0173 susitikime skaitys prane\u0161im\u0105 apie student\u0173 projekt\u0173 galimybes. D\u0117l \u0161ios prie\u017easties paskait\u0173 tre\u010diadien\u012f, rugs\u0117jo 24 d., nebus.<\/p>\n<p>2014-08-15<br \/>\n<strong>Lietuvos DAAD klubo vasaros stovykla<\/strong><\/p>\n<p>\u0160. m. rugpj\u016b\u010dio 15-18 d. Lump\u0117n\u0173 kaime vyko <a href=\"http:\/\/daad-klubas.lt\/renginiai\/219-2014-stovykla\" target=\"_blank\">Lietuvos DAAD klubo vasaros stovykla<\/a>.<\/p>\n<p>2014-05-23<br \/>\n<strong>Lietuvos DAAD klubo metinis seminaras<\/strong><\/p>\n<p>\u0160. m. gegu\u017e\u0117s 23 d. D. Katinas dalyvaus <a href=\"http:\/\/www.daad-klubas.lt\/renginiai\/217-2014-m-seminaras\" target=\"_blank\">Lietuvos DAAD klubo metiniame seminare \u201eAuk\u0161tojo mokslo tarptauti\u0161kumas: vienas esmini\u0173 regiono konkurencingumo stiprinimo veiksni\u0173\u201c<\/a> ir pasveikins renginio dalyvius. D\u0117l \u0161ios prie\u017easties penktadien\u012f numatytos paskaitos Vilniaus universitete nevyks.<\/p>\n<p>2014-05-19<br \/>\n<strong>Naryst\u0117 Filologijos karjeros tinkle<\/strong><\/p>\n<p>Nuo \u0161. m. gegu\u017e\u0117s m\u0117nesio D. Katinas tapo <a href=\"http:\/\/www.karjera.flf.vu.lt\/\" target=\"_blank\">Filologijos karjeros tinklo<\/a> Filologijos tarybos nariu.<\/p>\n<p>2014-04-10<br \/>\n<strong>Susitikimas su moksleiviais<\/strong><\/p>\n<p>2014 m. gegu\u017e\u0117s 6 d. D. Katinas \u017dirm\u016bn\u0173 gimnazijoje Vokietijos Federacin\u0117s Respublikos ambasados ir Vokietijos \u0161vietimo sistemos atstovyb\u0117s Lietuvoje organizuojamoje \u201eStudij\u0173 konsultacij\u0173 dienoje\u201c susitiks su moksleiviais ir skaitys prane\u0161im\u0105 apie studij\u0173 ir karjeros galimybes, susijusias su Vokietija ir vokie\u010di\u0173 kalba.<\/p>\n<p>2014-04-08<br \/>\n<strong>Paskaita \u201eB\u016bti filologu: neapsimoka, bet verta\u201c<\/strong><\/p>\n<p>2014 m. baland\u017eio 8 d. D. Katinas skait\u0117 paskait\u0105 VU \u201eFilolog\u0173 naktyse\u201c tema <a href=\"http:\/\/filf.vusa.lt\/?p=8398\" target=\"_blank\">\u201eB\u016bti filologu: neapsimoka, bet verta\u201c<\/a>.<\/p>\n<p>2014-04-03<br \/>\n<strong>Susitikimas su \u017eurnalistu Vytautu \u017deimantu<\/strong><\/p>\n<p>D. Katinas kartu su \u0160iuolaikin\u0117s vokie\u010di\u0173 kalbos pa\u017eengusi\u0173j\u0173 grup\u0117s studentais \u0161. m. baland\u017eio 3 d. lank\u0117si dienra\u0161\u010dio \u201eVerslo \u017einios\u201c redakcijoje ir susitiko su \u017eurnalistu Vytautu \u017deimantu<\/p>\n<p>2014-03-07<br \/>\n<strong>ARD reporta\u017eas apie vokie\u010di\u0173 filologijos studijas<\/strong><\/p>\n<p>Vokietijos nacionalin\u0117s televizijos kanalas ARD paskelb\u0117 reporta\u017e\u0105 apie vokie\u010di\u0173 filologijos studijas Vilniaus universitete. Reporta\u017e\u0105 galima pamatyti <a href=\"http:\/\/www.tagesschau.de\/videoblog\/nord_nord_ost\/nord-nord-ost102.html\" target=\"_blank\">\u010dia&gt;&gt;<\/a><\/p>\n<p>2014-02-12<br \/>\n<strong>Straipsnis \u201eUniversitas Vilnensis\u201c<\/strong><\/p>\n<p>VU laikra\u0161\u010dio \u201eUniversitas Vilnensis\u201c 2014 m. pirmajame numeryje pasirod\u0117 straipsnis, kuriame skelbiami <a href=\"http:\/\/www.vu.lt\/site_files\/InfS\/UniversitasVilnensis\/uv_vasaris_2014.pdf\" target=\"_blank\">interviu su geriausiais 2013 m. VU d\u0117stytojais<\/a>.<\/p>\n<p><!--nextpage--><\/p>\n<p>2013-12-19<br \/>\n<strong>Rektoriaus apdovanojimas<\/strong><\/p>\n<p><a href=\"http:\/\/naujienos.vu.lt\/srautas\/vu-bendruomenes-nariu-pagerbimu-palydeti-senieji-metai\/\" target=\"_blank\">2013 m. gruod\u017eio 19 d. Vilniaus universiteto l. e. p. rektorius prof. J\u016bras Banys apdovanojo D. Katin\u0105 2013 m. geriausio VU Filologijos fakulteto d\u0117stytojo premija<\/a>.<\/p>\n<p>2013-12-03<br \/>\n<strong>Vizitas \u012f \u0160iaulius<\/strong><\/p>\n<p>2013 m. gruod\u017eio 3 d. D. Katinas su Vilniaus universiteto grupe lankysis \u0160iauli\u0173 Juliaus Janonio gimnazijoje, kur pristatys studij\u0173 galimybes VU Filologijos fakultete. D\u0117l \u0161ios prie\u017easties 13 val. \u0160iuolaikin\u0117s vokie\u010di\u0173 kalbos paskaitos nebus.<\/p>\n<p>2013-11-26<br \/>\n<strong>Apsilankymas G\u0117t\u0117s institute Vilniuje<\/strong><\/p>\n<p>2013 m. lapkri\u010dio 26 d. Vokie\u010di\u0173 filologijos pagrindini\u0173 ir Vokie\u010di\u0173 kalbos ir kult\u016bros gretutini\u0173 studij\u0173 studentai lank\u0117si <a href=\"www.goethe.de\/vilnius\" target=\"_blank\">G\u0117t\u0117s institute <\/a>Vilniuje.<\/p>\n<p>2013-10-22<br \/>\n<strong>Apsilankymas Vokietijos ambasadoje<\/strong><\/p>\n<p>D. Katinas kartu su \u0160iuolaikin\u0117s vokie\u010di\u0173 kalbos pa\u017eengusi\u0173j\u0173 grup\u0117s studentais \u0161. m. spalio 22 d. lank\u0117si Vokietijos Federacin\u0117s Respublikos ambasadoje ir susitiko su Vokietijos ambasadoriumi Lietuvoje, JE Matthias M\u00fclmenst\u00e4dt<\/p>\n<p>2013-09-20<br \/>\n<strong>Sveikinimo kalba ir prane\u0161imas steigiamajame Latvijos DAAD alumn\u0173 draugijos susirinkime<\/strong><\/p>\n<p>2013 m. rugs\u0117jo 20 d. Daumantas Katinas dalyvaus Latvijos DAAD alumn\u0173 draugijos steigiamajame susirinkime, kuriame perskaitys sveikinimo kalb\u0105 ir pristatys <a href=\"http:\/\/daad-klubas.lt\/\">Lietuvos DAAD alumn\u0173<\/a> veikl\u0105.<\/p>\n<p><!--nextpage--><\/p>\n<p>2013-07-11<br \/>\n<strong>Vakarien\u0117 LR Prezident\u016broje Vokietijos Federalinio Prezidento Joachim Gauck valstybinio vizito Lietuvoje proga<\/strong><\/p>\n<p>2013-05-31<br \/>\n<strong>Pirmininkavimas Lietuvos DAAD klubui<\/strong><\/p>\n<p>2013 m. gegu\u017e\u0117s 31 d. Vilniaus universitete vykusio <a href=\"http:\/\/www.daad-klubas.lt\/renginiai\/212-2013seminaras\">Lietuvos DAAD (Vokietijos akademin\u0117 main\u0173 tarnyba) klubo jubiliejinio seminaro metu<\/a> Daumantas Katinas buvo perrinktas <a href=\"http:\/\/www.daad-klubas.lt\/index.php\/klubo-tikslai\/klubo-valdyba\">organizacijos pirmininku antrajai kadencijai<\/a>.<\/p>\n<p>2013-04-30<br \/>\n<strong>Paskaitos Lietuvi\u0173 filologijos ir vokie\u010di\u0173 kalbos II kurso studentams<\/strong><\/p>\n<p>Nuo \u0161. m. gegu\u017e\u0117s 6 d., pirmadienio, \u0160iuolaikin\u0117s vokie\u010di\u0173 kalbos paskaitos Lietuvi\u0173 filologijos ir vokie\u010di\u0173 kalbos II kurso studentams vyks pirmadieniais 13.00 val. 111 aud., antradieniais 11.00 val. 111 aud. ir tre\u010diadieniais 9.00 val. 108 aud.<\/p>\n<p>2013-04-30<br \/>\n<strong>Penktadienio paskaitos gegu\u017e\u0117s m\u0117n.<\/strong><\/p>\n<p>Nuo \u0161. m. gegu\u017e\u0117s 3 d. \u0160iuolaikin\u0117s vokie\u010di\u0173 kalbos paskaitos Vokie\u010di\u0173 filologijos ir pranc\u016bz\u0173 kalbos I kurso bei Gretutini\u0173 studij\u0173 studentams\u00a011.00 ir 13.00 val. vyks 111 aud.<\/p>\n<p>2013-04-18<br \/>\n<strong>Student\u0173 konferencija<\/strong><\/p>\n<p>D\u0117l \u0161. m. baland\u017eio 18 d. vykstan\u010dios Germanistikos student\u0173 konferencijos Daumanto Katino paskait\u0173 nebus.<\/p>\n<p>2013-02-17<br \/>\n<strong>Vizitas \u012f Ma\u017eeikius<\/strong><\/p>\n<p>D\u0117l Daumanto Katino vizito \u012f Ma\u017eeikiuose vyksian\u010di\u0105 Karjeros dien\u0105 2013-02-21 Vokie\u010di\u0173 kalbos pradedantiesiems ir \u0160iuolaikin\u0117s vokie\u010di\u0173 kalbos paskait\u0173 nebus.<\/p>\n<p>2013-01-29<br \/>\n<strong>Vizitas \u012f Panev\u0117\u017eio Juozo Bal\u010dikonio gimnazij\u0105<\/strong><\/p>\n<p>Vizitas \u012f <a href=\"http:\/\/www.jbgimnazija.lt\/index.php?option=com_content&amp;view=article&amp;id=797:universitetas-lauks-gimnazist\" target=\"_blank\">Panev\u0117\u017eio Juozo Bal\u010dikonio gimnazij\u0105<\/a>. VU Filologijos fakulteto pristatymas.<\/p>\n<p><!--nextpage--><\/p>\n<p>2012-12-02<br \/>\n<strong>Komandiruot\u0117 \u012f Estij\u0105<\/strong><\/p>\n<p>D\u0117l komandiruot\u0117s \u012f Tartu (Estija) pagal tarptautin\u012f projekt\u0105 \u201eKoGloss\u201c nuo \u0161. m. gruod\u017eio 5 iki 8 d. D. Katino paskait\u0173 nebus.<\/p>\n<p>2012-11-30<br \/>\n<strong>Lietuvos-Vokietijos jaunimo forumas<\/strong><\/p>\n<p>Lietuvos-Vokietijos forumo, Vilniaus universiteto Vokie\u010di\u0173 filologijos katedros, LR U\u017esienio reikal\u0173 ministerijos ir \u201eAlumniportal Deutschland\u201c renginys <a href=\"http:\/\/www.ltdeforumas.lt\/lt\/index.php\">\u201eLietuvos-Vokietijos jaunimo forumas\u201c<\/a>.<\/p>\n<p>2012-09-25<br \/>\n<strong>Apsilankymas Europos kalb\u0173 dienoje<\/strong><\/p>\n<p>2012 m. rugs\u0117jo 25 d. Vokie\u010di\u0173 kalbos pradedantiesiems ir \u0160iuolaikin\u0117s vokie\u010di\u0173 kalbos paskaitos Vokie\u010di\u0173 filologijos ir pranc\u016bz\u0173 kalbos I kurso studentams vyks Vilniaus rotu\u0161\u0117s aik\u0161t\u0117je <a href=\"http:\/\/vikc.lt\/lt\/pagrindinis-1\/europos-kalb-diena-30\">Europos kalb\u0173 dienos renginyje<\/a>.<\/p>\n<p>2012-09-04<br \/>\n<strong>Komandiruot\u0117 \u012f Lenkij\u0105<\/strong><\/p>\n<p>D\u0117l Daumanto Katino komandiruot\u0117s \u012f Olsztyn\u0105 (Lenkija) nuo \u0161. m. rugs\u0117jo 5 iki 8 d. nevyks paskaitos.<\/p>\n<p>2012-07-15<br \/>\n<strong>Seminaras \u201eMigracija ir integracija\u201c<\/strong><\/p>\n<p>2012 m. liepos 20-22 d. D. Katinas dalyvavo Lietuvos DAAD klubo seminare <a href=\"http:\/\/daad-klubas.lt\/renginiai\/206-migracija-ir-integracija\">\u201eMigracija ir integracija: prie\u017eastys ir u\u017ekulisiai\u201c<\/a>.<\/p>\n<p>2012-07-01<br \/>\n<strong>Alumniportal Deutschland koordinatoriaus veikla<\/strong><\/p>\n<p>Nuo 2012 m. liepos 1 iki 2012 m. gruod\u017eio 31 d. Daumantas Katinas kuruos Vokietijos alumn\u0173 portal\u0105 Baltijos \u0161alyse.<\/p>\n<p>2012-06-28<br \/>\n<strong>Daktaro vardo suteikimas<\/strong><\/p>\n<p>2012 m. bir\u017eelio 28 d. u\u017e Duisburgo-Eseno universitete apgint\u0105 disertacij\u0105 Daumantui Katinui suteiktas humanitarini\u0173 moksl\u0173 daktaro vardas.<\/p>\n<p>2012-06-01<br \/>\n<strong>Gesellschaft f\u00fcr deutsche Sprache padalinys Lietuvoje<\/strong><\/p>\n<p>2012-06-01 Goethe&#8217;s institute vyko \u201e<a href=\"http:\/\/www.gfds.de\">Gesellschaft f\u00fcr deutsche Sprache<\/a>\u201c seminaras, kuriame vienas Draugijos vadov\u0173 dr. Lutz Kuntzsch skait\u0117 prane\u0161im\u0105 tema \u201eFanmeile, Stresstest und Wutb\u00fcrger. Die \u00bbW\u00f6rter des Jahres\u00ab im Unterricht \u00bbDeutsch als Fremdsprache\u00ab\u201c. Renginio metu buvo \u012fsteigta Draugijos at\u0161aka Lietuvoje. Jos vadovu i\u0161rinktas Daumantas Katinas.<\/p>\n<p>2012-05-31<br \/>\n<strong>Straipsnis \u017eurnale \u201eMiteinander\u201c<\/strong><\/p>\n<p>2012 m. gegu\u017e\u0117s m\u0117n. pasirod\u017eiusiame Lietuvos vokie\u010di\u0173 kalbos mokytoj\u0173 ir d\u0117stytoj\u0173 draugijos \u017eurnale \u201eMiteinander\u201c publikuojamas straipsnis \u201eDeutsch lehren und lernen &#8211; Alumniportal Deutschland kennen lernen\u201c.<\/p>\n<p>2012-05-24<br \/>\n<strong>DAAD stipendij\u0173 \u012fteikimo \u0161vent\u0117<\/strong><\/p>\n<p><a href=\"http:\/\/daad-klubas.lt\/renginiai\/205-2012-daad-susitikimas\">I\u0161kilmingas DAAD stipendij\u0173 \u012fteikimas naujiesiems DAAD stipendininkams ir metinis Lietuvos DAAD klubo nari\u0173 susitikimas Verki\u0173 dvaro sodyboje<\/a>.<\/p>\n<p>2012-05-23<br \/>\n<strong>Seminaras \u201eDeutsch im Studium und Beruf\u201c<\/strong><\/p>\n<p>Vokietijos alumn\u0173 portalo, Vokietijos ambasados ir VU Vokie\u010di\u0173 filologijos katedros renginys \u201e<a href=\"http:\/\/www.alumniportal-deutschland.org\/alumni-weltweit\/alumniportal-vor-ort\/apd-weltweit-europa\/das-alumniportal-in-litauen.html#c11183\">Deutsch im Studium und Beruf<\/a>\u201e.<\/p>\n<p>2012-05-02<br \/>\n<strong>\u0160iuolaikin\u0117s vokie\u010di\u0173 kalbos paskaitos II kurso studentams<\/strong><\/p>\n<p>Nuo \u0161. m. gegu\u017e\u0117s 1 d. Daumanto Katino \u0160iuolaikin\u0117s vokie\u010di\u0173 kalbos paskaitos II kurso Vokie\u010di\u0173 filologijos Vertimo grup\u0117s ir II kurso Vokie\u010di\u0173 filologijos ir \u0161ved\u0173 kalbos studentams vyks:<br \/>\nVokie\u010di\u0173 filologija, Vertimo grup\u0117, II kursas: antradieniais 15 val. 114 aud. ir penktadieniais 9 val. 108 aud.;<br \/>\nVokie\u010di\u0173 filologija ir \u0161ved\u0173 kalba, II kursas: pirmadieniais 11 val. Kompiuteri\u0173 klas\u0117je ir ketvirtadieniais 9 val. Kalb\u0173 laboratorijoje.<\/p>\n<p>2012-04-24<br \/>\n<strong>Paskaitos laiko pakeitimas<\/strong><\/p>\n<p>2012 m. baland\u017eio 27 d., penktadien\u012f, Vokie\u010di\u0173 kalbos paskaita pradedantiems i\u0161 13 val. perkeliama \u012f 11 val. Paskaita vyks 114 auditorijoje.<\/p>\n<p>2012-03-20<br \/>\n<strong>Vizitas \u012f Ma\u017eeikius<\/strong><\/p>\n<p>Vizitas \u012f <a href=\"http:\/\/www.rackauskas.lt\">Ma\u017eeiki\u0173 Merkelio Ra\u010dkausko gimnazij\u0105<\/a>. VU Filologijos fakulteto pristatymas.<\/p>\n<p>2012-03-15<br \/>\n<strong>Student\u0173 ekskursijos<\/strong><\/p>\n<p>Nuo \u0161. m. kovo 15 iki kovo 25 d. vyksta student\u0173 apklausa d\u0117l juos dominan\u010di\u0173 ekskursij\u0173, susitikim\u0173, rengini\u0173. <a href=\"http:\/\/www.flf.vu.lt\/assets\/files\/vfk\/Ekskursiju_sarasas.pdf\">Pasi\u016blym\u0173 apra\u0161ymas&gt;&gt;<\/a> <a href=\"http:\/\/doodle.com\/7nrpnaxguk2z9rw5\">Apklausa&gt;&gt;<\/a><\/p>\n<p>2012-03-07<br \/>\n<strong>Vizitas \u012f Taurag\u0119<\/strong><\/p>\n<p>Vizitas \u012f <a href=\"http:\/\/www.versme.org\/\">Taurag\u0117s \u201eVersm\u0117s\u201c gimnazij\u0105<\/a>. VU Filologijos fakulteto pristatymas.<\/p>\n<p>2012-02-27<br \/>\n<strong>Vizitas \u012f Klaip\u0117d\u0105<\/strong><\/p>\n<p>Vizitas \u012f <a href=\"http:\/\/www.azuolynas.klaipeda.lm.lt\/\">Klaip\u0117dos \u201e\u0104\u017euolyno\u201c gimnazij\u0105<\/a>. VU Filologijos fakulteto pristatymas.<\/p>\n<p><!--nextpage--><\/p>\n<p>2011-12-08<br \/>\n<strong>Disertacijos gynimas<\/strong><\/p>\n<p>Disertacijos gynimas <a href=\"http:\/\/www.uni-due.de\/\">Duisburgo-Eseno universitete<\/a> (Vokietija) \u201eZu Stellung und Methodik der kontrastiven Lexikologie am Beispiel des lexikalischen Feldes \u201eRelief\u201c im Litauischen und im Deutschen\u201c.<\/p>\n<p>2011-11-30<br \/>\n<strong>\u201eQuo vadis, deutsche Sprache?\u201c<\/strong><\/p>\n<p>VU Vokie\u010di\u0173 filologijos katedros ir Vokietijos alumn\u0173 portalo seminaras <a href=\"http:\/\/www.alumniportal-deutschland.org\/alumni-weltweit\/alumniportal-vor-ort\/apd-weltweit-europa\/das-alumniportal-in-litauen.html#c10830\">\u201eQuo vadis, deutsche Sprache?\u201c<\/a>.<\/p>\n<p>2011-09-13<strong><br \/>\nLeksikologijos paskaitos pakeitimas<\/strong><\/p>\n<p>Profesor\u0117s dr. Aljos Lipavic O\u0161tir (Mariboro universitetas, Slov\u0117nija) paskaita \u201cSprachkontakte zwischen Deutsch und Slowenisch\u201d.<\/p>\n<p>2011-07-04<br \/>\n<strong>DAAD vasaros stovykla Latvijoje<\/strong><\/p>\n<p>2011-05-24<strong><br \/>\nVokietijos alumn\u0173 portalo pristatymas Lietuvoje<\/strong><\/p>\n<p>2011-04-05<strong><br \/>\nEkskursija \u012f Lietuvos hidrometeorologijos tarnyb\u0105<br \/>\n<\/strong><br \/>\n2011-03-24<br \/>\n<strong>Ekskursija \u012f Lietuvos radij\u0105 ir televizij\u0105<br \/>\n<\/strong><br \/>\n2011-02-23 &#8211; 03-03<br \/>\n<strong>Komandiruot\u0117 \u012f Vokietij\u0105<br \/>\n<\/strong><!--nextpage-->2010-12-26<br \/>\n<strong>Straipsnis rinkinyje \u201eLexicographica 26\u201c<br \/>\n<\/strong><br \/>\n2010-12-05<strong><br \/>\nVizitas \u012f \u0160iauli\u0173 J. Janonio gimnazij\u0105<\/strong><\/p>\n<p>2010-11-20<strong><br \/>\nPirmininkavimas VU Filologijos fakulteto Alumn\u0173 draugijai<\/strong><\/p>\n<p>2011-11-20 Vilniaus universitete vykusiame Filologijos fakulteto Alumn\u0173 draugijos steigiamajame susirinkime Tarybos prezidentu i\u0161rinktas doc. dr. Antanas Smetona, Valdybos pirmininku &#8211; Daumantas Katinas. <a href=\"http:\/\/www.flf.vu.lt\/alumnai\">Daugiau informacijos rasite \u010dia&gt;&gt;<\/a><\/p>\n<p>2010-09-28<br \/>\n<strong>Interviu<\/strong><\/p>\n<p><a href=\"http:\/\/naujienos.vu.lt\/pokalbiai-rektorato-koridoriuose\/22777\">\u201eVisk\u0105 susp\u0117ti u\u017etenka tiktai noro ir iniciatyvos\u201c (\u201eVilniaus universiteto naujienos\u201c, 2010-09-28)<\/a>.<\/p>\n<p>2010-09-15<strong><br \/>\nSusitikimas d\u0117l Germanist\u0173 dienos<\/strong><\/p>\n<p>2010-08-13<strong><br \/>\nPirmakursi\u0173 stovykla. VU Filologijos fakulteto pristatymas.<\/strong><\/p>\n<p>&nbsp;<\/p>\n","protected":false},"excerpt":{"rendered":"<p>2017-10-03 Pokalbis LRT Klasikos laidoje \u201eRyto allegro\u201c \u0160. m. spalio 3 d. D. Katinas dalyvavo LRT Klasikos laidoje \u201eRyto allegro\u201c, kurioje kalb\u0117jo apie germanistikos studijas ir vokie\u010di\u0173 kalbos pad\u0117t\u012f Lietuvoje. 2017-09-25 Klauso Geyerio prane\u0161imas GfdS koliokviume \u0160. m. rugs\u0117jo 25 d. GfdS koliokviume prane\u0161im\u0105 tema \u201eHassrede in deutschen online Medien\u201c perskait\u0117 dr. Klausas Geyer (Piet\u0173 [&hellip;]<\/p>\n","protected":false},"author":21,"featured_media":0,"parent":0,"menu_order":0,"comment_status":"closed","ping_status":"closed","template":"","meta":[],"_links":{"self":[{"href":"http:\/\/web.vu.lt\/flf\/d.katinas\/wp-json\/wp\/v2\/pages\/2"}],"collection":[{"href":"http:\/\/web.vu.lt\/flf\/d.katinas\/wp-json\/wp\/v2\/pages"}],"about":[{"href":"http:\/\/web.vu.lt\/flf\/d.katinas\/wp-json\/wp\/v2\/types\/page"}],"author":[{"embeddable":true,"href":"http:\/\/web.vu.lt\/flf\/d.katinas\/wp-json\/wp\/v2\/users\/21"}],"replies":[{"embeddable":true,"href":"http:\/\/web.vu.lt\/flf\/d.katinas\/wp-json\/wp\/v2\/comments?post=2"}],"version-history":[{"count":93,"href":"http:\/\/web.vu.lt\/flf\/d.katinas\/wp-json\/wp\/v2\/pages\/2\/revisions"}],"predecessor-version":[{"id":1255,"href":"http:\/\/web.vu.lt\/flf\/d.katinas\/wp-json\/wp\/v2\/pages\/2\/revisions\/1255"}],"wp:attachment":[{"href":"http:\/\/web.vu.lt\/flf\/d.katinas\/wp-json\/wp\/v2\/media?parent=2"}],"curies":[{"name":"wp","href":"https:\/\/api.w.org\/{rel}","templated":true}]}}