{"id":148,"date":"2010-09-15T13:57:40","date_gmt":"2010-09-15T11:57:40","guid":{"rendered":"http:\/\/web.vu.lt\/flf\/d.katinas\/?page_id=148"},"modified":"2014-03-07T14:16:06","modified_gmt":"2014-03-07T12:16:06","slug":"vokieciu-kalba","status":"publish","type":"page","link":"http:\/\/web.vu.lt\/flf\/d.katinas\/destomi-dalykai\/vokieciu-kalba\/","title":{"rendered":"Vokie\u010di\u0173 kalba"},"content":{"rendered":"<p style=\"text-align: left\"><a href=\"http:\/\/web.vu.lt\/flf\/d.katinas\/destomi-dalykai\/vokieciu-kalba\/gretutines-studijos\/\"><span style=\"color: #800000\"><strong>\u0160IUOLAIKIN\u0116 VOKIE\u010cI\u0172 KALBA. GRETUTIN\u0116S STUDIJOS. GERMAN FOR BEGINNERS. IV\/IV<\/strong><\/span><\/a><\/p>\n<p style=\"text-align: left\"><a href=\"http:\/\/web.vu.lt\/flf\/d.katinas\/destomi-dalykai\/vokieciu-kalba\/vokieciu-kalba-pazengusiems\/\"><span style=\"color: #800000\"><strong>\u0160IUOLAIKIN\u0116 VOKIE\u010cI\u0172 KALBA. PAGRINDIN\u0116S STUDIJOS. GERMAN FOR ADVANCED. II\/IV<\/strong><\/span><\/a><\/p>\n<p style=\"text-align: left\"><a href=\"http:\/\/web.vu.lt\/flf\/d.katinas\/destomi-dalykai\/vokieciu-kalba\/vokieciu-kalba-pradedantiesiems\/\"><strong><span style=\"color: #800000\">VOKIE\u010cI\u0172 KALBA PRADEDANTIESIEMS. GERMAN FOR BEGINNERS. II\/IV<\/span><\/strong><\/a><\/p>\n<p>&nbsp;<\/p>\n<p style=\"text-align: center\"><strong><span style=\"color: #800000\">BENDROJI INFORMACIJA \/ ALLGEMEINE INFORMATIONEN<\/span><br \/>\n<\/strong><\/p>\n<p><strong>Pratyb\u0173 lapai \/ Arbeitsbl\u00e4tter:<\/strong><\/p>\n<p><a href=\"http:\/\/www.schubert-verlag.de\/aufgaben\/arbeitsblaetter_a1_z\/arbeitsblatt001-099.pdf\">Pratyb\u0173 lapai pradedantiems mokytis vokie\u010di\u0173 kalbos<\/a>.<\/p>\n<p><strong>Gramatika \/ Grammatik:<\/strong><\/p>\n<p><a href=\"http:\/\/web.vu.lt\/flf\/d.katinas\/files\/2010\/09\/Starke-und-unregelmaessige-Verben.pdf\">Vokie\u010di\u0173 kalbos stipri\u0173j\u0173 ir netaisykling\u0173j\u0173 veiksma\u017eod\u017ei\u0173 lentel\u0117<\/a><\/p>\n<p><strong>\u017dodynai \/ W\u00f6rterb\u00fccher:<\/strong><\/p>\n<p><a href=\"http:\/\/www.bildwoerterbuch.com\" target=\"_blank\">Bildw\u00f6rterbuch<\/a><br \/>\n<a href=\"http:\/\/www.duden.de\" target=\"_blank\">Duden-Universalw\u00f6rterbuch<\/a><br \/>\n<a href=\"http:\/\/www.dict.cc\" target=\"_blank\">Deutsch-englisches W\u00f6rterbuch<\/a><br \/>\n<a href=\"http:\/\/wortschatz.uni-leipzig.de\" target=\"_blank\">Korpus der Universit\u00e4t Leipzig<\/a><\/p>\n<p><strong>Informacija apie Vokietij\u0105 \/ Informationen \u00fcber Deutschland:<\/p>\n<p><\/strong><a href=\"http:\/\/www.tagesschau.de\/videoblog\/nord_nord_ost\/nord-nord-ost102.html\" target=\"_blank\">ARD reporta\u017eas apie vokie\u010di\u0173 filologijos studijas Vilniaus universitete<br \/>\n<\/a><a href=\"http:\/\/www.innovationen-fuer-deutschland.de\/_pdf\/Deutsche_Stars.pdf\">Svarbiausi Vokietijos i\u0161radimai<\/a><br \/>\n<a href=\"http:\/\/www.deutschlandlied.de\/\">Vokietijos himnas<\/a><br \/>\n<a href=\"http:\/\/www.deutschland.de\">Vokietijos Federacin\u0117s Respublikos oficiali svetain\u0117<\/a><br \/>\n<a href=\"http:\/\/www.wilna.diplo.de\/\">Vokietijos Federacin\u0117s Respublikos ambasada Vilniuje<\/a><br \/>\n<a href=\"http:\/\/www.tatsachen-ueber-deutschland.de\/lt\/\">\u0160iuolaikin\u0117 Vokietija (lietuvi\u0173, vokie\u010di\u0173, angl\u0173 ir kitomis kalbomis)<\/a><br \/>\n<a href=\"http:\/\/www.fh-brandenburg.de\/fileadmin\/fhb\/auslandsamt\/Kultureller_Leitfaden_fuer_auslaendische_Studierende.pdf\">Informacija apie Vokietij\u0105 u\u017esienio \u0161ali\u0173 studentams (vokie\u010di\u0173 kalba)<\/a><\/p>\n","protected":false},"excerpt":{"rendered":"<p>\u0160IUOLAIKIN\u0116 VOKIE\u010cI\u0172 KALBA. GRETUTIN\u0116S STUDIJOS. GERMAN FOR BEGINNERS. IV\/IV \u0160IUOLAIKIN\u0116 VOKIE\u010cI\u0172 KALBA. PAGRINDIN\u0116S STUDIJOS. GERMAN FOR ADVANCED. II\/IV VOKIE\u010cI\u0172 KALBA PRADEDANTIESIEMS. GERMAN FOR BEGINNERS. II\/IV &nbsp; BENDROJI INFORMACIJA \/ ALLGEMEINE INFORMATIONEN Pratyb\u0173 lapai \/ Arbeitsbl\u00e4tter: Pratyb\u0173 lapai pradedantiems mokytis vokie\u010di\u0173 kalbos. Gramatika \/ Grammatik: Vokie\u010di\u0173 kalbos stipri\u0173j\u0173 ir netaisykling\u0173j\u0173 veiksma\u017eod\u017ei\u0173 lentel\u0117 \u017dodynai \/ W\u00f6rterb\u00fccher: Bildw\u00f6rterbuch [&hellip;]<\/p>\n","protected":false},"author":21,"featured_media":0,"parent":14,"menu_order":0,"comment_status":"closed","ping_status":"closed","template":"","meta":[],"_links":{"self":[{"href":"http:\/\/web.vu.lt\/flf\/d.katinas\/wp-json\/wp\/v2\/pages\/148"}],"collection":[{"href":"http:\/\/web.vu.lt\/flf\/d.katinas\/wp-json\/wp\/v2\/pages"}],"about":[{"href":"http:\/\/web.vu.lt\/flf\/d.katinas\/wp-json\/wp\/v2\/types\/page"}],"author":[{"embeddable":true,"href":"http:\/\/web.vu.lt\/flf\/d.katinas\/wp-json\/wp\/v2\/users\/21"}],"replies":[{"embeddable":true,"href":"http:\/\/web.vu.lt\/flf\/d.katinas\/wp-json\/wp\/v2\/comments?post=148"}],"version-history":[{"count":172,"href":"http:\/\/web.vu.lt\/flf\/d.katinas\/wp-json\/wp\/v2\/pages\/148\/revisions"}],"predecessor-version":[{"id":935,"href":"http:\/\/web.vu.lt\/flf\/d.katinas\/wp-json\/wp\/v2\/pages\/148\/revisions\/935"}],"up":[{"embeddable":true,"href":"http:\/\/web.vu.lt\/flf\/d.katinas\/wp-json\/wp\/v2\/pages\/14"}],"wp:attachment":[{"href":"http:\/\/web.vu.lt\/flf\/d.katinas\/wp-json\/wp\/v2\/media?parent=148"}],"curies":[{"name":"wp","href":"https:\/\/api.w.org\/{rel}","templated":true}]}}