{"id":116,"date":"2010-09-13T15:37:06","date_gmt":"2010-09-13T13:37:06","guid":{"rendered":"http:\/\/web.vu.lt\/flf\/d.katinas\/?page_id=116"},"modified":"2016-02-13T18:43:22","modified_gmt":"2016-02-13T16:43:22","slug":"psicholingvistika","status":"publish","type":"page","link":"http:\/\/web.vu.lt\/flf\/d.katinas\/destomi-dalykai\/psicholingvistika\/","title":{"rendered":"Psicholingvistika"},"content":{"rendered":"<p>2016-02-17: <a href=\"http:\/\/web.vu.lt\/flf\/d.katinas\/files\/2010\/09\/Psycholinguistik_-_Einfuehrung-2016.pdf\">Einf\u00fchrung in die Psycholinguistik<\/a><\/p>\n<p>2016-02-10: <a href=\"http:\/\/web.vu.lt\/flf\/d.katinas\/files\/2010\/09\/Merkblatt-f\u00fcr-Studierende-2014.pdf\" target=\"_blank\">Merkblatt f\u00fcr Studierende<\/a><\/p>\n<p><span style=\"line-height: 1.5em\">******<\/span><\/p>\n<p><strong>\u012edom\u016bs faktai apie \u017emoni\u0173 kalb\u0105 (vokie\u010di\u0173 kalba):<\/strong><\/p>\n<p><a href=\"http:\/\/web.vu.lt\/flf\/d.katinas\/destomi-dalykai\/psicholingvistika\/13_fragen_zur_sprache_-_1-4\/\" target=\"_self\">Die 13 wichtigsten Fragen zur Sprache: 1-4 (GEO)<\/a><br \/>\n<a href=\"http:\/\/web.vu.lt\/flf\/d.katinas\/destomi-dalykai\/psicholingvistika\/13_fragen_zur_sprache_-_5-8\/\" target=\"_self\">Die 13 wichtigsten Fragen zur Sprache: 5-8 (GEO)<\/a><br \/>\n<a href=\"http:\/\/web.vu.lt\/flf\/d.katinas\/destomi-dalykai\/psicholingvistika\/13_fragen_zur_sprache_-_9-13\/\" target=\"_self\">Die 13 wichtigsten Fragen zur Sprache: 9-13 (GEO)<\/a><br \/>\n<a href=\"http:\/\/www.wissiomed.de\/gedaechtnistest.htm\" target=\"_blank\">Ged\u00e4chtnistraining und Ged\u00e4chtnistests (WISSIOMED)<\/a><br \/>\n<a href=\"http:\/\/web.vu.lt\/flf\/d.katinas\/destomi-dalykai\/psicholingvistika\/gehirn_und_willensfreiheit\/\" target=\"_blank\">Gehirn und Willensfreiheit (Daumantas Katinas)<\/a><br \/>\n<a href=\"http:\/\/www.geo.de\/sprache\" target=\"_blank\">GEO-WISSEN: Das Geheimnis der Sprache<\/a><br \/>\n<a href=\"http:\/\/www.welt.de\/wissenschaft\/article9439787\/Warum-Maedchen-den-groesseren-Wortschatz-haben.html\" target=\"_blank\">Warum M\u00e4dchen den gr\u00f6\u00dferen Wortschatz haben? (DIE WELT)<\/a><\/p>\n<p><strong>\u012edom\u016bs faktai apie \u017emoni\u0173 kalb\u0105 (lietuvi\u0173 kalba):<\/strong><\/p>\n<p><a href=\"http:\/\/web.vu.lt\/flf\/d.katinas\/files\/2010\/09\/Vaiku-kalbos-atmintine.jpeg\">Vaik\u0173 kalbos raidos rodikliai (Rita \u017dukauskien\u0117 (2007): <em>Raidos psichologija<\/em>. Vilnius. p. 104)<\/a><br \/>\n<a href=\"http:\/\/www.technologijos.lt\/n\/mokslas\/idomusis_mokslas\/S-23858\/straipsnis?name=S-23858&amp;l=2&amp;p=1\" target=\"_blank\">Hiperpoliglotai: kiek kalb\u0173 gali mok\u0117ti vienas asmuo? (<em>Saulius \u017dukauskas, www.technologijos.lt, 2012-01-18<\/em>)<\/a><\/p>\n<p><strong>Nuorodos<\/strong>:<\/p>\n<p><a href=\"http:\/\/www.spreadthesign.com\/lt\/\">Daugiakalbis gest\u0173 \u017eodynas<\/a>.<\/p>\n","protected":false},"excerpt":{"rendered":"<p>2016-02-17: Einf\u00fchrung in die Psycholinguistik 2016-02-10: Merkblatt f\u00fcr Studierende ****** \u012edom\u016bs faktai apie \u017emoni\u0173 kalb\u0105 (vokie\u010di\u0173 kalba): Die 13 wichtigsten Fragen zur Sprache: 1-4 (GEO) Die 13 wichtigsten Fragen zur Sprache: 5-8 (GEO) Die 13 wichtigsten Fragen zur Sprache: 9-13 (GEO) Ged\u00e4chtnistraining und Ged\u00e4chtnistests (WISSIOMED) Gehirn und Willensfreiheit (Daumantas Katinas) GEO-WISSEN: Das Geheimnis der Sprache [&hellip;]<\/p>\n","protected":false},"author":21,"featured_media":0,"parent":14,"menu_order":0,"comment_status":"closed","ping_status":"closed","template":"","meta":[],"_links":{"self":[{"href":"http:\/\/web.vu.lt\/flf\/d.katinas\/wp-json\/wp\/v2\/pages\/116"}],"collection":[{"href":"http:\/\/web.vu.lt\/flf\/d.katinas\/wp-json\/wp\/v2\/pages"}],"about":[{"href":"http:\/\/web.vu.lt\/flf\/d.katinas\/wp-json\/wp\/v2\/types\/page"}],"author":[{"embeddable":true,"href":"http:\/\/web.vu.lt\/flf\/d.katinas\/wp-json\/wp\/v2\/users\/21"}],"replies":[{"embeddable":true,"href":"http:\/\/web.vu.lt\/flf\/d.katinas\/wp-json\/wp\/v2\/comments?post=116"}],"version-history":[{"count":67,"href":"http:\/\/web.vu.lt\/flf\/d.katinas\/wp-json\/wp\/v2\/pages\/116\/revisions"}],"predecessor-version":[{"id":1159,"href":"http:\/\/web.vu.lt\/flf\/d.katinas\/wp-json\/wp\/v2\/pages\/116\/revisions\/1159"}],"up":[{"embeddable":true,"href":"http:\/\/web.vu.lt\/flf\/d.katinas\/wp-json\/wp\/v2\/pages\/14"}],"wp:attachment":[{"href":"http:\/\/web.vu.lt\/flf\/d.katinas\/wp-json\/wp\/v2\/media?parent=116"}],"curies":[{"name":"wp","href":"https:\/\/api.w.org\/{rel}","templated":true}]}}