{"id":17,"date":"2022-09-26T06:31:36","date_gmt":"2022-09-26T08:31:36","guid":{"rendered":"http:\/\/web.vu.lt\/flf\/d.babusyte\/?page_id=17"},"modified":"2023-02-08T18:29:41","modified_gmt":"2023-02-08T20:29:41","slug":"konferencijos","status":"publish","type":"page","link":"http:\/\/web.vu.lt\/flf\/d.babusyte\/konferencijos\/","title":{"rendered":"Konferencijos \/ Conferences"},"content":{"rendered":"\n<p>Babu\u0161yt\u0117, D., Daunorien\u0117, J. Zur Mehrsprachigkeit im Schulwesen Litauens (16.-19. Jh.) am Beispiel des Vilniusser Gebietes. Jahrestagung der Matthias-Kramer-Gesellschaft Mehrsprachigkeit im Schulwesen der FNZ. University of Bialystok, 27-29 July, 2022. The Programme: <a href=\"https:\/\/www.uni-bamberg.de\/fileadmin\/uni\/fakultaeten\/ggeo_lehrstuehle\/neuere_geschichte\/Matthias-Kramer\/Programm_Bialystok_27-290722.pdf\">https:\/\/www.uni-bamberg.de\/fileadmin\/uni\/fakultaeten\/ggeo_lehrstuehle\/neuere_geschichte\/Matthias-Kramer\/Programm_Bialystok_27-290722.pdf<\/a><\/p>\n\n\n\n<p>Babu\u0161yt\u0117, D. Mehrsprachigkeit und ihr Einsatz beim Deutschlernen. <em>XII. Nordisch-Baltisches Germanistentreffen<\/em>. University of Iceland (Reykjavik), 8-10 June, 2022. <a href=\"\"><\/a><\/p>\n\n\n\n<p>Babu\u0161yt\u0117, D., Daunorien\u0117, J. <a href=\"https:\/\/sites.google.com\/view\/smprogramme\/june-5\/virtual-room-3\/assoc-prof-dr-diana-babu%C5%A1yt%C4%97-asist-prof-dr-justina-daunorien%C4%97\">Multilinguale Kompetenz bei Philologiestudierenden: Ergebnisse einer Fallstudie \u00fcber Mehrsprachigkeit als Ressource im DaF-Unterricht<\/a>.<strong> <\/strong><em>6th International Conference Sustainable Multilingualism<\/em>. Kaunas (online-conference), 4-5 June, 2021. <\/p>\n\n\n\n<p>Babu\u0161yt\u0117, D. \u00dcbung macht den Meister. Zur phraseologischen Kompetenz bei Germanistikstudierenden an der Universit\u00e4t Vilnius. <em>3. Internationale Tagung. <\/em><em>Aktuelle Trends in der phraseologischen und par\u00f6miologischen Forschung weltweit.<\/em> Wroc\u0142aw (Online-Konferenz), 27-29 May 2021. Book of Abstracts <a href=\"http:\/\/www.ifg.uni.wroc.pl\/wp-content\/uploads\/konf\/2021_05_fraz\/Abstracts.pdf\">http:\/\/www.ifg.uni.wroc.pl\/wp-content\/uploads\/konf\/2021_05_fraz\/Abstracts.pdf<\/a><\/p>\n\n\n\n<p>Babu\u0161yt\u0117, D., Daunorien\u0117, J. Sprachbewusstheit und plurilinguale Kompetenz. Umfrage litauischer Sprachstudierender \u00fcber Mehrsprachigkeit als Hilfe beim Deutschlernen. <em>56 Linguistisches Kolloquium: \u00dcbersetzen, Mehrsprachigkeit und Kognition<\/em> (online-conference), 26-28 November, 2020. <\/p>\n\n\n\n<p>Babu\u0161yt\u0117, D. Fremdw\u00f6rter zwischen Normierung und Isolation. Empirische Analyse zu lexikalischen Entlehnungen im Litauischen. <em>Baltische Erz\u00e4hl- und Lebenswelten. Kultur-, literatur-, translations- und sprachwissenschaftliche Aspekte<\/em>. Tallinn University (online-conference), 17-20 September, 2020. The Programme <a href=\"https:\/\/www.tlu.ee\/sites\/default\/files\/Baltische%20Erz%C3%A4hl-%20und%20Lebenswelten.%2017.-19.09.2020_0.pdf\">https:\/\/www.tlu.ee\/sites\/default\/files\/Baltische%20Erz%C3%A4hl-%20und%20Lebenswelten.%2017.-19.09.2020_0.pdf<\/a><\/p>\n\n\n\n<p>Babu\u0161yt\u0117, D. Es ist noch kein Meister vom Himmel gefallen. Didaktische \u00dcberlegungen zur Phraseologievermittlung im DaF-Unterricht. <em>Feste Wortverbindungen in Forschung und Lehre: Phraseologismen, Kollokationen und Verwandtes. In Erinnerung an Saulius Lapinskas<\/em> (1954\u20132014). <a><\/a>Vilnius University, 11-12 October, 2019. The programme <a href=\"https:\/\/www.flf.vu.lt\/institutai\/91-lt\/struktura\/institutai\/bkki\/vfk\/3208-feste-wortverbindungen-in-forschung-und-lehre#programm\">https:\/\/www.flf.vu.lt\/institutai\/91-lt\/struktura\/institutai\/bkki\/vfk\/3208-feste-wortverbindungen-in-forschung-und-lehre#programm<\/a><\/p>\n\n\n\n<p>Babu\u0161yt\u0117, D. Mehrsprachigkeit als Ressource im Fremdsprachenunterricht. International Conference <em>The factors of Education in modern society<\/em>. The General Jonas \u017demaitis Military Academy of Lithuania, 10 May, 2019.<\/p>\n\n\n\n<p>Babu\u0161yt\u0117, D. Transferbr\u00fccken im Fremdsprachenunterricht. <em>VIII International Scientific Conference on<\/em><em> Linguistic, Didactic and Sociocultural Aspects of Language Functioning<\/em>. Lithuanian University of Educational Studies, 3-4 May, 2018.<\/p>\n\n\n\n<p>Babu\u0161yt\u0117, D. \u0418\u043d\u0442\u0435\u0433\u0440\u0430\u0446\u0438\u044f \u043d\u043e\u0432\u043e\u0439 \u0438\u043d\u043e\u044f\u0437\u044b\u0447\u043d\u043e\u0439 \u043b\u0435\u043a\u0441\u0438\u043a\u0438 \u0432 \u0440\u0443\u0441\u0441\u043a\u043e\u043c \u0438 \u043b\u0438\u0442\u043e\u0432\u0441\u043a\u043e\u043c \u044f\u0437\u044b\u043a\u0430\u0445. VI International Scientific Conference \u201e<em>Kalba ir tarpkult\u016brin\u0117 komunikacija<\/em>\u201c. Lithuanian University of Educational Studies, 19-20 d May, 2017.<\/p>\n\n\n\n<p>Babu\u0161yt\u0117, D. Internationalismen aus linguistischer und didaktischer Perspektive. International Conference <em>The factors of Education in modern society<\/em>. The General Jonas \u017demaitis Military Academy of Lithuania, 17 December, 2017.<\/p>\n\n\n\n<p>Babu\u0161yt\u0117, D. \u0422\u0438\u043f\u043e\u043b\u043e\u0433\u0438\u044f \u0437\u0430\u0438\u043c\u0441\u0442\u0432\u043e\u0432\u0430\u043d\u0438\u0439 \u0432 \u043b\u0435\u043a\u0441\u0438\u043a\u0435 \u0435\u0432\u0440\u043e\u043f\u0435\u0439\u0441\u043a\u0438\u0445 \u044f\u0437\u044b\u043a\u043e\u0432. <em>VII International Scientific Conference on<\/em><em> Linguistic, Didactic and Sociocultural Aspects of Language Functioning<\/em>. Lithuanian University of Educational Studies, 5-6 May, 2016.<\/p>\n\n\n\n<p>Babu\u0161yt\u0117, D. Zur Integration von Fremdw\u00f6rtern im Litauischen. <em>VII <\/em><em>International Scientific Conference on<\/em><em> Linguistic, Didactic and Sociocultural Aspects of Language Functioning<\/em>. Lithuanian University of Educational Studies, 5-6 May, 2016.<\/p>\n\n\n\n<p>Babu\u0161yt\u0117, D. \u041a \u0432\u043e\u043f\u0440\u043e\u0441\u0443 \u043e\u0431 \u0430\u043d\u0433\u043b\u0438\u0446\u0438\u0437\u043c\u0430\u0445 \u0432 \u043b\u0438\u0442\u043e\u0432\u0441\u043a\u043e\u0439 \u0438 \u043d\u0435\u043c\u0435\u0446\u043a\u043e\u0439 \u0440\u0435\u043a\u043b\u0430\u043c\u0435. V International Scientific Conference \u201e<em>Kalba ir tarpkult\u016brin\u0117 komunikacija\u201c<\/em>. Lithuanian University of Educational Studies, 19-23 May, 2015.<\/p>\n\n\n\n<p>Babu\u0161yt\u0117, D. Konvergenz und Divergenzph\u00e4nomene in den Wortbest\u00e4nden der Europ\u00e4ismen. <em>VI International Scientific Conference on <\/em><em>Linguistic, Didactic and Sociocultural Aspects of Language Functioning<\/em>. Lithuanian University of Educational Studies, 24-25 April, 2014.<\/p>\n\n\n\n<p>Babu\u0161yt\u0117, D. \u0417\u0430\u0438\u043c\u0441\u0442\u0432\u043e\u0432\u0430\u043d\u0438\u044f \u2013 \u043e\u0431\u043e\u0433\u043e\u0449\u0435\u043d\u0438\u0435 \u043a\u0443\u043b\u044c\u0442\u0443\u0440 \u0438 \u044f\u0437\u044b\u043a\u043e\u0432 \u0440\u0430\u0437\u043d\u044b\u0445 \u043d\u0430\u0440\u043e\u0434\u043e\u0432? IV International Scientific Conference \u201e<em>Kalba ir tarpkult\u016brin\u0117 komunikcija\u201d<\/em>. Lithuanian University of Educational Studies, 15-18 May, 2013.<\/p>\n\n\n\n<p>Babu\u0161yt\u0117, D. Internationalismen im Fremdsprachenerwerb. <em>V International Scientific Conference on Linguistic, Didactic and Sociocultural Aspects of Language Functioning<\/em>. Lithuanian University of Educational Studies, 26-27 April, 2012.<\/p>\n\n\n\n<p>Babu\u0161yt\u0117, D. Das lexikalische Erbe der Sprachen Europas. Europ\u00e4ismen. <em>IV<\/em> <em>International Scientific Conference <\/em><em>on <\/em><em>Linguistic, Didactic and Sociocultural Aspects of Language Functioning<\/em>. Lithuanian University of Educational Studies, 21-22 October, 2010.<\/p>\n\n\n\n<p>Babu\u0161yt\u0117, D. K \u0432\u043e\u043f\u0440\u043e\u0441\u0443 \u043e \u0435\u0432\u0440\u043e\u043f\u0435\u0438\u0437\u043c\u0430\u0445 \u0432 \u0441\u043e\u0432\u0440\u0435\u043c\u0435\u043d\u043d\u044b\u0445 \u0440\u0443\u0441\u0441\u043a\u043e\u043c \u0438 \u043d\u0435\u043c\u0435\u0446\u043a\u043e\u043c \u044f\u0437\u044b\u043a\u0430\u0445. IX International Scientific Conference \u201e<em>Dialogo erdv\u0117s. Literat\u016brologinis, lingvistinis, didaktinis aspektai<\/em>\u201c. Lithuanian University of Educational Studies, 22-24 April, 2010.<\/p>\n\n\n\n<p>Babu\u0161yt\u0117, D. Was ist ein Europ\u00e4ismus? Sprachwissenschaftliche Aspekte seiner Definition. <em>III <\/em><em>International Scientific Conference <\/em><em>on<\/em> <em>Linguistic, Didactic and Sociocultural Aspects of Language Functioning<\/em>. Lithuanian University of Educational Studies, 25-26 September, 2008.<\/p>\n","protected":false},"excerpt":{"rendered":"<p>Babu\u0161yt\u0117, D., Daunorien\u0117, J. Zur Mehrsprachigkeit im Schulwesen Litauens (16.-19. Jh.) am Beispiel des Vilniusser Gebietes. Jahrestagung der Matthias-Kramer-Gesellschaft Mehrsprachigkeit im Schulwesen der FNZ. University of Bialystok, 27-29 July, 2022. The Programme: https:\/\/www.uni-bamberg.de\/fileadmin\/uni\/fakultaeten\/ggeo_lehrstuehle\/neuere_geschichte\/Matthias-Kramer\/Programm_Bialystok_27-290722.pdf Babu\u0161yt\u0117, D. Mehrsprachigkeit und ihr Einsatz beim Deutschlernen. XII. Nordisch-Baltisches Germanistentreffen. University of Iceland (Reykjavik), 8-10 June, 2022. Babu\u0161yt\u0117, D., Daunorien\u0117, J. [&hellip;]<\/p>\n","protected":false},"author":1,"featured_media":0,"parent":0,"menu_order":0,"comment_status":"closed","ping_status":"closed","template":"","meta":[],"_links":{"self":[{"href":"http:\/\/web.vu.lt\/flf\/d.babusyte\/wp-json\/wp\/v2\/pages\/17"}],"collection":[{"href":"http:\/\/web.vu.lt\/flf\/d.babusyte\/wp-json\/wp\/v2\/pages"}],"about":[{"href":"http:\/\/web.vu.lt\/flf\/d.babusyte\/wp-json\/wp\/v2\/types\/page"}],"author":[{"embeddable":true,"href":"http:\/\/web.vu.lt\/flf\/d.babusyte\/wp-json\/wp\/v2\/users\/1"}],"replies":[{"embeddable":true,"href":"http:\/\/web.vu.lt\/flf\/d.babusyte\/wp-json\/wp\/v2\/comments?post=17"}],"version-history":[{"count":11,"href":"http:\/\/web.vu.lt\/flf\/d.babusyte\/wp-json\/wp\/v2\/pages\/17\/revisions"}],"predecessor-version":[{"id":50,"href":"http:\/\/web.vu.lt\/flf\/d.babusyte\/wp-json\/wp\/v2\/pages\/17\/revisions\/50"}],"wp:attachment":[{"href":"http:\/\/web.vu.lt\/flf\/d.babusyte\/wp-json\/wp\/v2\/media?parent=17"}],"curies":[{"name":"wp","href":"https:\/\/api.w.org\/{rel}","templated":true}]}}

<p>Babušytė, D., Daunorienė, J. Zur Mehrsprachigkeit im Schulwesen Litauens (16.-19. Jh.) am Beispiel des Vilniusser Gebietes. Jahrestagung der Matthias-Kramer-Gesellschaft Mehrsprachigkeit im Schulwesen der FNZ. University of Bialystok, 27-29 July, 2022. The Programme: <a href="https://www.uni-bamberg.de/fileadmin/uni/fakultaeten/ggeo_lehrstuehle/neuere_geschichte/Matthias-Kramer/Programm_Bialystok_27-290722.pdf">https://www.uni-bamberg.de/fileadmin/uni/fakultaeten/ggeo_lehrstuehle/neuere_geschichte/Matthias-Kramer/Programm_Bialystok_27-290722.pdf</a></p>



<p>Babušytė, D. Mehrsprachigkeit und ihr Einsatz beim Deutschlernen. <em>XII. Nordisch-Baltisches Germanistentreffen</em>. University of Iceland (Reykjavik), 8-10 June, 2022. <a href=""></a></p>



<p>Babušytė, D., Daunorienė, J. <a href="https://sites.google.com/view/smprogramme/june-5/virtual-room-3/assoc-prof-dr-diana-babu%C5%A1yt%C4%97-asist-prof-dr-justina-daunorien%C4%97">Multilinguale Kompetenz bei Philologiestudierenden: Ergebnisse einer Fallstudie über Mehrsprachigkeit als Ressource im DaF-Unterricht</a>.<strong> </strong><em>6th International Conference Sustainable Multilingualism</em>. Kaunas (online-conference), 4-5 June, 2021. </p>



<p>Babušytė, D. Übung macht den Meister. Zur phraseologischen Kompetenz bei Germanistikstudierenden an der Universität Vilnius. <em>3. Internationale Tagung. </em><em>Aktuelle Trends in der phraseologischen und parömiologischen Forschung weltweit.</em> Wrocław (Online-Konferenz), 27-29 May 2021. Book of Abstracts <a href="http://www.ifg.uni.wroc.pl/wp-content/uploads/konf/2021_05_fraz/Abstracts.pdf">http://www.ifg.uni.wroc.pl/wp-content/uploads/konf/2021_05_fraz/Abstracts.pdf</a></p>



<p>Babušytė, D., Daunorienė, J. Sprachbewusstheit und plurilinguale Kompetenz. Umfrage litauischer Sprachstudierender über Mehrsprachigkeit als Hilfe beim Deutschlernen. <em>56 Linguistisches Kolloquium: Übersetzen, Mehrsprachigkeit und Kognition</em> (online-conference), 26-28 November, 2020. </p>



<p>Babušytė, D. Fremdwörter zwischen Normierung und Isolation. Empirische Analyse zu lexikalischen Entlehnungen im Litauischen. <em>Baltische Erzähl- und Lebenswelten. Kultur-, literatur-, translations- und sprachwissenschaftliche Aspekte</em>. Tallinn University (online-conference), 17-20 September, 2020. The Programme <a href="https://www.tlu.ee/sites/default/files/Baltische%20Erz%C3%A4hl-%20und%20Lebenswelten.%2017.-19.09.2020_0.pdf">https://www.tlu.ee/sites/default/files/Baltische%20Erz%C3%A4hl-%20und%20Lebenswelten.%2017.-19.09.2020_0.pdf</a></p>



<p>Babušytė, D. Es ist noch kein Meister vom Himmel gefallen. Didaktische Überlegungen zur Phraseologievermittlung im DaF-Unterricht. <em>Feste Wortverbindungen in Forschung und Lehre: Phraseologismen, Kollokationen und Verwandtes. In Erinnerung an Saulius Lapinskas</em> (1954–2014). <a></a>Vilnius University, 11-12 October, 2019. The programme <a href="https://www.flf.vu.lt/institutai/91-lt/struktura/institutai/bkki/vfk/3208-feste-wortverbindungen-in-forschung-und-lehre#programm">https://www.flf.vu.lt/institutai/91-lt/struktura/institutai/bkki/vfk/3208-feste-wortverbindungen-in-forschung-und-lehre#programm</a></p>



<p>Babušytė, D. Mehrsprachigkeit als Ressource im Fremdsprachenunterricht. International Conference <em>The factors of Education in modern society</em>. The General Jonas Žemaitis Military Academy of Lithuania, 10 May, 2019.</p>



<p>Babušytė, D. Transferbrücken im Fremdsprachenunterricht. <em>VIII International Scientific Conference on</em><em> Linguistic, Didactic and Sociocultural Aspects of Language Functioning</em>. Lithuanian University of Educational Studies, 3-4 May, 2018.</p>



<p>Babušytė, D. Интеграция новой иноязычной лексики в русском и литовском языках. VI International Scientific Conference „<em>Kalba ir tarpkultūrinė komunikacija</em>“. Lithuanian University of Educational Studies, 19-20 d May, 2017.</p>



<p>Babušytė, D. Internationalismen aus linguistischer und didaktischer Perspektive. International Conference <em>The factors of Education in modern society</em>. The General Jonas Žemaitis Military Academy of Lithuania, 17 December, 2017.</p>



<p>Babušytė, D. Типология заимствований в лексике европейских языков. <em>VII International Scientific Conference on</em><em> Linguistic, Didactic and Sociocultural Aspects of Language Functioning</em>. Lithuanian University of Educational Studies, 5-6 May, 2016.</p>



<p>Babušytė, D. Zur Integration von Fremdwörtern im Litauischen. <em>VII </em><em>International Scientific Conference on</em><em> Linguistic, Didactic and Sociocultural Aspects of Language Functioning</em>. Lithuanian University of Educational Studies, 5-6 May, 2016.</p>



<p>Babušytė, D. К вопросу об англицизмах в литовской и немецкой рекламе. V International Scientific Conference „<em>Kalba ir tarpkultūrinė komunikacija“</em>. Lithuanian University of Educational Studies, 19-23 May, 2015.</p>



<p>Babušytė, D. Konvergenz und Divergenzphänomene in den Wortbeständen der Europäismen. <em>VI International Scientific Conference on </em><em>Linguistic, Didactic and Sociocultural Aspects of Language Functioning</em>. Lithuanian University of Educational Studies, 24-25 April, 2014.</p>



<p>Babušytė, D. Заимствования – обогощение культур и языков разных народов? IV International Scientific Conference „<em>Kalba ir tarpkultūrinė komunikcija”</em>. Lithuanian University of Educational Studies, 15-18 May, 2013.</p>



<p>Babušytė, D. Internationalismen im Fremdsprachenerwerb. <em>V International Scientific Conference on Linguistic, Didactic and Sociocultural Aspects of Language Functioning</em>. Lithuanian University of Educational Studies, 26-27 April, 2012.</p>



<p>Babušytė, D. Das lexikalische Erbe der Sprachen Europas. Europäismen. <em>IV</em> <em>International Scientific Conference </em><em>on </em><em>Linguistic, Didactic and Sociocultural Aspects of Language Functioning</em>. Lithuanian University of Educational Studies, 21-22 October, 2010.</p>



<p>Babušytė, D. K вопросу о европеизмах в современных русском и немецком языках. IX International Scientific Conference „<em>Dialogo erdvės. Literatūrologinis, lingvistinis, didaktinis aspektai</em>“. Lithuanian University of Educational Studies, 22-24 April, 2010.</p>



<p>Babušytė, D. Was ist ein Europäismus? Sprachwissenschaftliche Aspekte seiner Definition. <em>III </em><em>International Scientific Conference </em><em>on</em> <em>Linguistic, Didactic and Sociocultural Aspects of Language Functioning</em>. Lithuanian University of Educational Studies, 25-26 September, 2008.</p>

<p>Babušytė, D., Daunorienė, J. Zur Mehrsprachigkeit im Schulwesen Litauens (16.-19. Jh.) am Beispiel des Vilniusser Gebietes. Jahrestagung der Matthias-Kramer-Gesellschaft Mehrsprachigkeit im Schulwesen der FNZ. University of Bialystok, 27-29 July, 2022. The Programme: https://www.uni-bamberg.de/fileadmin/uni/fakultaeten/ggeo_lehrstuehle/neuere_geschichte/Matthias-Kramer/Programm_Bialystok_27-290722.pdf Babušytė, D. Mehrsprachigkeit und ihr Einsatz beim Deutschlernen. XII. Nordisch-Baltisches Germanistentreffen. University of Iceland (Reykjavik), 8-10 June, 2022. Babušytė, D., Daunorienė, J. [&hellip;]</p>
