{"id":16,"date":"2019-11-28T09:50:15","date_gmt":"2019-11-28T11:50:15","guid":{"rendered":"http:\/\/web.vu.lt\/ff\/v.jonauskas\/?page_id=16"},"modified":"2022-08-10T09:41:45","modified_gmt":"2022-08-10T11:41:45","slug":"publikacijos","status":"publish","type":"page","link":"http:\/\/web.vu.lt\/ff\/v.jonauskas\/publikacijos\/","title":{"rendered":"Publikacijos"},"content":{"rendered":"\r\n<p>nuo 2018 met\u0173<\/p>\r\n\r\n\r\n\r\n<ol>\r\n<li>J. Koncevi\u010di\u016bt\u0117, S. Ku\u010das, \u0160. Masys, A. Kynien\u0117, V. Jonauskas. <em>Electron-impact triple ionization of Se<sup>2+<\/sup>.<\/em> Phys. Rev. A <strong>97<\/strong>, 012705 (2018). DOI: 10.1103\/PhysRevA.97.012705<\/li>\r\n<li>S. Pakalka, S. Ku\u010das, \u0160. Masys, A. Kynien\u0117, A. Momkauskait\u0117, V. Jonauskas. <em>Electron-impact single ionization of the Se<sup>3+<\/sup> ion.<\/em> Phys. Rev. A <strong>97<\/strong>, 012708 (2018). DOI: 10.1103\/PhysRevA.97.012708<\/li>\r\n<li>\u0160. Masys, V. Jonauskas. <em>The Crystalline Structure of Tensile Strained SrRuO<sub>3<\/sub>: A First-Principles Investigation<\/em>. Crystal Growth &amp; Design <strong>18<\/strong>, 3397 (2018). DOI: 10.1021\/acs.cgd.8b00113<\/li>\r\n<li>A. Kynien\u0117, G. Merkelis, A. \u0160ukys, \u0160. Masys, S. Pakalka, R. Kisielius, V. Jonauskas, <em>Maxwellian rate coefficients for electron-impact ionization of W<sup>26+<\/sup><\/em>, J. Phys. B: At. Mol. Opt. Phys. <strong>51<\/strong>, 155202 (2018). DOI: 10.1088\/1361-6455\/aacd87<\/li>\r\n<li>V. Jonauskas, <em>Electron-impact double ionization of the carbon atom<\/em>, Astronomy &amp; Astrophysics <strong>620<\/strong>, A188 (2018). DOI: 10.1051\/0004-6361\/201834303<\/li>\r\n<li>K. M. Aggarwal, P. Bogdanovich, R. Karpu\u0161kien\u0117, F. P. Keenan, R. Kisielius. <em>Energy levels and radiative rates for transitions in Cr-like Kr XIII, Tc XX and Xe XXXI<\/em>. Atomic Data and Nuclear Data Tables 120, 263 (2018). DOI: 10.1016\/j.adt.2017.05.002<\/li>\r\n<li>J. Koncevi\u010di\u016bt\u0117, S. Ku\u010das, A. Kynien\u0117, \u0160. Masys, V. Jonauskas, <em>Electron-impact double and triple ionization of Se<sup>3+<\/sup><\/em>, J. Phys. B: At. Mol. Opt. Phys. <strong>52<\/strong>, 025203 (2019). DOI: 10.1088\/1361-6455\/aaf3e6<\/li>\r\n<li>A. Kynien\u0117, S. Ku\u010das, \u0160. Masys, V. Jonauskas. <em>Electron-impact ionization of Fe<sup>8+<\/sup><\/em>, Astronomy &amp; Astrophysics <strong>624<\/strong>, A14 (2019). DOI: 10.1051\/0004-6361\/201833762<\/li>\r\n<li>V. Jonauskas, \u0160. Masys. <em>Double- and triple-Auger processes in C<sup>+<\/sup><\/em>, J. Quantitative Spectroscopy and Radiative Transfer <strong>229<\/strong>, 11 (2019). DOI: 10.1016\/j.jqsrt.2019.02.032<\/li>\r\n<li>\u0160. Masys, Z. Rinkevicius, J. Tamulien\u0117. <em>Electronic g-tensors of nanodiamonds: Dependence on the size, shape, and surface functionalization<\/em>. J. Chem. Phys. <strong>151<\/strong>, 144305 (2019). DOI: 10.1063\/1.5121849<\/li>\r\n<li>\u0160. Masys, Z. Rinkevicius, J. Tamulien\u0117. <em>On the magnetic properties of nanodiamonds: Electronic g-tensor calculations<\/em>. J. Chem. Phys. <strong>151<\/strong>, 044305 (2019). DOI: 10.1063\/1.5111024<\/li>\r\n<li>R. Karpu\u0161kien\u0117, R. Kisielius. <em>Theoretical level energies and transition data for 4p<sup>6<\/sup> 4d<sup>5<\/sup>, 4p<sup>5<\/sup> 4d<sup>6<\/sup> and 4p<sup>6<\/sup> 4d<sup>4<\/sup> 4f configurations of W<sup>33+<\/sup> ion<\/em>, Atomic Data and Nuclear Data Tables <strong>125<\/strong>, 287 (2019). DOI: 10.1016\/j.adt.2018.04.002<\/li>\r\n<li>A. Kynien\u0117, S. Ku\u010das, S. Pakalka, \u0160. Masys, V. Jonauskas. <em>Electron-impact single ionization of Fe<\/em><sup><em>3+<\/em><\/sup><em> from the ground and metastable states<\/em>. Phys. Rev. A <strong>100<\/strong>, 052705 (2019).<\/li>\r\n<li>S. Ku\u010das, P. Drabu\u017einkskis, A. Kynien\u0117, \u0160. Masy<strong>s<\/strong>, V. Jonauskas. <em>Evolution of radiative and Auger cascades following 2s vacancy creation in Fe<\/em><sup><em>2+<\/em><\/sup>. J. Phys. B: At. Mol. Opt. Phys. <strong>52<\/strong>, 225001 (2019). DOI: 10.1088\/1361-6455\/ab46fa<\/li>\r\n<li>V. Jonauskas. <em>Electron-impact ionization of Sn<sup>4+<\/sup><\/em>. J. Quantitative Spectroscopy and Radiative Transfer <strong>239<\/strong>, 106659 (2019). DOI: 10.1016\/j.jqsrt.2019.106659<\/li>\r\n<li>V. Jonauskas, A. Kynien\u0117, S. Ku\u010das, S. Pakalka, \u0160. Masys, A. Prancikevi\u010dius, A. Borovik, Jr., M. F. Gharaibeh, S. Schippers, and A. M\u00fcller. <em>Electron-impact ionization of W<sup>5+<\/sup><\/em>, Phys. Rev. A <strong>100<\/strong>, 062701 (2019). DOI: 10.1103\/PhysRevA.100.062701<\/li>\r\n<li>V. Jonauskas, <em>Electron impact single ionization for Si atom<\/em>, Atomic Data and Nuclear Data Tables <strong>135\u2013136<\/strong>, 101363 (2020). DOI: 10.1016\/j.adt.2020.101363<\/li>\r\n<li>S. Ku\u010das, P. Drabu\u017einskis, V. Jonauskas, <em>Radiative and Auger cascade following vacancy creation in Fe<sup>2\uff0b<\/sup><\/em>, Atomic Data and Nuclear Data Tables <strong>135\u2013136<\/strong>, 101357, (2020). DOI: 10.1016\/j.adt.2020.101357<\/li>\r\n<li>V. Jonauskas, <em>Electron-impact single ionization of Si<sup>+<\/sup><\/em>, Astronomy &amp; Astrophysics <strong>642<\/strong>, A185 (2020). DOI: 10.1051\/0004-6361\/202038266<\/li>\r\n<li>S. Ku\u010das, A Kynien\u0117, \u0160. Masys, V. Jonauskas, <em>Multiple photoionization cross sections for Fe<sup>2+<\/sup> K shell<\/em>, Astronomy &amp; Astrophysics <strong>643<\/strong>, A46 (2020). DOI: 10.1051\/0004-6361\/202038762<\/li>\r\n<li>R. Karpu\u0161kien\u0117, R. Kisielius, <em>Theoretical level energies and transition data for ion W<sup>28+<\/sup><\/em>, Atomic Data and Nuclear Data Tables <strong>132<\/strong>, 101309 (2020). DOI: 10.1016\/j.adt.2019.101309<\/li>\r\n<li>\u0160. Masys, Z. Rinkevi\u010dius, J. Tamulien\u0117, <em>Computational study on the electronic g-tensors of hydrophilic and hydrophobic nanodiamonds interacting with water<\/em>, Journal of Chemical Physics <strong>152<\/strong>, 144302 (2020). DOI: 10.1063\/5.0001485<\/li>\r\n<li>R. Karpu\u0161kien\u0117, R. Kisielius, <em>Theoretical level energies and transition data for ion W29+<\/em>, Atomic Data and Nuclear Data Tables <strong>137<\/strong>, 101383 (2020). DOI: 10.1016\/j.adt.2020.101383<\/li>\r\n<li>\u0160. Masys, V. Jonauskas, \u017d. Rinkevi\u010dius, <em>Electronic g-tensor calculations for dangling bonds in nanodiamonds<\/em>, J. Phys. Chemistry A <strong>125<\/strong>, 8249-8260 (2021). DOI: 10.1021\/acs.jpca.1c06253<\/li>\r\n<li>J. Koncevi\u010di\u016bt\u0117, V. Jonauskas, <em>Electron-impact single, double, and triple ionization of B<sup>+<\/sup><\/em>, Phys. Rev. A <strong>104<\/strong>, 042804 (2021). DOI: 10.1103\/PhysRevA.104.042804<\/li>\r\n<li>S. Ku\u010das, A. Kynien\u0117, \u0160. Masys, V. Jonauskas, <em>Multiple photoionization for the K shell in the Fe atom<\/em>, Astronomy &amp; Astrophysics <strong>654<\/strong>, A74 (2021). DOI: 10.1051\/0004-6361\/202038762<\/li>\r\n<li>A. Kynien\u0117, S. Ku\u010das, \u0160. Masys, V. Jonauskas, <em>Electron-impact ionization for the levels of Fe<sup>3+<\/sup><\/em>, Atomic Data and Nuclear Data Tables <strong>142<\/strong>, 101445 (2021). DOI: 10.1016\/j.adt.2021.101445<\/li>\r\n<li>A. Kynien\u0117, V. Jonauskas, <em>Electron-impact ionization of Ar<sup>2+<\/sup><\/em>, Astronomy &amp; Astrophysics <strong>656<\/strong>, A79 (2021). DOI: 10.1051\/0004-6361\/202141185<\/li>\r\n<li>V. Jonauskas, <em>Electron-impact single ionization of the nitrogen atom<\/em>, Astronomy &amp; Astrophysics <strong>659<\/strong>, A11 (2022). DOI: 10.1051\/0004-6361\/202141801<\/li>\r\n<li>S. Ku\u010das, A. Momkauskait\u0117, A. Kynien\u0117, \u0160. Masys, V. Jonauskas, <em>Evaluation of radiative and Auger electron emission following K-shell vacancy creation in iodine<\/em>, J. Quantitative Spectroscopy and Radiative Transfer <strong>288<\/strong>, 108249 (2022). DOI: 10.1016\/j.jqsrt.2022.108249<\/li>\r\n<li>S. Ku\u010das, A. Kynien\u0117, \u0160. Masys, V. Jonauskas, <em>Multiple photoionization for the 2p subshell in the iron atom<\/em>, Mon. Not. R. Astron. Soc. <strong>514<\/strong>, 1879\u20131885 (2022). DOI: 10.1093\/mnras\/stac1309<\/li>\r\n<li>R. Karpu\u0161kien\u0117, R. Kisielius, <em>Theoretical level energies and transition data for 4p(6)4d(8), 4p(5)4d(9) and 4p(6)4d(7)4f configurations of W<sup>30+<\/sup> ion<\/em>, Atomic Data and Nuclear Data Tables <strong>143<\/strong>, 101478 (2022). DOI: 10.1016\/j.adt.2021.101478<\/li>\r\n<\/ol>\r\n\r\n\r\n\r\n<p>&nbsp;<\/p>\r\n","protected":false},"excerpt":{"rendered":"<p>nuo 2018 met\u0173 J. Koncevi\u010di\u016bt\u0117, S. Ku\u010das, \u0160. Masys, A. Kynien\u0117, V. Jonauskas. Electron-impact triple ionization of Se2+. Phys. Rev. A 97, 012705 (2018). DOI: 10.1103\/PhysRevA.97.012705 S. Pakalka, S. Ku\u010das, \u0160. Masys, A. Kynien\u0117, A. Momkauskait\u0117, V. Jonauskas. Electron-impact single ionization of the Se3+ ion. Phys. Rev. A 97, 012708 (2018). DOI: 10.1103\/PhysRevA.97.012708 \u0160. Masys, [&hellip;]<\/p>\n","protected":false},"author":1,"featured_media":0,"parent":0,"menu_order":0,"comment_status":"closed","ping_status":"closed","template":"","meta":[],"_links":{"self":[{"href":"http:\/\/web.vu.lt\/ff\/v.jonauskas\/wp-json\/wp\/v2\/pages\/16"}],"collection":[{"href":"http:\/\/web.vu.lt\/ff\/v.jonauskas\/wp-json\/wp\/v2\/pages"}],"about":[{"href":"http:\/\/web.vu.lt\/ff\/v.jonauskas\/wp-json\/wp\/v2\/types\/page"}],"author":[{"embeddable":true,"href":"http:\/\/web.vu.lt\/ff\/v.jonauskas\/wp-json\/wp\/v2\/users\/1"}],"replies":[{"embeddable":true,"href":"http:\/\/web.vu.lt\/ff\/v.jonauskas\/wp-json\/wp\/v2\/comments?post=16"}],"version-history":[{"count":17,"href":"http:\/\/web.vu.lt\/ff\/v.jonauskas\/wp-json\/wp\/v2\/pages\/16\/revisions"}],"predecessor-version":[{"id":100,"href":"http:\/\/web.vu.lt\/ff\/v.jonauskas\/wp-json\/wp\/v2\/pages\/16\/revisions\/100"}],"wp:attachment":[{"href":"http:\/\/web.vu.lt\/ff\/v.jonauskas\/wp-json\/wp\/v2\/media?parent=16"}],"curies":[{"name":"wp","href":"https:\/\/api.w.org\/{rel}","templated":true}]}}