{"id":6,"date":"2017-05-25T07:47:22","date_gmt":"2017-05-25T09:47:22","guid":{"rendered":"http:\/\/web.vu.lt\/ff\/l.tumonis\/?page_id=6"},"modified":"2021-08-31T18:11:50","modified_gmt":"2021-08-31T20:11:50","slug":"kontaktai","status":"publish","type":"page","link":"http:\/\/web.vu.lt\/ff\/l.tumonis\/kontaktai\/","title":{"rendered":"Kontaktai"},"content":{"rendered":"<p>Susisiekti su manimi galite atvyk\u0119 \u012f\u00a0Saul\u0117tekio al. 3, A 309 kabinet\u0105.<\/p>\n<p>Mano tarnybinio tel. numeris yra (8-5)\u00a02234558.<\/p>\n<p>Tarnybinio el. pa\u0161to adresas: liudas.tumonis \u201e@\u201c\u00a0ff.vu.lt.<\/p>\n<p>Studentai ir student\u0117s, prijau\u010diantys kosmin\u0117ms technologijoms o ypa\u010d nerandantys kur realizuotis \u0161ioje srityje, mielai kvie\u010diami u\u017eeiti \u012f kabinet\u0105 pasikalb\u0117ti!<\/p>\n","protected":false},"excerpt":{"rendered":"<p>Susisiekti su manimi galite atvyk\u0119 \u012f\u00a0Saul\u0117tekio al. 3, A 309 kabinet\u0105. Mano tarnybinio tel. numeris yra (8-5)\u00a02234558. Tarnybinio el. pa\u0161to adresas: liudas.tumonis \u201e@\u201c\u00a0ff.vu.lt. Studentai ir student\u0117s, prijau\u010diantys kosmin\u0117ms technologijoms o ypa\u010d nerandantys kur realizuotis \u0161ioje srityje, mielai kvie\u010diami u\u017eeiti \u012f kabinet\u0105 pasikalb\u0117ti!<\/p>\n","protected":false},"author":1,"featured_media":0,"parent":0,"menu_order":0,"comment_status":"closed","ping_status":"closed","template":"","meta":[],"_links":{"self":[{"href":"http:\/\/web.vu.lt\/ff\/l.tumonis\/wp-json\/wp\/v2\/pages\/6"}],"collection":[{"href":"http:\/\/web.vu.lt\/ff\/l.tumonis\/wp-json\/wp\/v2\/pages"}],"about":[{"href":"http:\/\/web.vu.lt\/ff\/l.tumonis\/wp-json\/wp\/v2\/types\/page"}],"author":[{"embeddable":true,"href":"http:\/\/web.vu.lt\/ff\/l.tumonis\/wp-json\/wp\/v2\/users\/1"}],"replies":[{"embeddable":true,"href":"http:\/\/web.vu.lt\/ff\/l.tumonis\/wp-json\/wp\/v2\/comments?post=6"}],"version-history":[{"count":5,"href":"http:\/\/web.vu.lt\/ff\/l.tumonis\/wp-json\/wp\/v2\/pages\/6\/revisions"}],"predecessor-version":[{"id":31,"href":"http:\/\/web.vu.lt\/ff\/l.tumonis\/wp-json\/wp\/v2\/pages\/6\/revisions\/31"}],"wp:attachment":[{"href":"http:\/\/web.vu.lt\/ff\/l.tumonis\/wp-json\/wp\/v2\/media?parent=6"}],"curies":[{"name":"wp","href":"https:\/\/api.w.org\/{rel}","templated":true}]}}