{"id":11,"date":"2017-05-25T07:54:49","date_gmt":"2017-05-25T09:54:49","guid":{"rendered":"http:\/\/web.vu.lt\/ff\/l.tumonis\/?page_id=11"},"modified":"2021-08-31T18:08:30","modified_gmt":"2021-08-31T20:08:30","slug":"apie-mane","status":"publish","type":"page","link":"http:\/\/web.vu.lt\/ff\/l.tumonis\/","title":{"rendered":"Apie mane"},"content":{"rendered":"<p>Esu Vilniaus universiteto Fizikos fakulteto Chemin\u0117s fizikos instituto vyresnysis mokslo darbuotojas dr. Liudas Tumonis. Pagrindin\u0117 mano dom\u0117jimosi sritis &#8211; kosmin\u0117s technologijos.<\/p>\n\n\n<p><\/p>\n","protected":false},"excerpt":{"rendered":"<p>Esu Vilniaus universiteto Fizikos fakulteto Chemin\u0117s fizikos instituto vyresnysis mokslo darbuotojas dr. Liudas Tumonis. Pagrindin\u0117 mano dom\u0117jimosi sritis &#8211; kosmin\u0117s technologijos.<\/p>\n","protected":false},"author":1,"featured_media":0,"parent":0,"menu_order":0,"comment_status":"closed","ping_status":"closed","template":"","meta":[],"_links":{"self":[{"href":"http:\/\/web.vu.lt\/ff\/l.tumonis\/wp-json\/wp\/v2\/pages\/11"}],"collection":[{"href":"http:\/\/web.vu.lt\/ff\/l.tumonis\/wp-json\/wp\/v2\/pages"}],"about":[{"href":"http:\/\/web.vu.lt\/ff\/l.tumonis\/wp-json\/wp\/v2\/types\/page"}],"author":[{"embeddable":true,"href":"http:\/\/web.vu.lt\/ff\/l.tumonis\/wp-json\/wp\/v2\/users\/1"}],"replies":[{"embeddable":true,"href":"http:\/\/web.vu.lt\/ff\/l.tumonis\/wp-json\/wp\/v2\/comments?post=11"}],"version-history":[{"count":5,"href":"http:\/\/web.vu.lt\/ff\/l.tumonis\/wp-json\/wp\/v2\/pages\/11\/revisions"}],"predecessor-version":[{"id":28,"href":"http:\/\/web.vu.lt\/ff\/l.tumonis\/wp-json\/wp\/v2\/pages\/11\/revisions\/28"}],"wp:attachment":[{"href":"http:\/\/web.vu.lt\/ff\/l.tumonis\/wp-json\/wp\/v2\/media?parent=11"}],"curies":[{"name":"wp","href":"https:\/\/api.w.org\/{rel}","templated":true}]}}